{"id":1697,"date":"2022-07-19T09:43:31","date_gmt":"2022-07-19T09:43:31","guid":{"rendered":"https:\/\/torrespardo.com\/events\/42-congreso-semcpt-sociedad-espanola-de-medicina-y-cirugia-de-pie-y-tobillo\/"},"modified":"2022-07-19T09:43:31","modified_gmt":"2022-07-19T09:43:31","slug":"42-congreso-semcpt-sociedad-espanola-de-medicina-y-cirugia-de-pie-y-tobillo","status":"publish","type":"mec-events","link":"https:\/\/torrespardo.com\/en\/events\/42-congreso-semcpt-sociedad-espanola-de-medicina-y-cirugia-de-pie-y-tobillo\/","title":{"rendered":"42 CONGRESO SEMCPT | Sociedad Espa\u00f1ola de Medicina y Cirug\u00eda de Pie y Tobillo"},"content":{"rendered":"<p class=\"p1\"><span class=\"s1\"><b>Presidente del Congreso<br \/>\n<\/b><\/span>Enrique Mart\u00ednez Gim\u00e9nez<\/p>\n<p class=\"p1\"><span class=\"s1\"><b>Web<br \/>\n<\/b><\/span><a href=\"http:\/\/www.semcpt.es\">www.semcpt.es<\/a><br \/>\n<a href=\"http:\/\/www.congresos-semcpt.com\">www.congresos-semcpt.com<\/a><\/p>\n<p class=\"p1\"><span class=\"s1\"><b>Secretar\u00eda T\u00e9cnica<br \/>\n<\/b><\/span>Torres Pardo<br \/>\nC\/ N\u00e0pols 187, 2<span class=\"s2\">\u00aa<\/span> &#8211; 08013 Barcelona<br \/>\nTel. 93 246 35 66<br \/>\n<a href=\"mailto:e.torres@torrespardo.com\">e.torres@torrespardo.com<\/a><\/p>\n<p>&nbsp;<\/p>\n","protected":false},"excerpt":{"rendered":"<p>Presidente del Congreso Enrique Mart\u00ednez Gim\u00e9nez Web www.semcpt.es www.congresos-semcpt.com Secretar\u00eda T\u00e9cnica Torres Pardo C\/ N\u00e0pols 187, 2\u00aa &#8211; 08013 Barcelona Tel. 93 246 35 66 e.torres@torrespardo.com &nbsp;<\/p>\n","protected":false},"author":1,"featured_media":0,"comment_status":"open","ping_status":"closed","template":"","tags":[],"mec_category":[],"class_list":["post-1697","mec-events","type-mec-events","status-publish","hentry"],"yoast_head":"<!-- This site is optimized with the Yoast SEO plugin v27.5 - https:\/\/yoast.com\/product\/yoast-seo-wordpress\/ -->\n<title>42 CONGRESO SEMCPT | Sociedad Espa\u00f1ola de Medicina y Cirug\u00eda de Pie y Tobillo - Torres Pardo<\/title>\n<meta name=\"robots\" content=\"index, follow, max-snippet:-1, max-image-preview:large, max-video-preview:-1\" \/>\n<link rel=\"canonical\" href=\"https:\/\/torrespardo.com\/en\/events\/42-congreso-semcpt-sociedad-espanola-de-medicina-y-cirugia-de-pie-y-tobillo\/\" \/>\n<meta property=\"og:locale\" content=\"en_US\" \/>\n<meta property=\"og:type\" content=\"article\" \/>\n<meta property=\"og:title\" content=\"42 CONGRESO SEMCPT | Sociedad Espa\u00f1ola de Medicina y Cirug\u00eda de Pie y Tobillo - Torres Pardo\" \/>\n<meta property=\"og:description\" content=\"Presidente del Congreso Enrique Mart\u00ednez Gim\u00e9nez Web www.semcpt.es www.congresos-semcpt.com Secretar\u00eda T\u00e9cnica Torres Pardo C\/ N\u00e0pols 187, 2\u00aa &#8211; 08013 Barcelona Tel. 93 246 35 66 e.torres@torrespardo.com &nbsp;\" \/>\n<meta property=\"og:url\" content=\"https:\/\/torrespardo.com\/en\/events\/42-congreso-semcpt-sociedad-espanola-de-medicina-y-cirugia-de-pie-y-tobillo\/\" \/>\n<meta property=\"og:site_name\" content=\"Torres Pardo\" \/>\n<meta name=\"twitter:card\" content=\"summary_large_image\" \/>\n<script type=\"application\/ld+json\" class=\"yoast-schema-graph\">{\"@context\":\"https:\\\/\\\/schema.org\",\"@graph\":[{\"@type\":\"WebPage\",\"@id\":\"https:\\\/\\\/torrespardo.com\\\/en\\\/events\\\/42-congreso-semcpt-sociedad-espanola-de-medicina-y-cirugia-de-pie-y-tobillo\\\/\",\"url\":\"https:\\\/\\\/torrespardo.com\\\/en\\\/events\\\/42-congreso-semcpt-sociedad-espanola-de-medicina-y-cirugia-de-pie-y-tobillo\\\/\",\"name\":\"42 CONGRESO SEMCPT | Sociedad Espa\u00f1ola de Medicina y Cirug\u00eda de Pie y Tobillo - Torres Pardo\",\"isPartOf\":{\"@id\":\"https:\\\/\\\/torrespardo.com\\\/#website\"},\"datePublished\":\"2022-07-19T09:43:31+00:00\",\"breadcrumb\":{\"@id\":\"https:\\\/\\\/torrespardo.com\\\/en\\\/events\\\/42-congreso-semcpt-sociedad-espanola-de-medicina-y-cirugia-de-pie-y-tobillo\\\/#breadcrumb\"},\"inLanguage\":\"en-US\",\"potentialAction\":[{\"@type\":\"ReadAction\",\"target\":[\"https:\\\/\\\/torrespardo.com\\\/en\\\/events\\\/42-congreso-semcpt-sociedad-espanola-de-medicina-y-cirugia-de-pie-y-tobillo\\\/\"]}]},{\"@type\":\"BreadcrumbList\",\"@id\":\"https:\\\/\\\/torrespardo.com\\\/en\\\/events\\\/42-congreso-semcpt-sociedad-espanola-de-medicina-y-cirugia-de-pie-y-tobillo\\\/#breadcrumb\",\"itemListElement\":[{\"@type\":\"ListItem\",\"position\":1,\"name\":\"Portada\",\"item\":\"https:\\\/\\\/torrespardo.com\\\/en\\\/\"},{\"@type\":\"ListItem\",\"position\":2,\"name\":\"Eventos\",\"item\":\"https:\\\/\\\/torrespardo.com\\\/events\\\/\"},{\"@type\":\"ListItem\",\"position\":3,\"name\":\"42 CONGRESO SEMCPT | Sociedad Espa\u00f1ola de Medicina y Cirug\u00eda de Pie y Tobillo\"}]},{\"@type\":\"WebSite\",\"@id\":\"https:\\\/\\\/torrespardo.com\\\/#website\",\"url\":\"https:\\\/\\\/torrespardo.com\\\/\",\"name\":\"Torres Pardo\",\"description\":\"Congress Management\",\"potentialAction\":[{\"@type\":\"SearchAction\",\"target\":{\"@type\":\"EntryPoint\",\"urlTemplate\":\"https:\\\/\\\/torrespardo.com\\\/?s={search_term_string}\"},\"query-input\":{\"@type\":\"PropertyValueSpecification\",\"valueRequired\":true,\"valueName\":\"search_term_string\"}}],\"inLanguage\":\"en-US\"}]}<\/script>\n<!-- \/ Yoast SEO plugin. -->","yoast_head_json":{"title":"42 CONGRESO SEMCPT | Sociedad Espa\u00f1ola de Medicina y Cirug\u00eda de Pie y Tobillo - Torres Pardo","robots":{"index":"index","follow":"follow","max-snippet":"max-snippet:-1","max-image-preview":"max-image-preview:large","max-video-preview":"max-video-preview:-1"},"canonical":"https:\/\/torrespardo.com\/en\/events\/42-congreso-semcpt-sociedad-espanola-de-medicina-y-cirugia-de-pie-y-tobillo\/","og_locale":"en_US","og_type":"article","og_title":"42 CONGRESO SEMCPT | Sociedad Espa\u00f1ola de Medicina y Cirug\u00eda de Pie y Tobillo - Torres Pardo","og_description":"Presidente del Congreso Enrique Mart\u00ednez Gim\u00e9nez Web www.semcpt.es www.congresos-semcpt.com Secretar\u00eda T\u00e9cnica Torres Pardo C\/ N\u00e0pols 187, 2\u00aa &#8211; 08013 Barcelona Tel. 93 246 35 66 e.torres@torrespardo.com &nbsp;","og_url":"https:\/\/torrespardo.com\/en\/events\/42-congreso-semcpt-sociedad-espanola-de-medicina-y-cirugia-de-pie-y-tobillo\/","og_site_name":"Torres Pardo","twitter_card":"summary_large_image","schema":{"@context":"https:\/\/schema.org","@graph":[{"@type":"WebPage","@id":"https:\/\/torrespardo.com\/en\/events\/42-congreso-semcpt-sociedad-espanola-de-medicina-y-cirugia-de-pie-y-tobillo\/","url":"https:\/\/torrespardo.com\/en\/events\/42-congreso-semcpt-sociedad-espanola-de-medicina-y-cirugia-de-pie-y-tobillo\/","name":"42 CONGRESO SEMCPT | Sociedad Espa\u00f1ola de Medicina y Cirug\u00eda de Pie y Tobillo - Torres Pardo","isPartOf":{"@id":"https:\/\/torrespardo.com\/#website"},"datePublished":"2022-07-19T09:43:31+00:00","breadcrumb":{"@id":"https:\/\/torrespardo.com\/en\/events\/42-congreso-semcpt-sociedad-espanola-de-medicina-y-cirugia-de-pie-y-tobillo\/#breadcrumb"},"inLanguage":"en-US","potentialAction":[{"@type":"ReadAction","target":["https:\/\/torrespardo.com\/en\/events\/42-congreso-semcpt-sociedad-espanola-de-medicina-y-cirugia-de-pie-y-tobillo\/"]}]},{"@type":"BreadcrumbList","@id":"https:\/\/torrespardo.com\/en\/events\/42-congreso-semcpt-sociedad-espanola-de-medicina-y-cirugia-de-pie-y-tobillo\/#breadcrumb","itemListElement":[{"@type":"ListItem","position":1,"name":"Portada","item":"https:\/\/torrespardo.com\/en\/"},{"@type":"ListItem","position":2,"name":"Eventos","item":"https:\/\/torrespardo.com\/events\/"},{"@type":"ListItem","position":3,"name":"42 CONGRESO SEMCPT | Sociedad Espa\u00f1ola de Medicina y Cirug\u00eda de Pie y Tobillo"}]},{"@type":"WebSite","@id":"https:\/\/torrespardo.com\/#website","url":"https:\/\/torrespardo.com\/","name":"Torres Pardo","description":"Congress Management","potentialAction":[{"@type":"SearchAction","target":{"@type":"EntryPoint","urlTemplate":"https:\/\/torrespardo.com\/?s={search_term_string}"},"query-input":{"@type":"PropertyValueSpecification","valueRequired":true,"valueName":"search_term_string"}}],"inLanguage":"en-US"}]}},"_links":{"self":[{"href":"https:\/\/torrespardo.com\/en\/wp-json\/wp\/v2\/mec-events\/1697","targetHints":{"allow":["GET"]}}],"collection":[{"href":"https:\/\/torrespardo.com\/en\/wp-json\/wp\/v2\/mec-events"}],"about":[{"href":"https:\/\/torrespardo.com\/en\/wp-json\/wp\/v2\/types\/mec-events"}],"author":[{"embeddable":true,"href":"https:\/\/torrespardo.com\/en\/wp-json\/wp\/v2\/users\/1"}],"replies":[{"embeddable":true,"href":"https:\/\/torrespardo.com\/en\/wp-json\/wp\/v2\/comments?post=1697"}],"wp:attachment":[{"href":"https:\/\/torrespardo.com\/en\/wp-json\/wp\/v2\/media?parent=1697"}],"wp:term":[{"taxonomy":"post_tag","embeddable":true,"href":"https:\/\/torrespardo.com\/en\/wp-json\/wp\/v2\/tags?post=1697"},{"taxonomy":"mec_category","embeddable":true,"href":"https:\/\/torrespardo.com\/en\/wp-json\/wp\/v2\/mec_category?post=1697"}],"curies":[{"name":"wp","href":"https:\/\/api.w.org\/{rel}","templated":true}]}}

42 CONGRESO SEMCPT | Sociedad Española de Medicina y Cirugía de Pie y Tobillo

<p class="p1"><span class="s1"><b>Presidente del Congreso<br />
</b></span>Enrique Martínez Giménez</p>
<p class="p1"><span class="s1"><b>Web<br />
</b></span><a href="http://www.semcpt.es">www.semcpt.es</a><br />
<a href="http://www.congresos-semcpt.com">www.congresos-semcpt.com</a></p>
<p class="p1"><span class="s1"><b>Secretaría Técnica<br />
</b></span>Torres Pardo<br />
C/ Nàpols 187, 2<span class="s2">ª</span> &#8211; 08013 Barcelona<br />
Tel. 93 246 35 66<br />
<a href="mailto:e.torres@torrespardo.com">e.torres@torrespardo.com</a></p>
<p>&nbsp;</p>

<p>Presidente del Congreso Enrique Martínez Giménez Web www.semcpt.es www.congresos-semcpt.com Secretaría Técnica Torres Pardo C/ Nàpols 187, 2ª &#8211; 08013 Barcelona Tel. 93 246 35 66 e.torres@torrespardo.com &nbsp;</p>

<!-- This site is optimized with the Yoast SEO plugin v27.5 - https://yoast.com/product/yoast-seo-wordpress/ -->
<title>42 CONGRESO SEMCPT | Sociedad Española de Medicina y Cirugía de Pie y Tobillo - Torres Pardo</title>
<meta name="robots" content="index, follow, max-snippet:-1, max-image-preview:large, max-video-preview:-1" />
<link rel="canonical" href="https://torrespardo.com/en/events/42-congreso-semcpt-sociedad-espanola-de-medicina-y-cirugia-de-pie-y-tobillo/" />
<meta property="og:locale" content="en_US" />
<meta property="og:type" content="article" />
<meta property="og:title" content="42 CONGRESO SEMCPT | Sociedad Española de Medicina y Cirugía de Pie y Tobillo - Torres Pardo" />
<meta property="og:description" content="Presidente del Congreso Enrique Martínez Giménez Web www.semcpt.es www.congresos-semcpt.com Secretaría Técnica Torres Pardo C/ Nàpols 187, 2ª &#8211; 08013 Barcelona Tel. 93 246 35 66 e.torres@torrespardo.com &nbsp;" />
<meta property="og:url" content="https://torrespardo.com/en/events/42-congreso-semcpt-sociedad-espanola-de-medicina-y-cirugia-de-pie-y-tobillo/" />
<meta property="og:site_name" content="Torres Pardo" />
<meta name="twitter:card" content="summary_large_image" />
<script type="application/ld+json" class="yoast-schema-graph">{"@context":"https:\/\/schema.org","@graph":[{"@type":"WebPage","@id":"https:\/\/torrespardo.com\/en\/events\/42-congreso-semcpt-sociedad-espanola-de-medicina-y-cirugia-de-pie-y-tobillo\/","url":"https:\/\/torrespardo.com\/en\/events\/42-congreso-semcpt-sociedad-espanola-de-medicina-y-cirugia-de-pie-y-tobillo\/","name":"42 CONGRESO SEMCPT | Sociedad Española de Medicina y Cirugía de Pie y Tobillo - Torres Pardo","isPartOf":{"@id":"https:\/\/torrespardo.com\/#website"},"datePublished":"2022-07-19T09:43:31+00:00","breadcrumb":{"@id":"https:\/\/torrespardo.com\/en\/events\/42-congreso-semcpt-sociedad-espanola-de-medicina-y-cirugia-de-pie-y-tobillo\/#breadcrumb"},"inLanguage":"en-US","potentialAction":[{"@type":"ReadAction","target":["https:\/\/torrespardo.com\/en\/events\/42-congreso-semcpt-sociedad-espanola-de-medicina-y-cirugia-de-pie-y-tobillo\/"]}]},{"@type":"BreadcrumbList","@id":"https:\/\/torrespardo.com\/en\/events\/42-congreso-semcpt-sociedad-espanola-de-medicina-y-cirugia-de-pie-y-tobillo\/#breadcrumb","itemListElement":[{"@type":"ListItem","position":1,"name":"Portada","item":"https:\/\/torrespardo.com\/en\/"},{"@type":"ListItem","position":2,"name":"Eventos","item":"https:\/\/torrespardo.com\/events\/"},{"@type":"ListItem","position":3,"name":"42 CONGRESO SEMCPT | Sociedad Española de Medicina y Cirugía de Pie y Tobillo"}]},{"@type":"WebSite","@id":"https:\/\/torrespardo.com\/#website","url":"https:\/\/torrespardo.com\/","name":"Torres Pardo","description":"Congress Management","potentialAction":[{"@type":"SearchAction","target":{"@type":"EntryPoint","urlTemplate":"https:\/\/torrespardo.com\/?s={search_term_string}"},"query-input":{"@type":"PropertyValueSpecification","valueRequired":true,"valueName":"search_term_string"}}],"inLanguage":"en-US"}]}</script>
<!-- / Yoast SEO plugin. -->

42 CONGRESO SEMCPT | Sociedad Española de Medicina y Cirugía de Pie y Tobillo - Torres Pardo

Presidente del Congreso Enrique Martínez Giménez Web www.semcpt.es www.congresos-semcpt.com Secretaría Técnica Torres Pardo C/ Nàpols 187, 2ª &#8211; 08013 Barcelona Tel. 93 246 35 66 e.torres@torrespardo.com &nbsp;
