{"id":1738,"date":"2022-07-19T09:43:53","date_gmt":"2022-07-19T09:43:53","guid":{"rendered":"https:\/\/torrespardo.com\/events\/i-curso-semcpt-de-ecografia-en-pie-y-tobillo-aplazado-pendiente-fecha\/"},"modified":"2022-07-19T09:43:53","modified_gmt":"2022-07-19T09:43:53","slug":"i-curso-semcpt-de-ecografia-en-pie-y-tobillo-aplazado-pendiente-fecha","status":"publish","type":"mec-events","link":"https:\/\/torrespardo.com\/en\/events\/i-curso-semcpt-de-ecografia-en-pie-y-tobillo-aplazado-pendiente-fecha\/","title":{"rendered":"I CURSO SEMCPT  DE ECOGRAF\u00cdA  EN PIE Y TOBILLO &#8211; APLAZADO PENDIENTE FECHA"},"content":{"rendered":"<p><span style=\"color: #ff0000;\"><strong>Siguiendo las recomendaciones del Ministerio de Sanidad, Consumo y Bienestar Social sentimos comunicaros la suspensi\u00f3n del curso.<\/strong><\/span><\/p>\n<p><span style=\"color: #ff0000;\"><strong>Lamentamos los problemas que os pueda generar esta decisi\u00f3n, tomada de manera consensuada con las autoridades sanitarias del pa\u00eds. La salud por encima de todo, como asistenciales y gestores no se puede responder de otra manera.<\/strong><\/span><\/p>\n<p><span style=\"color: #ff0000;\"><strong>Pr\u00f3ximamente os comunicaremos la nueva fecha de celebraci\u00f3n, y a buen seguro lejos de este momento sanitario de pa\u00eds.<\/strong><\/span><\/p>\n<p>&nbsp;<\/p>\n<p><strong>Fechas<\/strong><br \/>\n20 y 21 de marzo de 2020<\/p>\n<p class=\"p1\"><strong>Sede<\/strong><br \/>\nAYRE GRAN HOTEL COL\u00d3N<br \/>\nC\/ del Pez Volador, 1 28007 Madrid<\/p>\n<p class=\"p1\"><strong>Inscripciones<\/strong><br \/>\nSocios Semcpt: 325\u20ac<br \/>\nNo socios Semcpt: 425\u20ac<br \/>\n(21% IVA incluido)<\/p>\n<p class=\"p2\">Plazas limitadas por orden riguroso de pago. Enviar solicitud a Spiros Batrakoulis: <a href=\"mailto:spiros@torrespardo.com\"><span class=\"s1\">spiros@torrespardo.com<\/span><\/a><\/p>\n","protected":false},"excerpt":{"rendered":"<p>Siguiendo las recomendaciones del Ministerio de Sanidad, Consumo y Bienestar Social sentimos comunicaros la suspensi\u00f3n del curso. Lamentamos los problemas que os pueda generar esta decisi\u00f3n, tomada de manera consensuada con las autoridades sanitarias del pa\u00eds. La salud por encima de todo, como asistenciales y gestores no se puede responder de otra manera. Pr\u00f3ximamente os [&hellip;]<\/p>\n","protected":false},"author":1,"featured_media":1739,"comment_status":"open","ping_status":"closed","template":"","tags":[],"mec_category":[],"class_list":["post-1738","mec-events","type-mec-events","status-publish","has-post-thumbnail","hentry"],"yoast_head":"<!-- This site is optimized with the Yoast SEO plugin v27.5 - https:\/\/yoast.com\/product\/yoast-seo-wordpress\/ -->\n<title>I CURSO SEMCPT DE ECOGRAF\u00cdA EN PIE Y TOBILLO &#8211; APLAZADO PENDIENTE FECHA - Torres Pardo<\/title>\n<meta name=\"robots\" content=\"index, follow, max-snippet:-1, max-image-preview:large, max-video-preview:-1\" \/>\n<link rel=\"canonical\" href=\"https:\/\/torrespardo.com\/en\/events\/i-curso-semcpt-de-ecografia-en-pie-y-tobillo-aplazado-pendiente-fecha\/\" \/>\n<meta property=\"og:locale\" content=\"en_US\" \/>\n<meta property=\"og:type\" content=\"article\" \/>\n<meta property=\"og:title\" content=\"I CURSO SEMCPT DE ECOGRAF\u00cdA EN PIE Y TOBILLO &#8211; APLAZADO PENDIENTE FECHA - Torres Pardo\" \/>\n<meta property=\"og:description\" content=\"Siguiendo las recomendaciones del Ministerio de Sanidad, Consumo y Bienestar Social sentimos comunicaros la suspensi\u00f3n del curso. Lamentamos los problemas que os pueda generar esta decisi\u00f3n, tomada de manera consensuada con las autoridades sanitarias del pa\u00eds. La salud por encima de todo, como asistenciales y gestores no se puede responder de otra manera. Pr\u00f3ximamente os [&hellip;]\" \/>\n<meta property=\"og:url\" content=\"https:\/\/torrespardo.com\/en\/events\/i-curso-semcpt-de-ecografia-en-pie-y-tobillo-aplazado-pendiente-fecha\/\" \/>\n<meta property=\"og:site_name\" content=\"Torres Pardo\" \/>\n<meta name=\"twitter:card\" content=\"summary_large_image\" \/>\n<meta name=\"twitter:label1\" content=\"Est. reading time\" \/>\n\t<meta name=\"twitter:data1\" content=\"1 minute\" \/>\n<script type=\"application\/ld+json\" class=\"yoast-schema-graph\">{\"@context\":\"https:\\\/\\\/schema.org\",\"@graph\":[{\"@type\":\"WebPage\",\"@id\":\"https:\\\/\\\/torrespardo.com\\\/en\\\/events\\\/i-curso-semcpt-de-ecografia-en-pie-y-tobillo-aplazado-pendiente-fecha\\\/\",\"url\":\"https:\\\/\\\/torrespardo.com\\\/en\\\/events\\\/i-curso-semcpt-de-ecografia-en-pie-y-tobillo-aplazado-pendiente-fecha\\\/\",\"name\":\"I CURSO SEMCPT DE ECOGRAF\u00cdA EN PIE Y TOBILLO &#8211; APLAZADO PENDIENTE FECHA - Torres Pardo\",\"isPartOf\":{\"@id\":\"https:\\\/\\\/torrespardo.com\\\/#website\"},\"primaryImageOfPage\":{\"@id\":\"https:\\\/\\\/torrespardo.com\\\/en\\\/events\\\/i-curso-semcpt-de-ecografia-en-pie-y-tobillo-aplazado-pendiente-fecha\\\/#primaryimage\"},\"image\":{\"@id\":\"https:\\\/\\\/torrespardo.com\\\/en\\\/events\\\/i-curso-semcpt-de-ecografia-en-pie-y-tobillo-aplazado-pendiente-fecha\\\/#primaryimage\"},\"thumbnailUrl\":\"https:\\\/\\\/torrespardo.com\\\/wp-content\\\/uploads\\\/2022\\\/07\\\/Captura-de-pantalla-2020-03-25-a-las-11.35.47.png\",\"datePublished\":\"2022-07-19T09:43:53+00:00\",\"breadcrumb\":{\"@id\":\"https:\\\/\\\/torrespardo.com\\\/en\\\/events\\\/i-curso-semcpt-de-ecografia-en-pie-y-tobillo-aplazado-pendiente-fecha\\\/#breadcrumb\"},\"inLanguage\":\"en-US\",\"potentialAction\":[{\"@type\":\"ReadAction\",\"target\":[\"https:\\\/\\\/torrespardo.com\\\/en\\\/events\\\/i-curso-semcpt-de-ecografia-en-pie-y-tobillo-aplazado-pendiente-fecha\\\/\"]}]},{\"@type\":\"ImageObject\",\"inLanguage\":\"en-US\",\"@id\":\"https:\\\/\\\/torrespardo.com\\\/en\\\/events\\\/i-curso-semcpt-de-ecografia-en-pie-y-tobillo-aplazado-pendiente-fecha\\\/#primaryimage\",\"url\":\"https:\\\/\\\/torrespardo.com\\\/wp-content\\\/uploads\\\/2022\\\/07\\\/Captura-de-pantalla-2020-03-25-a-las-11.35.47.png\",\"contentUrl\":\"https:\\\/\\\/torrespardo.com\\\/wp-content\\\/uploads\\\/2022\\\/07\\\/Captura-de-pantalla-2020-03-25-a-las-11.35.47.png\",\"width\":1238,\"height\":1264},{\"@type\":\"BreadcrumbList\",\"@id\":\"https:\\\/\\\/torrespardo.com\\\/en\\\/events\\\/i-curso-semcpt-de-ecografia-en-pie-y-tobillo-aplazado-pendiente-fecha\\\/#breadcrumb\",\"itemListElement\":[{\"@type\":\"ListItem\",\"position\":1,\"name\":\"Portada\",\"item\":\"https:\\\/\\\/torrespardo.com\\\/en\\\/\"},{\"@type\":\"ListItem\",\"position\":2,\"name\":\"Eventos\",\"item\":\"https:\\\/\\\/torrespardo.com\\\/events\\\/\"},{\"@type\":\"ListItem\",\"position\":3,\"name\":\"I CURSO SEMCPT DE ECOGRAF\u00cdA EN PIE Y TOBILLO &#8211; APLAZADO PENDIENTE FECHA\"}]},{\"@type\":\"WebSite\",\"@id\":\"https:\\\/\\\/torrespardo.com\\\/#website\",\"url\":\"https:\\\/\\\/torrespardo.com\\\/\",\"name\":\"Torres Pardo\",\"description\":\"Congress Management\",\"potentialAction\":[{\"@type\":\"SearchAction\",\"target\":{\"@type\":\"EntryPoint\",\"urlTemplate\":\"https:\\\/\\\/torrespardo.com\\\/?s={search_term_string}\"},\"query-input\":{\"@type\":\"PropertyValueSpecification\",\"valueRequired\":true,\"valueName\":\"search_term_string\"}}],\"inLanguage\":\"en-US\"}]}<\/script>\n<!-- \/ Yoast SEO plugin. -->","yoast_head_json":{"title":"I CURSO SEMCPT DE ECOGRAF\u00cdA EN PIE Y TOBILLO &#8211; APLAZADO PENDIENTE FECHA - Torres Pardo","robots":{"index":"index","follow":"follow","max-snippet":"max-snippet:-1","max-image-preview":"max-image-preview:large","max-video-preview":"max-video-preview:-1"},"canonical":"https:\/\/torrespardo.com\/en\/events\/i-curso-semcpt-de-ecografia-en-pie-y-tobillo-aplazado-pendiente-fecha\/","og_locale":"en_US","og_type":"article","og_title":"I CURSO SEMCPT DE ECOGRAF\u00cdA EN PIE Y TOBILLO &#8211; APLAZADO PENDIENTE FECHA - Torres Pardo","og_description":"Siguiendo las recomendaciones del Ministerio de Sanidad, Consumo y Bienestar Social sentimos comunicaros la suspensi\u00f3n del curso. Lamentamos los problemas que os pueda generar esta decisi\u00f3n, tomada de manera consensuada con las autoridades sanitarias del pa\u00eds. La salud por encima de todo, como asistenciales y gestores no se puede responder de otra manera. Pr\u00f3ximamente os [&hellip;]","og_url":"https:\/\/torrespardo.com\/en\/events\/i-curso-semcpt-de-ecografia-en-pie-y-tobillo-aplazado-pendiente-fecha\/","og_site_name":"Torres Pardo","twitter_card":"summary_large_image","twitter_misc":{"Est. reading time":"1 minute"},"schema":{"@context":"https:\/\/schema.org","@graph":[{"@type":"WebPage","@id":"https:\/\/torrespardo.com\/en\/events\/i-curso-semcpt-de-ecografia-en-pie-y-tobillo-aplazado-pendiente-fecha\/","url":"https:\/\/torrespardo.com\/en\/events\/i-curso-semcpt-de-ecografia-en-pie-y-tobillo-aplazado-pendiente-fecha\/","name":"I CURSO SEMCPT DE ECOGRAF\u00cdA EN PIE Y TOBILLO &#8211; APLAZADO PENDIENTE FECHA - Torres Pardo","isPartOf":{"@id":"https:\/\/torrespardo.com\/#website"},"primaryImageOfPage":{"@id":"https:\/\/torrespardo.com\/en\/events\/i-curso-semcpt-de-ecografia-en-pie-y-tobillo-aplazado-pendiente-fecha\/#primaryimage"},"image":{"@id":"https:\/\/torrespardo.com\/en\/events\/i-curso-semcpt-de-ecografia-en-pie-y-tobillo-aplazado-pendiente-fecha\/#primaryimage"},"thumbnailUrl":"https:\/\/torrespardo.com\/wp-content\/uploads\/2022\/07\/Captura-de-pantalla-2020-03-25-a-las-11.35.47.png","datePublished":"2022-07-19T09:43:53+00:00","breadcrumb":{"@id":"https:\/\/torrespardo.com\/en\/events\/i-curso-semcpt-de-ecografia-en-pie-y-tobillo-aplazado-pendiente-fecha\/#breadcrumb"},"inLanguage":"en-US","potentialAction":[{"@type":"ReadAction","target":["https:\/\/torrespardo.com\/en\/events\/i-curso-semcpt-de-ecografia-en-pie-y-tobillo-aplazado-pendiente-fecha\/"]}]},{"@type":"ImageObject","inLanguage":"en-US","@id":"https:\/\/torrespardo.com\/en\/events\/i-curso-semcpt-de-ecografia-en-pie-y-tobillo-aplazado-pendiente-fecha\/#primaryimage","url":"https:\/\/torrespardo.com\/wp-content\/uploads\/2022\/07\/Captura-de-pantalla-2020-03-25-a-las-11.35.47.png","contentUrl":"https:\/\/torrespardo.com\/wp-content\/uploads\/2022\/07\/Captura-de-pantalla-2020-03-25-a-las-11.35.47.png","width":1238,"height":1264},{"@type":"BreadcrumbList","@id":"https:\/\/torrespardo.com\/en\/events\/i-curso-semcpt-de-ecografia-en-pie-y-tobillo-aplazado-pendiente-fecha\/#breadcrumb","itemListElement":[{"@type":"ListItem","position":1,"name":"Portada","item":"https:\/\/torrespardo.com\/en\/"},{"@type":"ListItem","position":2,"name":"Eventos","item":"https:\/\/torrespardo.com\/events\/"},{"@type":"ListItem","position":3,"name":"I CURSO SEMCPT DE ECOGRAF\u00cdA EN PIE Y TOBILLO &#8211; APLAZADO PENDIENTE FECHA"}]},{"@type":"WebSite","@id":"https:\/\/torrespardo.com\/#website","url":"https:\/\/torrespardo.com\/","name":"Torres Pardo","description":"Congress Management","potentialAction":[{"@type":"SearchAction","target":{"@type":"EntryPoint","urlTemplate":"https:\/\/torrespardo.com\/?s={search_term_string}"},"query-input":{"@type":"PropertyValueSpecification","valueRequired":true,"valueName":"search_term_string"}}],"inLanguage":"en-US"}]}},"_links":{"self":[{"href":"https:\/\/torrespardo.com\/en\/wp-json\/wp\/v2\/mec-events\/1738","targetHints":{"allow":["GET"]}}],"collection":[{"href":"https:\/\/torrespardo.com\/en\/wp-json\/wp\/v2\/mec-events"}],"about":[{"href":"https:\/\/torrespardo.com\/en\/wp-json\/wp\/v2\/types\/mec-events"}],"author":[{"embeddable":true,"href":"https:\/\/torrespardo.com\/en\/wp-json\/wp\/v2\/users\/1"}],"replies":[{"embeddable":true,"href":"https:\/\/torrespardo.com\/en\/wp-json\/wp\/v2\/comments?post=1738"}],"wp:featuredmedia":[{"embeddable":true,"href":"https:\/\/torrespardo.com\/en\/wp-json\/wp\/v2\/media\/1739"}],"wp:attachment":[{"href":"https:\/\/torrespardo.com\/en\/wp-json\/wp\/v2\/media?parent=1738"}],"wp:term":[{"taxonomy":"post_tag","embeddable":true,"href":"https:\/\/torrespardo.com\/en\/wp-json\/wp\/v2\/tags?post=1738"},{"taxonomy":"mec_category","embeddable":true,"href":"https:\/\/torrespardo.com\/en\/wp-json\/wp\/v2\/mec_category?post=1738"}],"curies":[{"name":"wp","href":"https:\/\/api.w.org\/{rel}","templated":true}]}}

I CURSO SEMCPT  DE ECOGRAFÍA  EN PIE Y TOBILLO &#8211; APLAZADO PENDIENTE FECHA

<p><span style="color: #ff0000;"><strong>Siguiendo las recomendaciones del Ministerio de Sanidad, Consumo y Bienestar Social sentimos comunicaros la suspensión del curso.</strong></span></p>
<p><span style="color: #ff0000;"><strong>Lamentamos los problemas que os pueda generar esta decisión, tomada de manera consensuada con las autoridades sanitarias del país. La salud por encima de todo, como asistenciales y gestores no se puede responder de otra manera.</strong></span></p>
<p><span style="color: #ff0000;"><strong>Próximamente os comunicaremos la nueva fecha de celebración, y a buen seguro lejos de este momento sanitario de país.</strong></span></p>
<p>&nbsp;</p>
<p><strong>Fechas</strong><br />
20 y 21 de marzo de 2020</p>
<p class="p1"><strong>Sede</strong><br />
AYRE GRAN HOTEL COLÓN<br />
C/ del Pez Volador, 1 28007 Madrid</p>
<p class="p1"><strong>Inscripciones</strong><br />
Socios Semcpt: 325€<br />
No socios Semcpt: 425€<br />
(21% IVA incluido)</p>
<p class="p2">Plazas limitadas por orden riguroso de pago. Enviar solicitud a Spiros Batrakoulis: <a href="mailto:spiros@torrespardo.com"><span class="s1">spiros@torrespardo.com</span></a></p>

<p>Siguiendo las recomendaciones del Ministerio de Sanidad, Consumo y Bienestar Social sentimos comunicaros la suspensión del curso. Lamentamos los problemas que os pueda generar esta decisión, tomada de manera consensuada con las autoridades sanitarias del país. La salud por encima de todo, como asistenciales y gestores no se puede responder de otra manera. Próximamente os [&hellip;]</p>

<!-- This site is optimized with the Yoast SEO plugin v27.5 - https://yoast.com/product/yoast-seo-wordpress/ -->
<title>I CURSO SEMCPT DE ECOGRAFÍA EN PIE Y TOBILLO &#8211; APLAZADO PENDIENTE FECHA - Torres Pardo</title>
<meta name="robots" content="index, follow, max-snippet:-1, max-image-preview:large, max-video-preview:-1" />
<link rel="canonical" href="https://torrespardo.com/en/events/i-curso-semcpt-de-ecografia-en-pie-y-tobillo-aplazado-pendiente-fecha/" />
<meta property="og:locale" content="en_US" />
<meta property="og:type" content="article" />
<meta property="og:title" content="I CURSO SEMCPT DE ECOGRAFÍA EN PIE Y TOBILLO &#8211; APLAZADO PENDIENTE FECHA - Torres Pardo" />
<meta property="og:description" content="Siguiendo las recomendaciones del Ministerio de Sanidad, Consumo y Bienestar Social sentimos comunicaros la suspensión del curso. Lamentamos los problemas que os pueda generar esta decisión, tomada de manera consensuada con las autoridades sanitarias del país. La salud por encima de todo, como asistenciales y gestores no se puede responder de otra manera. Próximamente os [&hellip;]" />
<meta property="og:url" content="https://torrespardo.com/en/events/i-curso-semcpt-de-ecografia-en-pie-y-tobillo-aplazado-pendiente-fecha/" />
<meta property="og:site_name" content="Torres Pardo" />
<meta name="twitter:card" content="summary_large_image" />
<meta name="twitter:label1" content="Est. reading time" />
	<meta name="twitter:data1" content="1 minute" />
<script type="application/ld+json" class="yoast-schema-graph">{"@context":"https:\/\/schema.org","@graph":[{"@type":"WebPage","@id":"https:\/\/torrespardo.com\/en\/events\/i-curso-semcpt-de-ecografia-en-pie-y-tobillo-aplazado-pendiente-fecha\/","url":"https:\/\/torrespardo.com\/en\/events\/i-curso-semcpt-de-ecografia-en-pie-y-tobillo-aplazado-pendiente-fecha\/","name":"I CURSO SEMCPT DE ECOGRAFÍA EN PIE Y TOBILLO &#8211; APLAZADO PENDIENTE FECHA - Torres Pardo","isPartOf":{"@id":"https:\/\/torrespardo.com\/#website"},"primaryImageOfPage":{"@id":"https:\/\/torrespardo.com\/en\/events\/i-curso-semcpt-de-ecografia-en-pie-y-tobillo-aplazado-pendiente-fecha\/#primaryimage"},"image":{"@id":"https:\/\/torrespardo.com\/en\/events\/i-curso-semcpt-de-ecografia-en-pie-y-tobillo-aplazado-pendiente-fecha\/#primaryimage"},"thumbnailUrl":"https:\/\/torrespardo.com\/wp-content\/uploads\/2022\/07\/Captura-de-pantalla-2020-03-25-a-las-11.35.47.png","datePublished":"2022-07-19T09:43:53+00:00","breadcrumb":{"@id":"https:\/\/torrespardo.com\/en\/events\/i-curso-semcpt-de-ecografia-en-pie-y-tobillo-aplazado-pendiente-fecha\/#breadcrumb"},"inLanguage":"en-US","potentialAction":[{"@type":"ReadAction","target":["https:\/\/torrespardo.com\/en\/events\/i-curso-semcpt-de-ecografia-en-pie-y-tobillo-aplazado-pendiente-fecha\/"]}]},{"@type":"ImageObject","inLanguage":"en-US","@id":"https:\/\/torrespardo.com\/en\/events\/i-curso-semcpt-de-ecografia-en-pie-y-tobillo-aplazado-pendiente-fecha\/#primaryimage","url":"https:\/\/torrespardo.com\/wp-content\/uploads\/2022\/07\/Captura-de-pantalla-2020-03-25-a-las-11.35.47.png","contentUrl":"https:\/\/torrespardo.com\/wp-content\/uploads\/2022\/07\/Captura-de-pantalla-2020-03-25-a-las-11.35.47.png","width":1238,"height":1264},{"@type":"BreadcrumbList","@id":"https:\/\/torrespardo.com\/en\/events\/i-curso-semcpt-de-ecografia-en-pie-y-tobillo-aplazado-pendiente-fecha\/#breadcrumb","itemListElement":[{"@type":"ListItem","position":1,"name":"Portada","item":"https:\/\/torrespardo.com\/en\/"},{"@type":"ListItem","position":2,"name":"Eventos","item":"https:\/\/torrespardo.com\/events\/"},{"@type":"ListItem","position":3,"name":"I CURSO SEMCPT DE ECOGRAFÍA EN PIE Y TOBILLO &#8211; APLAZADO PENDIENTE FECHA"}]},{"@type":"WebSite","@id":"https:\/\/torrespardo.com\/#website","url":"https:\/\/torrespardo.com\/","name":"Torres Pardo","description":"Congress Management","potentialAction":[{"@type":"SearchAction","target":{"@type":"EntryPoint","urlTemplate":"https:\/\/torrespardo.com\/?s={search_term_string}"},"query-input":{"@type":"PropertyValueSpecification","valueRequired":true,"valueName":"search_term_string"}}],"inLanguage":"en-US"}]}</script>
<!-- / Yoast SEO plugin. -->

I CURSO SEMCPT DE ECOGRAFÍA EN PIE Y TOBILLO &#8211; APLAZADO PENDIENTE FECHA - Torres Pardo

Siguiendo las recomendaciones del Ministerio de Sanidad, Consumo y Bienestar Social sentimos comunicaros la suspensión del curso. Lamentamos los problemas que os pueda generar esta decisión, tomada de manera consensuada con las autoridades sanitarias del país. La salud por encima de todo, como asistenciales y gestores no se puede responder de otra manera. Próximamente os [&hellip;]

I CURSO SEMCPT DE ECOGRAFÍA EN PIE Y TOBILLO &#8211; APLAZADO PENDIENTE FECHA
