{"id":1741,"date":"2022-07-19T09:43:55","date_gmt":"2022-07-19T09:43:55","guid":{"rendered":"https:\/\/torrespardo.com\/events\/curs-en-cadaver-avancat-en-cirurgia-percutania-de-l-avantpeu\/"},"modified":"2022-07-19T09:43:55","modified_gmt":"2022-07-19T09:43:55","slug":"curs-en-cadaver-avancat-en-cirurgia-percutania-de-l-avantpeu","status":"publish","type":"mec-events","link":"https:\/\/torrespardo.com\/en\/events\/curs-en-cadaver-avancat-en-cirurgia-percutania-de-l-avantpeu\/","title":{"rendered":"CURS EN CAD\u00c0VER AVAN\u00c7AT EN CIRURGIA PERCUT\u00c0NiA DE L\u2019 AVANTPEU"},"content":{"rendered":"<p class=\"p1\">Curs d\u2019actualitzaci\u00f3 en Osteotomia de Chevron percut\u00e0nia fixada amb cargol canul.lat, osteotomies DMMO (efecte triple Weil) i en Fasciectomia plantar percut\u00e0nia.<br \/>\n<b>(1 alumne &#8211; 1 peu)<\/b><\/p>\n<p class=\"p1\"><b>Direcci\u00f3<br \/>\n<\/b>Dr. Xavier Gonz\u00e1lez Ust\u00e9s<\/p>\n<p class=\"p1\"><b>ORGANITZA<br \/>\n<\/b>Hospital municipal de Badalona<br \/>\nCap de Servei Dr. Josep Novell<\/p>\n<p class=\"p1\"><b>PONENTS<br \/>\n<\/b><b>Dr. Joan Fornaguera<br \/>\n<\/b>Anestesi\u00f2leg HMB<br \/>\n<b>Dr. Xavier Madirola<br \/>\n<\/b>Cap Unitat de Peu Hospital de Salt (Girona)<br \/>\n<b>Dr. F\u00e8lix Parals Granero<br \/>\n<\/b>Unitat de Peu HMB<br \/>\n<b>Dr. Fortunato P\u00e9rez<br \/>\n<\/b>Cap Unitat de Peu Hospital Universitari Sant Joan de Reus<br \/>\n<b>Dr. Xavier Gonz\u00e1lez Ust\u00e9s<br \/>\n<\/b>Cap Unitat de Peu HMB<\/p>\n<p class=\"p1\"><b>INSCRIPCIONS<br \/>\n<\/b>700\u20ac (IVA incl\u00f2s)<br \/>\nEnvieu sol\u00b7licitud d\u2019inscripci\u00f3 a Laura Bravo: <a href=\"mailto:l.bravo@torrespardo.com\"><span class=\"s1\">l.bravo@torrespardo.com<\/span><\/a><\/p>\n<p>Descarregueu <a href=\"https:\/\/torrespardo.com\/wp-content\/uploads\/2020\/01\/curso_cadaver_pie_CAT-1.pdf\" target=\"_blank\" rel=\"noopener noreferrer\">AQU\u00cd<\/a> el programa<\/p>\n","protected":false},"excerpt":{"rendered":"<p>Curs d\u2019actualitzaci\u00f3 en Osteotomia de Chevron percut\u00e0nia fixada amb cargol canul.lat, osteotomies DMMO (efecte triple Weil) i en Fasciectomia plantar percut\u00e0nia. (1 alumne &#8211; 1 peu) Direcci\u00f3 Dr. Xavier Gonz\u00e1lez Ust\u00e9s ORGANITZA Hospital municipal de Badalona Cap de Servei Dr. Josep Novell PONENTS Dr. Joan Fornaguera Anestesi\u00f2leg HMB Dr. Xavier Madirola Cap Unitat de Peu [&hellip;]<\/p>\n","protected":false},"author":1,"featured_media":1742,"comment_status":"open","ping_status":"closed","template":"","tags":[],"mec_category":[],"class_list":["post-1741","mec-events","type-mec-events","status-publish","has-post-thumbnail","hentry"],"yoast_head":"<!-- This site is optimized with the Yoast SEO plugin v27.5 - https:\/\/yoast.com\/product\/yoast-seo-wordpress\/ -->\n<title>CURS EN CAD\u00c0VER AVAN\u00c7AT EN CIRURGIA PERCUT\u00c0NiA DE L\u2019 AVANTPEU - Torres Pardo<\/title>\n<meta name=\"robots\" content=\"index, follow, max-snippet:-1, max-image-preview:large, max-video-preview:-1\" \/>\n<link rel=\"canonical\" href=\"https:\/\/torrespardo.com\/en\/events\/curs-en-cadaver-avancat-en-cirurgia-percutania-de-l-avantpeu\/\" \/>\n<meta property=\"og:locale\" content=\"en_US\" \/>\n<meta property=\"og:type\" content=\"article\" \/>\n<meta property=\"og:title\" content=\"CURS EN CAD\u00c0VER AVAN\u00c7AT EN CIRURGIA PERCUT\u00c0NiA DE L\u2019 AVANTPEU - Torres Pardo\" \/>\n<meta property=\"og:description\" content=\"Curs d\u2019actualitzaci\u00f3 en Osteotomia de Chevron percut\u00e0nia fixada amb cargol canul.lat, osteotomies DMMO (efecte triple Weil) i en Fasciectomia plantar percut\u00e0nia. (1 alumne &#8211; 1 peu) Direcci\u00f3 Dr. Xavier Gonz\u00e1lez Ust\u00e9s ORGANITZA Hospital municipal de Badalona Cap de Servei Dr. Josep Novell PONENTS Dr. Joan Fornaguera Anestesi\u00f2leg HMB Dr. Xavier Madirola Cap Unitat de Peu [&hellip;]\" \/>\n<meta property=\"og:url\" content=\"https:\/\/torrespardo.com\/en\/events\/curs-en-cadaver-avancat-en-cirurgia-percutania-de-l-avantpeu\/\" \/>\n<meta property=\"og:site_name\" content=\"Torres Pardo\" \/>\n<meta name=\"twitter:card\" content=\"summary_large_image\" \/>\n<meta name=\"twitter:label1\" content=\"Est. reading time\" \/>\n\t<meta name=\"twitter:data1\" content=\"1 minute\" \/>\n<script type=\"application\/ld+json\" class=\"yoast-schema-graph\">{\"@context\":\"https:\\\/\\\/schema.org\",\"@graph\":[{\"@type\":\"WebPage\",\"@id\":\"https:\\\/\\\/torrespardo.com\\\/en\\\/events\\\/curs-en-cadaver-avancat-en-cirurgia-percutania-de-l-avantpeu\\\/\",\"url\":\"https:\\\/\\\/torrespardo.com\\\/en\\\/events\\\/curs-en-cadaver-avancat-en-cirurgia-percutania-de-l-avantpeu\\\/\",\"name\":\"CURS EN CAD\u00c0VER AVAN\u00c7AT EN CIRURGIA PERCUT\u00c0NiA DE L\u2019 AVANTPEU - Torres Pardo\",\"isPartOf\":{\"@id\":\"https:\\\/\\\/torrespardo.com\\\/#website\"},\"primaryImageOfPage\":{\"@id\":\"https:\\\/\\\/torrespardo.com\\\/en\\\/events\\\/curs-en-cadaver-avancat-en-cirurgia-percutania-de-l-avantpeu\\\/#primaryimage\"},\"image\":{\"@id\":\"https:\\\/\\\/torrespardo.com\\\/en\\\/events\\\/curs-en-cadaver-avancat-en-cirurgia-percutania-de-l-avantpeu\\\/#primaryimage\"},\"thumbnailUrl\":\"https:\\\/\\\/torrespardo.com\\\/wp-content\\\/uploads\\\/2022\\\/07\\\/Captura-de-Pantalla-2020-01-14-a-les-10.21.40.png\",\"datePublished\":\"2022-07-19T09:43:55+00:00\",\"breadcrumb\":{\"@id\":\"https:\\\/\\\/torrespardo.com\\\/en\\\/events\\\/curs-en-cadaver-avancat-en-cirurgia-percutania-de-l-avantpeu\\\/#breadcrumb\"},\"inLanguage\":\"en-US\",\"potentialAction\":[{\"@type\":\"ReadAction\",\"target\":[\"https:\\\/\\\/torrespardo.com\\\/en\\\/events\\\/curs-en-cadaver-avancat-en-cirurgia-percutania-de-l-avantpeu\\\/\"]}]},{\"@type\":\"ImageObject\",\"inLanguage\":\"en-US\",\"@id\":\"https:\\\/\\\/torrespardo.com\\\/en\\\/events\\\/curs-en-cadaver-avancat-en-cirurgia-percutania-de-l-avantpeu\\\/#primaryimage\",\"url\":\"https:\\\/\\\/torrespardo.com\\\/wp-content\\\/uploads\\\/2022\\\/07\\\/Captura-de-Pantalla-2020-01-14-a-les-10.21.40.png\",\"contentUrl\":\"https:\\\/\\\/torrespardo.com\\\/wp-content\\\/uploads\\\/2022\\\/07\\\/Captura-de-Pantalla-2020-01-14-a-les-10.21.40.png\",\"width\":1374,\"height\":1212},{\"@type\":\"BreadcrumbList\",\"@id\":\"https:\\\/\\\/torrespardo.com\\\/en\\\/events\\\/curs-en-cadaver-avancat-en-cirurgia-percutania-de-l-avantpeu\\\/#breadcrumb\",\"itemListElement\":[{\"@type\":\"ListItem\",\"position\":1,\"name\":\"Portada\",\"item\":\"https:\\\/\\\/torrespardo.com\\\/en\\\/\"},{\"@type\":\"ListItem\",\"position\":2,\"name\":\"Eventos\",\"item\":\"https:\\\/\\\/torrespardo.com\\\/events\\\/\"},{\"@type\":\"ListItem\",\"position\":3,\"name\":\"CURS EN CAD\u00c0VER AVAN\u00c7AT EN CIRURGIA PERCUT\u00c0NiA DE L\u2019 AVANTPEU\"}]},{\"@type\":\"WebSite\",\"@id\":\"https:\\\/\\\/torrespardo.com\\\/#website\",\"url\":\"https:\\\/\\\/torrespardo.com\\\/\",\"name\":\"Torres Pardo\",\"description\":\"Congress Management\",\"potentialAction\":[{\"@type\":\"SearchAction\",\"target\":{\"@type\":\"EntryPoint\",\"urlTemplate\":\"https:\\\/\\\/torrespardo.com\\\/?s={search_term_string}\"},\"query-input\":{\"@type\":\"PropertyValueSpecification\",\"valueRequired\":true,\"valueName\":\"search_term_string\"}}],\"inLanguage\":\"en-US\"}]}<\/script>\n<!-- \/ Yoast SEO plugin. -->","yoast_head_json":{"title":"CURS EN CAD\u00c0VER AVAN\u00c7AT EN CIRURGIA PERCUT\u00c0NiA DE L\u2019 AVANTPEU - Torres Pardo","robots":{"index":"index","follow":"follow","max-snippet":"max-snippet:-1","max-image-preview":"max-image-preview:large","max-video-preview":"max-video-preview:-1"},"canonical":"https:\/\/torrespardo.com\/en\/events\/curs-en-cadaver-avancat-en-cirurgia-percutania-de-l-avantpeu\/","og_locale":"en_US","og_type":"article","og_title":"CURS EN CAD\u00c0VER AVAN\u00c7AT EN CIRURGIA PERCUT\u00c0NiA DE L\u2019 AVANTPEU - Torres Pardo","og_description":"Curs d\u2019actualitzaci\u00f3 en Osteotomia de Chevron percut\u00e0nia fixada amb cargol canul.lat, osteotomies DMMO (efecte triple Weil) i en Fasciectomia plantar percut\u00e0nia. (1 alumne &#8211; 1 peu) Direcci\u00f3 Dr. Xavier Gonz\u00e1lez Ust\u00e9s ORGANITZA Hospital municipal de Badalona Cap de Servei Dr. Josep Novell PONENTS Dr. Joan Fornaguera Anestesi\u00f2leg HMB Dr. Xavier Madirola Cap Unitat de Peu [&hellip;]","og_url":"https:\/\/torrespardo.com\/en\/events\/curs-en-cadaver-avancat-en-cirurgia-percutania-de-l-avantpeu\/","og_site_name":"Torres Pardo","twitter_card":"summary_large_image","twitter_misc":{"Est. reading time":"1 minute"},"schema":{"@context":"https:\/\/schema.org","@graph":[{"@type":"WebPage","@id":"https:\/\/torrespardo.com\/en\/events\/curs-en-cadaver-avancat-en-cirurgia-percutania-de-l-avantpeu\/","url":"https:\/\/torrespardo.com\/en\/events\/curs-en-cadaver-avancat-en-cirurgia-percutania-de-l-avantpeu\/","name":"CURS EN CAD\u00c0VER AVAN\u00c7AT EN CIRURGIA PERCUT\u00c0NiA DE L\u2019 AVANTPEU - Torres Pardo","isPartOf":{"@id":"https:\/\/torrespardo.com\/#website"},"primaryImageOfPage":{"@id":"https:\/\/torrespardo.com\/en\/events\/curs-en-cadaver-avancat-en-cirurgia-percutania-de-l-avantpeu\/#primaryimage"},"image":{"@id":"https:\/\/torrespardo.com\/en\/events\/curs-en-cadaver-avancat-en-cirurgia-percutania-de-l-avantpeu\/#primaryimage"},"thumbnailUrl":"https:\/\/torrespardo.com\/wp-content\/uploads\/2022\/07\/Captura-de-Pantalla-2020-01-14-a-les-10.21.40.png","datePublished":"2022-07-19T09:43:55+00:00","breadcrumb":{"@id":"https:\/\/torrespardo.com\/en\/events\/curs-en-cadaver-avancat-en-cirurgia-percutania-de-l-avantpeu\/#breadcrumb"},"inLanguage":"en-US","potentialAction":[{"@type":"ReadAction","target":["https:\/\/torrespardo.com\/en\/events\/curs-en-cadaver-avancat-en-cirurgia-percutania-de-l-avantpeu\/"]}]},{"@type":"ImageObject","inLanguage":"en-US","@id":"https:\/\/torrespardo.com\/en\/events\/curs-en-cadaver-avancat-en-cirurgia-percutania-de-l-avantpeu\/#primaryimage","url":"https:\/\/torrespardo.com\/wp-content\/uploads\/2022\/07\/Captura-de-Pantalla-2020-01-14-a-les-10.21.40.png","contentUrl":"https:\/\/torrespardo.com\/wp-content\/uploads\/2022\/07\/Captura-de-Pantalla-2020-01-14-a-les-10.21.40.png","width":1374,"height":1212},{"@type":"BreadcrumbList","@id":"https:\/\/torrespardo.com\/en\/events\/curs-en-cadaver-avancat-en-cirurgia-percutania-de-l-avantpeu\/#breadcrumb","itemListElement":[{"@type":"ListItem","position":1,"name":"Portada","item":"https:\/\/torrespardo.com\/en\/"},{"@type":"ListItem","position":2,"name":"Eventos","item":"https:\/\/torrespardo.com\/events\/"},{"@type":"ListItem","position":3,"name":"CURS EN CAD\u00c0VER AVAN\u00c7AT EN CIRURGIA PERCUT\u00c0NiA DE L\u2019 AVANTPEU"}]},{"@type":"WebSite","@id":"https:\/\/torrespardo.com\/#website","url":"https:\/\/torrespardo.com\/","name":"Torres Pardo","description":"Congress Management","potentialAction":[{"@type":"SearchAction","target":{"@type":"EntryPoint","urlTemplate":"https:\/\/torrespardo.com\/?s={search_term_string}"},"query-input":{"@type":"PropertyValueSpecification","valueRequired":true,"valueName":"search_term_string"}}],"inLanguage":"en-US"}]}},"_links":{"self":[{"href":"https:\/\/torrespardo.com\/en\/wp-json\/wp\/v2\/mec-events\/1741","targetHints":{"allow":["GET"]}}],"collection":[{"href":"https:\/\/torrespardo.com\/en\/wp-json\/wp\/v2\/mec-events"}],"about":[{"href":"https:\/\/torrespardo.com\/en\/wp-json\/wp\/v2\/types\/mec-events"}],"author":[{"embeddable":true,"href":"https:\/\/torrespardo.com\/en\/wp-json\/wp\/v2\/users\/1"}],"replies":[{"embeddable":true,"href":"https:\/\/torrespardo.com\/en\/wp-json\/wp\/v2\/comments?post=1741"}],"wp:featuredmedia":[{"embeddable":true,"href":"https:\/\/torrespardo.com\/en\/wp-json\/wp\/v2\/media\/1742"}],"wp:attachment":[{"href":"https:\/\/torrespardo.com\/en\/wp-json\/wp\/v2\/media?parent=1741"}],"wp:term":[{"taxonomy":"post_tag","embeddable":true,"href":"https:\/\/torrespardo.com\/en\/wp-json\/wp\/v2\/tags?post=1741"},{"taxonomy":"mec_category","embeddable":true,"href":"https:\/\/torrespardo.com\/en\/wp-json\/wp\/v2\/mec_category?post=1741"}],"curies":[{"name":"wp","href":"https:\/\/api.w.org\/{rel}","templated":true}]}}

CURS EN CADÀVER AVANÇAT EN CIRURGIA PERCUTÀNiA DE L’ AVANTPEU

<p class="p1">Curs d’actualització en Osteotomia de Chevron percutània fixada amb cargol canul.lat, osteotomies DMMO (efecte triple Weil) i en Fasciectomia plantar percutània.<br />
<b>(1 alumne &#8211; 1 peu)</b></p>
<p class="p1"><b>Direcció<br />
</b>Dr. Xavier González Ustés</p>
<p class="p1"><b>ORGANITZA<br />
</b>Hospital municipal de Badalona<br />
Cap de Servei Dr. Josep Novell</p>
<p class="p1"><b>PONENTS<br />
</b><b>Dr. Joan Fornaguera<br />
</b>Anestesiòleg HMB<br />
<b>Dr. Xavier Madirola<br />
</b>Cap Unitat de Peu Hospital de Salt (Girona)<br />
<b>Dr. Fèlix Parals Granero<br />
</b>Unitat de Peu HMB<br />
<b>Dr. Fortunato Pérez<br />
</b>Cap Unitat de Peu Hospital Universitari Sant Joan de Reus<br />
<b>Dr. Xavier González Ustés<br />
</b>Cap Unitat de Peu HMB</p>
<p class="p1"><b>INSCRIPCIONS<br />
</b>700€ (IVA inclòs)<br />
Envieu sol·licitud d’inscripció a Laura Bravo: <a href="mailto:l.bravo@torrespardo.com"><span class="s1">l.bravo@torrespardo.com</span></a></p>
<p>Descarregueu <a href="https://torrespardo.com/wp-content/uploads/2020/01/curso_cadaver_pie_CAT-1.pdf" target="_blank" rel="noopener noreferrer">AQUÍ</a> el programa</p>

<p>Curs d’actualització en Osteotomia de Chevron percutània fixada amb cargol canul.lat, osteotomies DMMO (efecte triple Weil) i en Fasciectomia plantar percutània. (1 alumne &#8211; 1 peu) Direcció Dr. Xavier González Ustés ORGANITZA Hospital municipal de Badalona Cap de Servei Dr. Josep Novell PONENTS Dr. Joan Fornaguera Anestesiòleg HMB Dr. Xavier Madirola Cap Unitat de Peu [&hellip;]</p>

<!-- This site is optimized with the Yoast SEO plugin v27.5 - https://yoast.com/product/yoast-seo-wordpress/ -->
<title>CURS EN CADÀVER AVANÇAT EN CIRURGIA PERCUTÀNiA DE L’ AVANTPEU - Torres Pardo</title>
<meta name="robots" content="index, follow, max-snippet:-1, max-image-preview:large, max-video-preview:-1" />
<link rel="canonical" href="https://torrespardo.com/en/events/curs-en-cadaver-avancat-en-cirurgia-percutania-de-l-avantpeu/" />
<meta property="og:locale" content="en_US" />
<meta property="og:type" content="article" />
<meta property="og:title" content="CURS EN CADÀVER AVANÇAT EN CIRURGIA PERCUTÀNiA DE L’ AVANTPEU - Torres Pardo" />
<meta property="og:description" content="Curs d’actualització en Osteotomia de Chevron percutània fixada amb cargol canul.lat, osteotomies DMMO (efecte triple Weil) i en Fasciectomia plantar percutània. (1 alumne &#8211; 1 peu) Direcció Dr. Xavier González Ustés ORGANITZA Hospital municipal de Badalona Cap de Servei Dr. Josep Novell PONENTS Dr. Joan Fornaguera Anestesiòleg HMB Dr. Xavier Madirola Cap Unitat de Peu [&hellip;]" />
<meta property="og:url" content="https://torrespardo.com/en/events/curs-en-cadaver-avancat-en-cirurgia-percutania-de-l-avantpeu/" />
<meta property="og:site_name" content="Torres Pardo" />
<meta name="twitter:card" content="summary_large_image" />
<meta name="twitter:label1" content="Est. reading time" />
	<meta name="twitter:data1" content="1 minute" />
<script type="application/ld+json" class="yoast-schema-graph">{"@context":"https:\/\/schema.org","@graph":[{"@type":"WebPage","@id":"https:\/\/torrespardo.com\/en\/events\/curs-en-cadaver-avancat-en-cirurgia-percutania-de-l-avantpeu\/","url":"https:\/\/torrespardo.com\/en\/events\/curs-en-cadaver-avancat-en-cirurgia-percutania-de-l-avantpeu\/","name":"CURS EN CADÀVER AVANÇAT EN CIRURGIA PERCUTÀNiA DE L’ AVANTPEU - Torres Pardo","isPartOf":{"@id":"https:\/\/torrespardo.com\/#website"},"primaryImageOfPage":{"@id":"https:\/\/torrespardo.com\/en\/events\/curs-en-cadaver-avancat-en-cirurgia-percutania-de-l-avantpeu\/#primaryimage"},"image":{"@id":"https:\/\/torrespardo.com\/en\/events\/curs-en-cadaver-avancat-en-cirurgia-percutania-de-l-avantpeu\/#primaryimage"},"thumbnailUrl":"https:\/\/torrespardo.com\/wp-content\/uploads\/2022\/07\/Captura-de-Pantalla-2020-01-14-a-les-10.21.40.png","datePublished":"2022-07-19T09:43:55+00:00","breadcrumb":{"@id":"https:\/\/torrespardo.com\/en\/events\/curs-en-cadaver-avancat-en-cirurgia-percutania-de-l-avantpeu\/#breadcrumb"},"inLanguage":"en-US","potentialAction":[{"@type":"ReadAction","target":["https:\/\/torrespardo.com\/en\/events\/curs-en-cadaver-avancat-en-cirurgia-percutania-de-l-avantpeu\/"]}]},{"@type":"ImageObject","inLanguage":"en-US","@id":"https:\/\/torrespardo.com\/en\/events\/curs-en-cadaver-avancat-en-cirurgia-percutania-de-l-avantpeu\/#primaryimage","url":"https:\/\/torrespardo.com\/wp-content\/uploads\/2022\/07\/Captura-de-Pantalla-2020-01-14-a-les-10.21.40.png","contentUrl":"https:\/\/torrespardo.com\/wp-content\/uploads\/2022\/07\/Captura-de-Pantalla-2020-01-14-a-les-10.21.40.png","width":1374,"height":1212},{"@type":"BreadcrumbList","@id":"https:\/\/torrespardo.com\/en\/events\/curs-en-cadaver-avancat-en-cirurgia-percutania-de-l-avantpeu\/#breadcrumb","itemListElement":[{"@type":"ListItem","position":1,"name":"Portada","item":"https:\/\/torrespardo.com\/en\/"},{"@type":"ListItem","position":2,"name":"Eventos","item":"https:\/\/torrespardo.com\/events\/"},{"@type":"ListItem","position":3,"name":"CURS EN CADÀVER AVANÇAT EN CIRURGIA PERCUTÀNiA DE L’ AVANTPEU"}]},{"@type":"WebSite","@id":"https:\/\/torrespardo.com\/#website","url":"https:\/\/torrespardo.com\/","name":"Torres Pardo","description":"Congress Management","potentialAction":[{"@type":"SearchAction","target":{"@type":"EntryPoint","urlTemplate":"https:\/\/torrespardo.com\/?s={search_term_string}"},"query-input":{"@type":"PropertyValueSpecification","valueRequired":true,"valueName":"search_term_string"}}],"inLanguage":"en-US"}]}</script>
<!-- / Yoast SEO plugin. -->

CURS EN CADÀVER AVANÇAT EN CIRURGIA PERCUTÀNiA DE L’ AVANTPEU - Torres Pardo

Curs d’actualització en Osteotomia de Chevron percutània fixada amb cargol canul.lat, osteotomies DMMO (efecte triple Weil) i en Fasciectomia plantar percutània. (1 alumne &#8211; 1 peu) Direcció Dr. Xavier González Ustés ORGANITZA Hospital municipal de Badalona Cap de Servei Dr. Josep Novell PONENTS Dr. Joan Fornaguera Anestesiòleg HMB Dr. Xavier Madirola Cap Unitat de Peu [&hellip;]
