{"id":1765,"date":"2022-07-19T09:44:06","date_gmt":"2022-07-19T09:44:06","guid":{"rendered":"https:\/\/torrespardo.com\/events\/29-secec-essse-congress-european-society-for-surgery-of-the-shoulder-and-the-elbow\/"},"modified":"2022-07-19T09:44:06","modified_gmt":"2022-07-19T09:44:06","slug":"29-secec-essse-congress-european-society-for-surgery-of-the-shoulder-and-the-elbow","status":"publish","type":"mec-events","link":"https:\/\/torrespardo.com\/en\/events\/29-secec-essse-congress-european-society-for-surgery-of-the-shoulder-and-the-elbow\/","title":{"rendered":"29 SECEC-ESSSE CONGRESS &#8211; EUROPEAN SOCIETY FOR SURGERY OF THE SHOULDER AND THE ELBOW"},"content":{"rendered":"<p><strong>Congress President<\/strong><br \/>\n<span class=\"s1\">Przemys\u0142aw Lubiatowski<\/span><\/p>\n<p><strong>SECEC President<\/strong><br \/>\n<span class=\"s1\">Mehmet Demirhan<\/span><\/p>\n<p><strong>Venue<\/strong><br \/>\nPozna\u0144 International Fair<br \/>\nG\u0142ogowska Street 14, 60-734 Pozna\u0144, Poland<\/p>\n<p><strong>Websites<\/strong><br \/>\n<a href=\"http:\/\/www.secec.org\/\" target=\"_blank\" rel=\"noopener noreferrer\">www.secec.org<\/a><br \/>\n<a href=\"http:\/\/www.secec2020.com\/\" target=\"_blank\" rel=\"noopener noreferrer\">www.secec<span class=\"s1\">2020<\/span>.com<\/a><\/p>\n","protected":false},"excerpt":{"rendered":"<p>Congress President Przemys\u0142aw Lubiatowski SECEC President Mehmet Demirhan Venue Pozna\u0144 International Fair G\u0142ogowska Street 14, 60-734 Pozna\u0144, Poland Websites www.secec.org www.secec2020.com<\/p>\n","protected":false},"author":1,"featured_media":0,"comment_status":"open","ping_status":"closed","template":"","tags":[],"mec_category":[],"class_list":["post-1765","mec-events","type-mec-events","status-publish","hentry"],"yoast_head":"<!-- This site is optimized with the Yoast SEO plugin v27.5 - https:\/\/yoast.com\/product\/yoast-seo-wordpress\/ -->\n<title>29 SECEC-ESSSE CONGRESS &#8211; EUROPEAN SOCIETY FOR SURGERY OF THE SHOULDER AND THE ELBOW - Torres Pardo<\/title>\n<meta name=\"robots\" content=\"index, follow, max-snippet:-1, max-image-preview:large, max-video-preview:-1\" \/>\n<link rel=\"canonical\" href=\"https:\/\/torrespardo.com\/en\/events\/29-secec-essse-congress-european-society-for-surgery-of-the-shoulder-and-the-elbow\/\" \/>\n<meta property=\"og:locale\" content=\"en_US\" \/>\n<meta property=\"og:type\" content=\"article\" \/>\n<meta property=\"og:title\" content=\"29 SECEC-ESSSE CONGRESS &#8211; EUROPEAN SOCIETY FOR SURGERY OF THE SHOULDER AND THE ELBOW - Torres Pardo\" \/>\n<meta property=\"og:description\" content=\"Congress President Przemys\u0142aw Lubiatowski SECEC President Mehmet Demirhan Venue Pozna\u0144 International Fair G\u0142ogowska Street 14, 60-734 Pozna\u0144, Poland Websites www.secec.org www.secec2020.com\" \/>\n<meta property=\"og:url\" content=\"https:\/\/torrespardo.com\/en\/events\/29-secec-essse-congress-european-society-for-surgery-of-the-shoulder-and-the-elbow\/\" \/>\n<meta property=\"og:site_name\" content=\"Torres Pardo\" \/>\n<meta name=\"twitter:card\" content=\"summary_large_image\" \/>\n<script type=\"application\/ld+json\" class=\"yoast-schema-graph\">{\"@context\":\"https:\\\/\\\/schema.org\",\"@graph\":[{\"@type\":\"WebPage\",\"@id\":\"https:\\\/\\\/torrespardo.com\\\/en\\\/events\\\/29-secec-essse-congress-european-society-for-surgery-of-the-shoulder-and-the-elbow\\\/\",\"url\":\"https:\\\/\\\/torrespardo.com\\\/en\\\/events\\\/29-secec-essse-congress-european-society-for-surgery-of-the-shoulder-and-the-elbow\\\/\",\"name\":\"29 SECEC-ESSSE CONGRESS &#8211; EUROPEAN SOCIETY FOR SURGERY OF THE SHOULDER AND THE ELBOW - Torres Pardo\",\"isPartOf\":{\"@id\":\"https:\\\/\\\/torrespardo.com\\\/#website\"},\"datePublished\":\"2022-07-19T09:44:06+00:00\",\"breadcrumb\":{\"@id\":\"https:\\\/\\\/torrespardo.com\\\/en\\\/events\\\/29-secec-essse-congress-european-society-for-surgery-of-the-shoulder-and-the-elbow\\\/#breadcrumb\"},\"inLanguage\":\"en-US\",\"potentialAction\":[{\"@type\":\"ReadAction\",\"target\":[\"https:\\\/\\\/torrespardo.com\\\/en\\\/events\\\/29-secec-essse-congress-european-society-for-surgery-of-the-shoulder-and-the-elbow\\\/\"]}]},{\"@type\":\"BreadcrumbList\",\"@id\":\"https:\\\/\\\/torrespardo.com\\\/en\\\/events\\\/29-secec-essse-congress-european-society-for-surgery-of-the-shoulder-and-the-elbow\\\/#breadcrumb\",\"itemListElement\":[{\"@type\":\"ListItem\",\"position\":1,\"name\":\"Portada\",\"item\":\"https:\\\/\\\/torrespardo.com\\\/en\\\/\"},{\"@type\":\"ListItem\",\"position\":2,\"name\":\"Eventos\",\"item\":\"https:\\\/\\\/torrespardo.com\\\/events\\\/\"},{\"@type\":\"ListItem\",\"position\":3,\"name\":\"29 SECEC-ESSSE CONGRESS &#8211; EUROPEAN SOCIETY FOR SURGERY OF THE SHOULDER AND THE ELBOW\"}]},{\"@type\":\"WebSite\",\"@id\":\"https:\\\/\\\/torrespardo.com\\\/#website\",\"url\":\"https:\\\/\\\/torrespardo.com\\\/\",\"name\":\"Torres Pardo\",\"description\":\"Congress Management\",\"potentialAction\":[{\"@type\":\"SearchAction\",\"target\":{\"@type\":\"EntryPoint\",\"urlTemplate\":\"https:\\\/\\\/torrespardo.com\\\/?s={search_term_string}\"},\"query-input\":{\"@type\":\"PropertyValueSpecification\",\"valueRequired\":true,\"valueName\":\"search_term_string\"}}],\"inLanguage\":\"en-US\"}]}<\/script>\n<!-- \/ Yoast SEO plugin. -->","yoast_head_json":{"title":"29 SECEC-ESSSE CONGRESS &#8211; EUROPEAN SOCIETY FOR SURGERY OF THE SHOULDER AND THE ELBOW - Torres Pardo","robots":{"index":"index","follow":"follow","max-snippet":"max-snippet:-1","max-image-preview":"max-image-preview:large","max-video-preview":"max-video-preview:-1"},"canonical":"https:\/\/torrespardo.com\/en\/events\/29-secec-essse-congress-european-society-for-surgery-of-the-shoulder-and-the-elbow\/","og_locale":"en_US","og_type":"article","og_title":"29 SECEC-ESSSE CONGRESS &#8211; EUROPEAN SOCIETY FOR SURGERY OF THE SHOULDER AND THE ELBOW - Torres Pardo","og_description":"Congress President Przemys\u0142aw Lubiatowski SECEC President Mehmet Demirhan Venue Pozna\u0144 International Fair G\u0142ogowska Street 14, 60-734 Pozna\u0144, Poland Websites www.secec.org www.secec2020.com","og_url":"https:\/\/torrespardo.com\/en\/events\/29-secec-essse-congress-european-society-for-surgery-of-the-shoulder-and-the-elbow\/","og_site_name":"Torres Pardo","twitter_card":"summary_large_image","schema":{"@context":"https:\/\/schema.org","@graph":[{"@type":"WebPage","@id":"https:\/\/torrespardo.com\/en\/events\/29-secec-essse-congress-european-society-for-surgery-of-the-shoulder-and-the-elbow\/","url":"https:\/\/torrespardo.com\/en\/events\/29-secec-essse-congress-european-society-for-surgery-of-the-shoulder-and-the-elbow\/","name":"29 SECEC-ESSSE CONGRESS &#8211; EUROPEAN SOCIETY FOR SURGERY OF THE SHOULDER AND THE ELBOW - Torres Pardo","isPartOf":{"@id":"https:\/\/torrespardo.com\/#website"},"datePublished":"2022-07-19T09:44:06+00:00","breadcrumb":{"@id":"https:\/\/torrespardo.com\/en\/events\/29-secec-essse-congress-european-society-for-surgery-of-the-shoulder-and-the-elbow\/#breadcrumb"},"inLanguage":"en-US","potentialAction":[{"@type":"ReadAction","target":["https:\/\/torrespardo.com\/en\/events\/29-secec-essse-congress-european-society-for-surgery-of-the-shoulder-and-the-elbow\/"]}]},{"@type":"BreadcrumbList","@id":"https:\/\/torrespardo.com\/en\/events\/29-secec-essse-congress-european-society-for-surgery-of-the-shoulder-and-the-elbow\/#breadcrumb","itemListElement":[{"@type":"ListItem","position":1,"name":"Portada","item":"https:\/\/torrespardo.com\/en\/"},{"@type":"ListItem","position":2,"name":"Eventos","item":"https:\/\/torrespardo.com\/events\/"},{"@type":"ListItem","position":3,"name":"29 SECEC-ESSSE CONGRESS &#8211; EUROPEAN SOCIETY FOR SURGERY OF THE SHOULDER AND THE ELBOW"}]},{"@type":"WebSite","@id":"https:\/\/torrespardo.com\/#website","url":"https:\/\/torrespardo.com\/","name":"Torres Pardo","description":"Congress Management","potentialAction":[{"@type":"SearchAction","target":{"@type":"EntryPoint","urlTemplate":"https:\/\/torrespardo.com\/?s={search_term_string}"},"query-input":{"@type":"PropertyValueSpecification","valueRequired":true,"valueName":"search_term_string"}}],"inLanguage":"en-US"}]}},"_links":{"self":[{"href":"https:\/\/torrespardo.com\/en\/wp-json\/wp\/v2\/mec-events\/1765","targetHints":{"allow":["GET"]}}],"collection":[{"href":"https:\/\/torrespardo.com\/en\/wp-json\/wp\/v2\/mec-events"}],"about":[{"href":"https:\/\/torrespardo.com\/en\/wp-json\/wp\/v2\/types\/mec-events"}],"author":[{"embeddable":true,"href":"https:\/\/torrespardo.com\/en\/wp-json\/wp\/v2\/users\/1"}],"replies":[{"embeddable":true,"href":"https:\/\/torrespardo.com\/en\/wp-json\/wp\/v2\/comments?post=1765"}],"wp:attachment":[{"href":"https:\/\/torrespardo.com\/en\/wp-json\/wp\/v2\/media?parent=1765"}],"wp:term":[{"taxonomy":"post_tag","embeddable":true,"href":"https:\/\/torrespardo.com\/en\/wp-json\/wp\/v2\/tags?post=1765"},{"taxonomy":"mec_category","embeddable":true,"href":"https:\/\/torrespardo.com\/en\/wp-json\/wp\/v2\/mec_category?post=1765"}],"curies":[{"name":"wp","href":"https:\/\/api.w.org\/{rel}","templated":true}]}}

<p><strong>Congress President</strong><br />
<span class="s1">Przemysław Lubiatowski</span></p>
<p><strong>SECEC President</strong><br />
<span class="s1">Mehmet Demirhan</span></p>
<p><strong>Venue</strong><br />
Poznań International Fair<br />
Głogowska Street 14, 60-734 Poznań, Poland</p>
<p><strong>Websites</strong><br />
<a href="http://www.secec.org/" target="_blank" rel="noopener noreferrer">www.secec.org</a><br />
<a href="http://www.secec2020.com/" target="_blank" rel="noopener noreferrer">www.secec<span class="s1">2020</span>.com</a></p>

<p>Congress President Przemysław Lubiatowski SECEC President Mehmet Demirhan Venue Poznań International Fair Głogowska Street 14, 60-734 Poznań, Poland Websites www.secec.org www.secec2020.com</p>

<!-- This site is optimized with the Yoast SEO plugin v27.5 - https://yoast.com/product/yoast-seo-wordpress/ -->
<title>29 SECEC-ESSSE CONGRESS &#8211; EUROPEAN SOCIETY FOR SURGERY OF THE SHOULDER AND THE ELBOW - Torres Pardo</title>
<meta name="robots" content="index, follow, max-snippet:-1, max-image-preview:large, max-video-preview:-1" />
<link rel="canonical" href="https://torrespardo.com/en/events/29-secec-essse-congress-european-society-for-surgery-of-the-shoulder-and-the-elbow/" />
<meta property="og:locale" content="en_US" />
<meta property="og:type" content="article" />
<meta property="og:title" content="29 SECEC-ESSSE CONGRESS &#8211; EUROPEAN SOCIETY FOR SURGERY OF THE SHOULDER AND THE ELBOW - Torres Pardo" />
<meta property="og:description" content="Congress President Przemysław Lubiatowski SECEC President Mehmet Demirhan Venue Poznań International Fair Głogowska Street 14, 60-734 Poznań, Poland Websites www.secec.org www.secec2020.com" />
<meta property="og:url" content="https://torrespardo.com/en/events/29-secec-essse-congress-european-society-for-surgery-of-the-shoulder-and-the-elbow/" />
<meta property="og:site_name" content="Torres Pardo" />
<meta name="twitter:card" content="summary_large_image" />
<script type="application/ld+json" class="yoast-schema-graph">{"@context":"https:\/\/schema.org","@graph":[{"@type":"WebPage","@id":"https:\/\/torrespardo.com\/en\/events\/29-secec-essse-congress-european-society-for-surgery-of-the-shoulder-and-the-elbow\/","url":"https:\/\/torrespardo.com\/en\/events\/29-secec-essse-congress-european-society-for-surgery-of-the-shoulder-and-the-elbow\/","name":"29 SECEC-ESSSE CONGRESS &#8211; EUROPEAN SOCIETY FOR SURGERY OF THE SHOULDER AND THE ELBOW - Torres Pardo","isPartOf":{"@id":"https:\/\/torrespardo.com\/#website"},"datePublished":"2022-07-19T09:44:06+00:00","breadcrumb":{"@id":"https:\/\/torrespardo.com\/en\/events\/29-secec-essse-congress-european-society-for-surgery-of-the-shoulder-and-the-elbow\/#breadcrumb"},"inLanguage":"en-US","potentialAction":[{"@type":"ReadAction","target":["https:\/\/torrespardo.com\/en\/events\/29-secec-essse-congress-european-society-for-surgery-of-the-shoulder-and-the-elbow\/"]}]},{"@type":"BreadcrumbList","@id":"https:\/\/torrespardo.com\/en\/events\/29-secec-essse-congress-european-society-for-surgery-of-the-shoulder-and-the-elbow\/#breadcrumb","itemListElement":[{"@type":"ListItem","position":1,"name":"Portada","item":"https:\/\/torrespardo.com\/en\/"},{"@type":"ListItem","position":2,"name":"Eventos","item":"https:\/\/torrespardo.com\/events\/"},{"@type":"ListItem","position":3,"name":"29 SECEC-ESSSE CONGRESS &#8211; EUROPEAN SOCIETY FOR SURGERY OF THE SHOULDER AND THE ELBOW"}]},{"@type":"WebSite","@id":"https:\/\/torrespardo.com\/#website","url":"https:\/\/torrespardo.com\/","name":"Torres Pardo","description":"Congress Management","potentialAction":[{"@type":"SearchAction","target":{"@type":"EntryPoint","urlTemplate":"https:\/\/torrespardo.com\/?s={search_term_string}"},"query-input":{"@type":"PropertyValueSpecification","valueRequired":true,"valueName":"search_term_string"}}],"inLanguage":"en-US"}]}</script>
<!-- / Yoast SEO plugin. -->

Congress President Przemysław Lubiatowski SECEC President Mehmet Demirhan Venue Poznań International Fair Głogowska Street 14, 60-734 Poznań, Poland Websites www.secec.org www.secec2020.com
