{"id":3010,"date":"2022-11-29T11:15:00","date_gmt":"2022-11-29T11:15:00","guid":{"rendered":"https:\/\/torrespardo.com\/events\/35-congres-societat-catalana-de-cirurgia-ortopedica-i-traumatologia-%c2%b7-6-congres-de-la-societat-infermera-catalana-en-cot\/"},"modified":"2022-11-29T11:15:00","modified_gmt":"2022-11-29T11:15:00","slug":"35-congres-societat-catalana-de-cirurgia-ortopedica-i-traumatologia-%c2%b7-6-congres-de-la-societat-infermera-catalana-en-cot","status":"publish","type":"mec-events","link":"https:\/\/torrespardo.com\/en\/events\/35-congres-societat-catalana-de-cirurgia-ortopedica-i-traumatologia-%c2%b7-6-congres-de-la-societat-infermera-catalana-en-cot\/","title":{"rendered":"35 Congr\u00e9s Societat Catalana  de Cirurgia Ortop\u00e8dica i Traumatologia \u00b7 6 Congr\u00e9s de La Societat  Infermera Catalana en Cot"},"content":{"rendered":"<p class=\"p1\"><span class=\"s1\"><b>Dates<br \/>\n<\/b><\/span>35 CONGR\u00c9S SCCOT<br \/>\n18 i 19 de maig de 2023<\/p>\n<p class=\"p2\">6 CONGR\u00c9S SICCOT<br \/>\n18 i 19 de maig de 2023<\/p>\n<p class=\"p1\"><span class=\"s1\"><b>Seu<br \/>\n<\/b><\/span><span class=\"s1\"><b>Centre Cultural Terrassa<br \/>\n<\/b><\/span><span class=\"s1\"><b>LaFACT | Factoria Cultural de Terrassa<br \/>\n<\/b><\/span>Rambla d\u2018\u00c8gara, 340<br \/>\nTerrassa, Barcelona<\/p>\n<p class=\"p1\"><span class=\"s1\"><b>Web<br \/>\n<\/b><\/span>www.sccot.cat<\/p>\n<p class=\"p1\"><span class=\"s1\"><b>Secretaria T\u00e8cnica<br \/>\n<\/b><\/span>Esther Torres<br \/>\nN\u00e0pols 187 2n 08013 Barcelona<br \/>\ne.torres@torrespardo.com<\/p>\n","protected":false},"excerpt":{"rendered":"<p>Dates 35 CONGR\u00c9S SCCOT 18 i 19 de maig de 2023 6 CONGR\u00c9S SICCOT 18 i 19 de maig de 2023 Seu Centre Cultural Terrassa LaFACT | Factoria Cultural de Terrassa Rambla d\u2018\u00c8gara, 340 Terrassa, Barcelona Web www.sccot.cat Secretaria T\u00e8cnica Esther Torres N\u00e0pols 187 2n 08013 Barcelona e.torres@torrespardo.com<\/p>\n","protected":false},"author":1,"featured_media":0,"comment_status":"open","ping_status":"closed","template":"","tags":[],"mec_category":[],"class_list":["post-3010","mec-events","type-mec-events","status-publish","hentry"],"yoast_head":"<!-- This site is optimized with the Yoast SEO plugin v27.5 - https:\/\/yoast.com\/product\/yoast-seo-wordpress\/ -->\n<title>35 Congr\u00e9s Societat Catalana de Cirurgia Ortop\u00e8dica i Traumatologia \u00b7 6 Congr\u00e9s de La Societat Infermera Catalana en Cot - Torres Pardo<\/title>\n<meta name=\"robots\" content=\"index, follow, max-snippet:-1, max-image-preview:large, max-video-preview:-1\" \/>\n<link rel=\"canonical\" href=\"https:\/\/torrespardo.com\/en\/events\/35-congres-societat-catalana-de-cirurgia-ortopedica-i-traumatologia-\u00b7-6-congres-de-la-societat-infermera-catalana-en-cot\/\" \/>\n<meta property=\"og:locale\" content=\"en_US\" \/>\n<meta property=\"og:type\" content=\"article\" \/>\n<meta property=\"og:title\" content=\"35 Congr\u00e9s Societat Catalana de Cirurgia Ortop\u00e8dica i Traumatologia \u00b7 6 Congr\u00e9s de La Societat Infermera Catalana en Cot - Torres Pardo\" \/>\n<meta property=\"og:description\" content=\"Dates 35 CONGR\u00c9S SCCOT 18 i 19 de maig de 2023 6 CONGR\u00c9S SICCOT 18 i 19 de maig de 2023 Seu Centre Cultural Terrassa LaFACT | Factoria Cultural de Terrassa Rambla d\u2018\u00c8gara, 340 Terrassa, Barcelona Web www.sccot.cat Secretaria T\u00e8cnica Esther Torres N\u00e0pols 187 2n 08013 Barcelona e.torres@torrespardo.com\" \/>\n<meta property=\"og:url\" content=\"https:\/\/torrespardo.com\/en\/events\/35-congres-societat-catalana-de-cirurgia-ortopedica-i-traumatologia-\u00b7-6-congres-de-la-societat-infermera-catalana-en-cot\/\" \/>\n<meta property=\"og:site_name\" content=\"Torres Pardo\" \/>\n<meta name=\"twitter:card\" content=\"summary_large_image\" \/>\n<script type=\"application\/ld+json\" class=\"yoast-schema-graph\">{\"@context\":\"https:\\\/\\\/schema.org\",\"@graph\":[{\"@type\":\"WebPage\",\"@id\":\"https:\\\/\\\/torrespardo.com\\\/en\\\/events\\\/35-congres-societat-catalana-de-cirurgia-ortopedica-i-traumatologia-%c2%b7-6-congres-de-la-societat-infermera-catalana-en-cot\\\/\",\"url\":\"https:\\\/\\\/torrespardo.com\\\/en\\\/events\\\/35-congres-societat-catalana-de-cirurgia-ortopedica-i-traumatologia-%c2%b7-6-congres-de-la-societat-infermera-catalana-en-cot\\\/\",\"name\":\"35 Congr\u00e9s Societat Catalana de Cirurgia Ortop\u00e8dica i Traumatologia \u00b7 6 Congr\u00e9s de La Societat Infermera Catalana en Cot - Torres Pardo\",\"isPartOf\":{\"@id\":\"https:\\\/\\\/torrespardo.com\\\/#website\"},\"datePublished\":\"2022-11-29T11:15:00+00:00\",\"breadcrumb\":{\"@id\":\"https:\\\/\\\/torrespardo.com\\\/en\\\/events\\\/35-congres-societat-catalana-de-cirurgia-ortopedica-i-traumatologia-%c2%b7-6-congres-de-la-societat-infermera-catalana-en-cot\\\/#breadcrumb\"},\"inLanguage\":\"en-US\",\"potentialAction\":[{\"@type\":\"ReadAction\",\"target\":[\"https:\\\/\\\/torrespardo.com\\\/en\\\/events\\\/35-congres-societat-catalana-de-cirurgia-ortopedica-i-traumatologia-%c2%b7-6-congres-de-la-societat-infermera-catalana-en-cot\\\/\"]}]},{\"@type\":\"BreadcrumbList\",\"@id\":\"https:\\\/\\\/torrespardo.com\\\/en\\\/events\\\/35-congres-societat-catalana-de-cirurgia-ortopedica-i-traumatologia-%c2%b7-6-congres-de-la-societat-infermera-catalana-en-cot\\\/#breadcrumb\",\"itemListElement\":[{\"@type\":\"ListItem\",\"position\":1,\"name\":\"Portada\",\"item\":\"https:\\\/\\\/torrespardo.com\\\/en\\\/\"},{\"@type\":\"ListItem\",\"position\":2,\"name\":\"Eventos\",\"item\":\"https:\\\/\\\/torrespardo.com\\\/events\\\/\"},{\"@type\":\"ListItem\",\"position\":3,\"name\":\"35 Congr\u00e9s Societat Catalana de Cirurgia Ortop\u00e8dica i Traumatologia \u00b7 6 Congr\u00e9s de La Societat Infermera Catalana en Cot\"}]},{\"@type\":\"WebSite\",\"@id\":\"https:\\\/\\\/torrespardo.com\\\/#website\",\"url\":\"https:\\\/\\\/torrespardo.com\\\/\",\"name\":\"Torres Pardo\",\"description\":\"Congress Management\",\"potentialAction\":[{\"@type\":\"SearchAction\",\"target\":{\"@type\":\"EntryPoint\",\"urlTemplate\":\"https:\\\/\\\/torrespardo.com\\\/?s={search_term_string}\"},\"query-input\":{\"@type\":\"PropertyValueSpecification\",\"valueRequired\":true,\"valueName\":\"search_term_string\"}}],\"inLanguage\":\"en-US\"}]}<\/script>\n<!-- \/ Yoast SEO plugin. -->","yoast_head_json":{"title":"35 Congr\u00e9s Societat Catalana de Cirurgia Ortop\u00e8dica i Traumatologia \u00b7 6 Congr\u00e9s de La Societat Infermera Catalana en Cot - Torres Pardo","robots":{"index":"index","follow":"follow","max-snippet":"max-snippet:-1","max-image-preview":"max-image-preview:large","max-video-preview":"max-video-preview:-1"},"canonical":"https:\/\/torrespardo.com\/en\/events\/35-congres-societat-catalana-de-cirurgia-ortopedica-i-traumatologia-\u00b7-6-congres-de-la-societat-infermera-catalana-en-cot\/","og_locale":"en_US","og_type":"article","og_title":"35 Congr\u00e9s Societat Catalana de Cirurgia Ortop\u00e8dica i Traumatologia \u00b7 6 Congr\u00e9s de La Societat Infermera Catalana en Cot - Torres Pardo","og_description":"Dates 35 CONGR\u00c9S SCCOT 18 i 19 de maig de 2023 6 CONGR\u00c9S SICCOT 18 i 19 de maig de 2023 Seu Centre Cultural Terrassa LaFACT | Factoria Cultural de Terrassa Rambla d\u2018\u00c8gara, 340 Terrassa, Barcelona Web www.sccot.cat Secretaria T\u00e8cnica Esther Torres N\u00e0pols 187 2n 08013 Barcelona e.torres@torrespardo.com","og_url":"https:\/\/torrespardo.com\/en\/events\/35-congres-societat-catalana-de-cirurgia-ortopedica-i-traumatologia-\u00b7-6-congres-de-la-societat-infermera-catalana-en-cot\/","og_site_name":"Torres Pardo","twitter_card":"summary_large_image","schema":{"@context":"https:\/\/schema.org","@graph":[{"@type":"WebPage","@id":"https:\/\/torrespardo.com\/en\/events\/35-congres-societat-catalana-de-cirurgia-ortopedica-i-traumatologia-%c2%b7-6-congres-de-la-societat-infermera-catalana-en-cot\/","url":"https:\/\/torrespardo.com\/en\/events\/35-congres-societat-catalana-de-cirurgia-ortopedica-i-traumatologia-%c2%b7-6-congres-de-la-societat-infermera-catalana-en-cot\/","name":"35 Congr\u00e9s Societat Catalana de Cirurgia Ortop\u00e8dica i Traumatologia \u00b7 6 Congr\u00e9s de La Societat Infermera Catalana en Cot - Torres Pardo","isPartOf":{"@id":"https:\/\/torrespardo.com\/#website"},"datePublished":"2022-11-29T11:15:00+00:00","breadcrumb":{"@id":"https:\/\/torrespardo.com\/en\/events\/35-congres-societat-catalana-de-cirurgia-ortopedica-i-traumatologia-%c2%b7-6-congres-de-la-societat-infermera-catalana-en-cot\/#breadcrumb"},"inLanguage":"en-US","potentialAction":[{"@type":"ReadAction","target":["https:\/\/torrespardo.com\/en\/events\/35-congres-societat-catalana-de-cirurgia-ortopedica-i-traumatologia-%c2%b7-6-congres-de-la-societat-infermera-catalana-en-cot\/"]}]},{"@type":"BreadcrumbList","@id":"https:\/\/torrespardo.com\/en\/events\/35-congres-societat-catalana-de-cirurgia-ortopedica-i-traumatologia-%c2%b7-6-congres-de-la-societat-infermera-catalana-en-cot\/#breadcrumb","itemListElement":[{"@type":"ListItem","position":1,"name":"Portada","item":"https:\/\/torrespardo.com\/en\/"},{"@type":"ListItem","position":2,"name":"Eventos","item":"https:\/\/torrespardo.com\/events\/"},{"@type":"ListItem","position":3,"name":"35 Congr\u00e9s Societat Catalana de Cirurgia Ortop\u00e8dica i Traumatologia \u00b7 6 Congr\u00e9s de La Societat Infermera Catalana en Cot"}]},{"@type":"WebSite","@id":"https:\/\/torrespardo.com\/#website","url":"https:\/\/torrespardo.com\/","name":"Torres Pardo","description":"Congress Management","potentialAction":[{"@type":"SearchAction","target":{"@type":"EntryPoint","urlTemplate":"https:\/\/torrespardo.com\/?s={search_term_string}"},"query-input":{"@type":"PropertyValueSpecification","valueRequired":true,"valueName":"search_term_string"}}],"inLanguage":"en-US"}]}},"_links":{"self":[{"href":"https:\/\/torrespardo.com\/en\/wp-json\/wp\/v2\/mec-events\/3010","targetHints":{"allow":["GET"]}}],"collection":[{"href":"https:\/\/torrespardo.com\/en\/wp-json\/wp\/v2\/mec-events"}],"about":[{"href":"https:\/\/torrespardo.com\/en\/wp-json\/wp\/v2\/types\/mec-events"}],"author":[{"embeddable":true,"href":"https:\/\/torrespardo.com\/en\/wp-json\/wp\/v2\/users\/1"}],"replies":[{"embeddable":true,"href":"https:\/\/torrespardo.com\/en\/wp-json\/wp\/v2\/comments?post=3010"}],"wp:attachment":[{"href":"https:\/\/torrespardo.com\/en\/wp-json\/wp\/v2\/media?parent=3010"}],"wp:term":[{"taxonomy":"post_tag","embeddable":true,"href":"https:\/\/torrespardo.com\/en\/wp-json\/wp\/v2\/tags?post=3010"},{"taxonomy":"mec_category","embeddable":true,"href":"https:\/\/torrespardo.com\/en\/wp-json\/wp\/v2\/mec_category?post=3010"}],"curies":[{"name":"wp","href":"https:\/\/api.w.org\/{rel}","templated":true}]}}

35 Congrés Societat Catalana  de Cirurgia Ortopèdica i Traumatologia · 6 Congrés de La Societat  Infermera Catalana en Cot

<p class="p1"><span class="s1"><b>Dates<br />
</b></span>35 CONGRÉS SCCOT<br />
18 i 19 de maig de 2023</p>
<p class="p2">6 CONGRÉS SICCOT<br />
18 i 19 de maig de 2023</p>
<p class="p1"><span class="s1"><b>Seu<br />
</b></span><span class="s1"><b>Centre Cultural Terrassa<br />
</b></span><span class="s1"><b>LaFACT | Factoria Cultural de Terrassa<br />
</b></span>Rambla d‘Ègara, 340<br />
Terrassa, Barcelona</p>
<p class="p1"><span class="s1"><b>Web<br />
</b></span>www.sccot.cat</p>
<p class="p1"><span class="s1"><b>Secretaria Tècnica<br />
</b></span>Esther Torres<br />
Nàpols 187 2n 08013 Barcelona<br />
e.torres@torrespardo.com</p>

<p>Dates 35 CONGRÉS SCCOT 18 i 19 de maig de 2023 6 CONGRÉS SICCOT 18 i 19 de maig de 2023 Seu Centre Cultural Terrassa LaFACT | Factoria Cultural de Terrassa Rambla d‘Ègara, 340 Terrassa, Barcelona Web www.sccot.cat Secretaria Tècnica Esther Torres Nàpols 187 2n 08013 Barcelona e.torres@torrespardo.com</p>

<!-- This site is optimized with the Yoast SEO plugin v27.5 - https://yoast.com/product/yoast-seo-wordpress/ -->
<title>35 Congrés Societat Catalana de Cirurgia Ortopèdica i Traumatologia · 6 Congrés de La Societat Infermera Catalana en Cot - Torres Pardo</title>
<meta name="robots" content="index, follow, max-snippet:-1, max-image-preview:large, max-video-preview:-1" />
<link rel="canonical" href="https://torrespardo.com/en/events/35-congres-societat-catalana-de-cirurgia-ortopedica-i-traumatologia-·-6-congres-de-la-societat-infermera-catalana-en-cot/" />
<meta property="og:locale" content="en_US" />
<meta property="og:type" content="article" />
<meta property="og:title" content="35 Congrés Societat Catalana de Cirurgia Ortopèdica i Traumatologia · 6 Congrés de La Societat Infermera Catalana en Cot - Torres Pardo" />
<meta property="og:description" content="Dates 35 CONGRÉS SCCOT 18 i 19 de maig de 2023 6 CONGRÉS SICCOT 18 i 19 de maig de 2023 Seu Centre Cultural Terrassa LaFACT | Factoria Cultural de Terrassa Rambla d‘Ègara, 340 Terrassa, Barcelona Web www.sccot.cat Secretaria Tècnica Esther Torres Nàpols 187 2n 08013 Barcelona e.torres@torrespardo.com" />
<meta property="og:url" content="https://torrespardo.com/en/events/35-congres-societat-catalana-de-cirurgia-ortopedica-i-traumatologia-·-6-congres-de-la-societat-infermera-catalana-en-cot/" />
<meta property="og:site_name" content="Torres Pardo" />
<meta name="twitter:card" content="summary_large_image" />
<script type="application/ld+json" class="yoast-schema-graph">{"@context":"https:\/\/schema.org","@graph":[{"@type":"WebPage","@id":"https:\/\/torrespardo.com\/en\/events\/35-congres-societat-catalana-de-cirurgia-ortopedica-i-traumatologia-%c2%b7-6-congres-de-la-societat-infermera-catalana-en-cot\/","url":"https:\/\/torrespardo.com\/en\/events\/35-congres-societat-catalana-de-cirurgia-ortopedica-i-traumatologia-%c2%b7-6-congres-de-la-societat-infermera-catalana-en-cot\/","name":"35 Congrés Societat Catalana de Cirurgia Ortopèdica i Traumatologia · 6 Congrés de La Societat Infermera Catalana en Cot - Torres Pardo","isPartOf":{"@id":"https:\/\/torrespardo.com\/#website"},"datePublished":"2022-11-29T11:15:00+00:00","breadcrumb":{"@id":"https:\/\/torrespardo.com\/en\/events\/35-congres-societat-catalana-de-cirurgia-ortopedica-i-traumatologia-%c2%b7-6-congres-de-la-societat-infermera-catalana-en-cot\/#breadcrumb"},"inLanguage":"en-US","potentialAction":[{"@type":"ReadAction","target":["https:\/\/torrespardo.com\/en\/events\/35-congres-societat-catalana-de-cirurgia-ortopedica-i-traumatologia-%c2%b7-6-congres-de-la-societat-infermera-catalana-en-cot\/"]}]},{"@type":"BreadcrumbList","@id":"https:\/\/torrespardo.com\/en\/events\/35-congres-societat-catalana-de-cirurgia-ortopedica-i-traumatologia-%c2%b7-6-congres-de-la-societat-infermera-catalana-en-cot\/#breadcrumb","itemListElement":[{"@type":"ListItem","position":1,"name":"Portada","item":"https:\/\/torrespardo.com\/en\/"},{"@type":"ListItem","position":2,"name":"Eventos","item":"https:\/\/torrespardo.com\/events\/"},{"@type":"ListItem","position":3,"name":"35 Congrés Societat Catalana de Cirurgia Ortopèdica i Traumatologia · 6 Congrés de La Societat Infermera Catalana en Cot"}]},{"@type":"WebSite","@id":"https:\/\/torrespardo.com\/#website","url":"https:\/\/torrespardo.com\/","name":"Torres Pardo","description":"Congress Management","potentialAction":[{"@type":"SearchAction","target":{"@type":"EntryPoint","urlTemplate":"https:\/\/torrespardo.com\/?s={search_term_string}"},"query-input":{"@type":"PropertyValueSpecification","valueRequired":true,"valueName":"search_term_string"}}],"inLanguage":"en-US"}]}</script>
<!-- / Yoast SEO plugin. -->

35 Congrés Societat Catalana de Cirurgia Ortopèdica i Traumatologia · 6 Congrés de La Societat Infermera Catalana en Cot - Torres Pardo

Dates 35 CONGRÉS SCCOT 18 i 19 de maig de 2023 6 CONGRÉS SICCOT 18 i 19 de maig de 2023 Seu Centre Cultural Terrassa LaFACT | Factoria Cultural de Terrassa Rambla d‘Ègara, 340 Terrassa, Barcelona Web www.sccot.cat Secretaria Tècnica Esther Torres Nàpols 187 2n 08013 Barcelona e.torres@torrespardo.com

35 Congrés Societat Catalana de Cirurgia Ortopèdica i Traumatologia · 6 Congrés de La Societat Infermera Catalana en Cot
