{"id":3368,"date":"2023-03-30T08:55:29","date_gmt":"2023-03-30T08:55:29","guid":{"rendered":"https:\/\/torrespardo.com\/events\/jornada-gemav-asamblea-gemav\/"},"modified":"2023-03-30T08:55:29","modified_gmt":"2023-03-30T08:55:29","slug":"jornada-gemav-asamblea-gemav","status":"publish","type":"mec-events","link":"https:\/\/torrespardo.com\/en\/events\/jornada-gemav-asamblea-gemav\/","title":{"rendered":"Jornada GEMAV | Asamblea GEMAV"},"content":{"rendered":"<p class=\"p1\">Inscripci\u00f3n presencial: 175 euros <span class=\"s1\">(iva incluido)<br \/>\n<\/span>Incluye: Documentaci\u00f3n, sesiones cient\u00edficas comida de trabajo, cena de la Jornada<\/p>\n<p class=\"p1\">Alojamiento: 60 euros\/noche <span class=\"s1\">(iva incluido)<br \/>\n<\/span>Incluye: Alojamiento y desayuno<\/p>\n<p class=\"p1\"><strong>INSCRIPCIONES Y ALOJAMIENTO<\/strong><br \/>\nEsther Torres<br \/>\ne.torres@torrespardo.com<\/p>\n<p class=\"p2\"><strong>SEDE<\/strong><br \/>\n<strong>PAGO DEL VICARIO<\/strong><br \/>\nCtra. Ciudad Real-Porzuna, km. 16<br \/>\nE-13080 Ciudad Real<br \/>\nTel: +(34) 926 666 027<br \/>\nwww.pagodelvicario.com<\/p>\n<p>DESCARGAR PROGRAMA <a href=\"https:\/\/torrespardo.com\/wp-content\/uploads\/2023\/03\/jornada_gemav_.pdf\">AQU\u00cd<\/a><\/p>\n","protected":false},"excerpt":{"rendered":"<p>Inscripci\u00f3n presencial: 175 euros (iva incluido) Incluye: Documentaci\u00f3n, sesiones cient\u00edficas comida de trabajo, cena de la Jornada Alojamiento: 60 euros\/noche (iva incluido) Incluye: Alojamiento y desayuno INSCRIPCIONES Y ALOJAMIENTO Esther Torres e.torres@torrespardo.com SEDE PAGO DEL VICARIO Ctra. Ciudad Real-Porzuna, km. 16 E-13080 Ciudad Real Tel: +(34) 926 666 027 www.pagodelvicario.com DESCARGAR PROGRAMA AQU\u00cd<\/p>\n","protected":false},"author":1,"featured_media":0,"comment_status":"open","ping_status":"closed","template":"","tags":[],"mec_category":[],"class_list":["post-3368","mec-events","type-mec-events","status-publish","hentry"],"yoast_head":"<!-- This site is optimized with the Yoast SEO plugin v27.5 - https:\/\/yoast.com\/product\/yoast-seo-wordpress\/ -->\n<title>Jornada GEMAV | Asamblea GEMAV - Torres Pardo<\/title>\n<meta name=\"robots\" content=\"index, follow, max-snippet:-1, max-image-preview:large, max-video-preview:-1\" \/>\n<link rel=\"canonical\" href=\"https:\/\/torrespardo.com\/en\/events\/jornada-gemav-asamblea-gemav\/\" \/>\n<meta property=\"og:locale\" content=\"en_US\" \/>\n<meta property=\"og:type\" content=\"article\" \/>\n<meta property=\"og:title\" content=\"Jornada GEMAV | Asamblea GEMAV - Torres Pardo\" \/>\n<meta property=\"og:description\" content=\"Inscripci\u00f3n presencial: 175 euros (iva incluido) Incluye: Documentaci\u00f3n, sesiones cient\u00edficas comida de trabajo, cena de la Jornada Alojamiento: 60 euros\/noche (iva incluido) Incluye: Alojamiento y desayuno INSCRIPCIONES Y ALOJAMIENTO Esther Torres e.torres@torrespardo.com SEDE PAGO DEL VICARIO Ctra. Ciudad Real-Porzuna, km. 16 E-13080 Ciudad Real Tel: +(34) 926 666 027 www.pagodelvicario.com DESCARGAR PROGRAMA AQU\u00cd\" \/>\n<meta property=\"og:url\" content=\"https:\/\/torrespardo.com\/en\/events\/jornada-gemav-asamblea-gemav\/\" \/>\n<meta property=\"og:site_name\" content=\"Torres Pardo\" \/>\n<meta name=\"twitter:card\" content=\"summary_large_image\" \/>\n<script type=\"application\/ld+json\" class=\"yoast-schema-graph\">{\"@context\":\"https:\\\/\\\/schema.org\",\"@graph\":[{\"@type\":\"WebPage\",\"@id\":\"https:\\\/\\\/torrespardo.com\\\/en\\\/events\\\/jornada-gemav-asamblea-gemav\\\/\",\"url\":\"https:\\\/\\\/torrespardo.com\\\/en\\\/events\\\/jornada-gemav-asamblea-gemav\\\/\",\"name\":\"Jornada GEMAV | Asamblea GEMAV - Torres Pardo\",\"isPartOf\":{\"@id\":\"https:\\\/\\\/torrespardo.com\\\/#website\"},\"datePublished\":\"2023-03-30T08:55:29+00:00\",\"breadcrumb\":{\"@id\":\"https:\\\/\\\/torrespardo.com\\\/en\\\/events\\\/jornada-gemav-asamblea-gemav\\\/#breadcrumb\"},\"inLanguage\":\"en-US\",\"potentialAction\":[{\"@type\":\"ReadAction\",\"target\":[\"https:\\\/\\\/torrespardo.com\\\/en\\\/events\\\/jornada-gemav-asamblea-gemav\\\/\"]}]},{\"@type\":\"BreadcrumbList\",\"@id\":\"https:\\\/\\\/torrespardo.com\\\/en\\\/events\\\/jornada-gemav-asamblea-gemav\\\/#breadcrumb\",\"itemListElement\":[{\"@type\":\"ListItem\",\"position\":1,\"name\":\"Portada\",\"item\":\"https:\\\/\\\/torrespardo.com\\\/en\\\/\"},{\"@type\":\"ListItem\",\"position\":2,\"name\":\"Eventos\",\"item\":\"https:\\\/\\\/torrespardo.com\\\/events\\\/\"},{\"@type\":\"ListItem\",\"position\":3,\"name\":\"Jornada GEMAV | Asamblea GEMAV\"}]},{\"@type\":\"WebSite\",\"@id\":\"https:\\\/\\\/torrespardo.com\\\/#website\",\"url\":\"https:\\\/\\\/torrespardo.com\\\/\",\"name\":\"Torres Pardo\",\"description\":\"Congress Management\",\"potentialAction\":[{\"@type\":\"SearchAction\",\"target\":{\"@type\":\"EntryPoint\",\"urlTemplate\":\"https:\\\/\\\/torrespardo.com\\\/?s={search_term_string}\"},\"query-input\":{\"@type\":\"PropertyValueSpecification\",\"valueRequired\":true,\"valueName\":\"search_term_string\"}}],\"inLanguage\":\"en-US\"}]}<\/script>\n<!-- \/ Yoast SEO plugin. -->","yoast_head_json":{"title":"Jornada GEMAV | Asamblea GEMAV - Torres Pardo","robots":{"index":"index","follow":"follow","max-snippet":"max-snippet:-1","max-image-preview":"max-image-preview:large","max-video-preview":"max-video-preview:-1"},"canonical":"https:\/\/torrespardo.com\/en\/events\/jornada-gemav-asamblea-gemav\/","og_locale":"en_US","og_type":"article","og_title":"Jornada GEMAV | Asamblea GEMAV - Torres Pardo","og_description":"Inscripci\u00f3n presencial: 175 euros (iva incluido) Incluye: Documentaci\u00f3n, sesiones cient\u00edficas comida de trabajo, cena de la Jornada Alojamiento: 60 euros\/noche (iva incluido) Incluye: Alojamiento y desayuno INSCRIPCIONES Y ALOJAMIENTO Esther Torres e.torres@torrespardo.com SEDE PAGO DEL VICARIO Ctra. Ciudad Real-Porzuna, km. 16 E-13080 Ciudad Real Tel: +(34) 926 666 027 www.pagodelvicario.com DESCARGAR PROGRAMA AQU\u00cd","og_url":"https:\/\/torrespardo.com\/en\/events\/jornada-gemav-asamblea-gemav\/","og_site_name":"Torres Pardo","twitter_card":"summary_large_image","schema":{"@context":"https:\/\/schema.org","@graph":[{"@type":"WebPage","@id":"https:\/\/torrespardo.com\/en\/events\/jornada-gemav-asamblea-gemav\/","url":"https:\/\/torrespardo.com\/en\/events\/jornada-gemav-asamblea-gemav\/","name":"Jornada GEMAV | Asamblea GEMAV - Torres Pardo","isPartOf":{"@id":"https:\/\/torrespardo.com\/#website"},"datePublished":"2023-03-30T08:55:29+00:00","breadcrumb":{"@id":"https:\/\/torrespardo.com\/en\/events\/jornada-gemav-asamblea-gemav\/#breadcrumb"},"inLanguage":"en-US","potentialAction":[{"@type":"ReadAction","target":["https:\/\/torrespardo.com\/en\/events\/jornada-gemav-asamblea-gemav\/"]}]},{"@type":"BreadcrumbList","@id":"https:\/\/torrespardo.com\/en\/events\/jornada-gemav-asamblea-gemav\/#breadcrumb","itemListElement":[{"@type":"ListItem","position":1,"name":"Portada","item":"https:\/\/torrespardo.com\/en\/"},{"@type":"ListItem","position":2,"name":"Eventos","item":"https:\/\/torrespardo.com\/events\/"},{"@type":"ListItem","position":3,"name":"Jornada GEMAV | Asamblea GEMAV"}]},{"@type":"WebSite","@id":"https:\/\/torrespardo.com\/#website","url":"https:\/\/torrespardo.com\/","name":"Torres Pardo","description":"Congress Management","potentialAction":[{"@type":"SearchAction","target":{"@type":"EntryPoint","urlTemplate":"https:\/\/torrespardo.com\/?s={search_term_string}"},"query-input":{"@type":"PropertyValueSpecification","valueRequired":true,"valueName":"search_term_string"}}],"inLanguage":"en-US"}]}},"_links":{"self":[{"href":"https:\/\/torrespardo.com\/en\/wp-json\/wp\/v2\/mec-events\/3368","targetHints":{"allow":["GET"]}}],"collection":[{"href":"https:\/\/torrespardo.com\/en\/wp-json\/wp\/v2\/mec-events"}],"about":[{"href":"https:\/\/torrespardo.com\/en\/wp-json\/wp\/v2\/types\/mec-events"}],"author":[{"embeddable":true,"href":"https:\/\/torrespardo.com\/en\/wp-json\/wp\/v2\/users\/1"}],"replies":[{"embeddable":true,"href":"https:\/\/torrespardo.com\/en\/wp-json\/wp\/v2\/comments?post=3368"}],"wp:attachment":[{"href":"https:\/\/torrespardo.com\/en\/wp-json\/wp\/v2\/media?parent=3368"}],"wp:term":[{"taxonomy":"post_tag","embeddable":true,"href":"https:\/\/torrespardo.com\/en\/wp-json\/wp\/v2\/tags?post=3368"},{"taxonomy":"mec_category","embeddable":true,"href":"https:\/\/torrespardo.com\/en\/wp-json\/wp\/v2\/mec_category?post=3368"}],"curies":[{"name":"wp","href":"https:\/\/api.w.org\/{rel}","templated":true}]}}

<p class="p1">Inscripción presencial: 175 euros <span class="s1">(iva incluido)<br />
</span>Incluye: Documentación, sesiones científicas comida de trabajo, cena de la Jornada</p>
<p class="p1">Alojamiento: 60 euros/noche <span class="s1">(iva incluido)<br />
</span>Incluye: Alojamiento y desayuno</p>
<p class="p1"><strong>INSCRIPCIONES Y ALOJAMIENTO</strong><br />
Esther Torres<br />
e.torres@torrespardo.com</p>
<p class="p2"><strong>SEDE</strong><br />
<strong>PAGO DEL VICARIO</strong><br />
Ctra. Ciudad Real-Porzuna, km. 16<br />
E-13080 Ciudad Real<br />
Tel: +(34) 926 666 027<br />
www.pagodelvicario.com</p>
<p>DESCARGAR PROGRAMA <a href="https://torrespardo.com/wp-content/uploads/2023/03/jornada_gemav_.pdf">AQUÍ</a></p>

<p>Inscripción presencial: 175 euros (iva incluido) Incluye: Documentación, sesiones científicas comida de trabajo, cena de la Jornada Alojamiento: 60 euros/noche (iva incluido) Incluye: Alojamiento y desayuno INSCRIPCIONES Y ALOJAMIENTO Esther Torres e.torres@torrespardo.com SEDE PAGO DEL VICARIO Ctra. Ciudad Real-Porzuna, km. 16 E-13080 Ciudad Real Tel: +(34) 926 666 027 www.pagodelvicario.com DESCARGAR PROGRAMA AQUÍ</p>

<!-- This site is optimized with the Yoast SEO plugin v27.5 - https://yoast.com/product/yoast-seo-wordpress/ -->
<title>Jornada GEMAV | Asamblea GEMAV - Torres Pardo</title>
<meta name="robots" content="index, follow, max-snippet:-1, max-image-preview:large, max-video-preview:-1" />
<link rel="canonical" href="https://torrespardo.com/en/events/jornada-gemav-asamblea-gemav/" />
<meta property="og:locale" content="en_US" />
<meta property="og:type" content="article" />
<meta property="og:title" content="Jornada GEMAV | Asamblea GEMAV - Torres Pardo" />
<meta property="og:description" content="Inscripción presencial: 175 euros (iva incluido) Incluye: Documentación, sesiones científicas comida de trabajo, cena de la Jornada Alojamiento: 60 euros/noche (iva incluido) Incluye: Alojamiento y desayuno INSCRIPCIONES Y ALOJAMIENTO Esther Torres e.torres@torrespardo.com SEDE PAGO DEL VICARIO Ctra. Ciudad Real-Porzuna, km. 16 E-13080 Ciudad Real Tel: +(34) 926 666 027 www.pagodelvicario.com DESCARGAR PROGRAMA AQUÍ" />
<meta property="og:url" content="https://torrespardo.com/en/events/jornada-gemav-asamblea-gemav/" />
<meta property="og:site_name" content="Torres Pardo" />
<meta name="twitter:card" content="summary_large_image" />
<script type="application/ld+json" class="yoast-schema-graph">{"@context":"https:\/\/schema.org","@graph":[{"@type":"WebPage","@id":"https:\/\/torrespardo.com\/en\/events\/jornada-gemav-asamblea-gemav\/","url":"https:\/\/torrespardo.com\/en\/events\/jornada-gemav-asamblea-gemav\/","name":"Jornada GEMAV | Asamblea GEMAV - Torres Pardo","isPartOf":{"@id":"https:\/\/torrespardo.com\/#website"},"datePublished":"2023-03-30T08:55:29+00:00","breadcrumb":{"@id":"https:\/\/torrespardo.com\/en\/events\/jornada-gemav-asamblea-gemav\/#breadcrumb"},"inLanguage":"en-US","potentialAction":[{"@type":"ReadAction","target":["https:\/\/torrespardo.com\/en\/events\/jornada-gemav-asamblea-gemav\/"]}]},{"@type":"BreadcrumbList","@id":"https:\/\/torrespardo.com\/en\/events\/jornada-gemav-asamblea-gemav\/#breadcrumb","itemListElement":[{"@type":"ListItem","position":1,"name":"Portada","item":"https:\/\/torrespardo.com\/en\/"},{"@type":"ListItem","position":2,"name":"Eventos","item":"https:\/\/torrespardo.com\/events\/"},{"@type":"ListItem","position":3,"name":"Jornada GEMAV | Asamblea GEMAV"}]},{"@type":"WebSite","@id":"https:\/\/torrespardo.com\/#website","url":"https:\/\/torrespardo.com\/","name":"Torres Pardo","description":"Congress Management","potentialAction":[{"@type":"SearchAction","target":{"@type":"EntryPoint","urlTemplate":"https:\/\/torrespardo.com\/?s={search_term_string}"},"query-input":{"@type":"PropertyValueSpecification","valueRequired":true,"valueName":"search_term_string"}}],"inLanguage":"en-US"}]}</script>
<!-- / Yoast SEO plugin. -->

Inscripción presencial: 175 euros (iva incluido) Incluye: Documentación, sesiones científicas comida de trabajo, cena de la Jornada Alojamiento: 60 euros/noche (iva incluido) Incluye: Alojamiento y desayuno INSCRIPCIONES Y ALOJAMIENTO Esther Torres e.torres@torrespardo.com SEDE PAGO DEL VICARIO Ctra. Ciudad Real-Porzuna, km. 16 E-13080 Ciudad Real Tel: +(34) 926 666 027 www.pagodelvicario.com DESCARGAR PROGRAMA AQUÍ
