{"id":3595,"date":"2023-07-17T11:45:38","date_gmt":"2023-07-17T11:45:38","guid":{"rendered":"https:\/\/torrespardo.com\/events\/44-congreso-semcpt\/"},"modified":"2024-02-19T09:59:26","modified_gmt":"2024-02-19T09:59:26","slug":"44-congreso-semcpt","status":"publish","type":"mec-events","link":"https:\/\/torrespardo.com\/en\/events\/44-congreso-semcpt\/","title":{"rendered":"44 CONGRESO SEMCPT"},"content":{"rendered":"<p><strong>Presidente del Congreso<\/strong><span class=\"Apple-converted-space\"><br \/>\n<\/span>Miguel Dom\u00ednguez Mel\u00e9ndez<\/p>\n<p><strong>Toda la informaci\u00f3n disponible en el sitio web del Congreso<\/strong><br \/>\n<a href=\"https:\/\/congresos-semcpt.com\/SEMCPT2024\" target=\"_blank\" rel=\"noopener\">https:\/\/congresos-semcpt.com\/SEMCPT2024<\/a><\/p>\n<p><strong>Inscripciones<\/strong><br \/>\nDesde el sitio web del Congreso. Pulse <a href=\"https:\/\/congresos-semcpt.com\/SEMCPT2024\/inscripciones\/individuales\">aqu\u00ed<\/a> para acceder a la plataforma<\/p>\n<p><strong>Sitio web de la sociedad<\/strong><a href=\"http:\/\/http;\/\/www.semcpt.es\"><br \/>\nwww.semcpt.es<\/a><\/p>\n","protected":false},"excerpt":{"rendered":"<p>Presidente del Congreso Miguel Dom\u00ednguez Mel\u00e9ndez Toda la informaci\u00f3n disponible en el sitio web del Congreso https:\/\/congresos-semcpt.com\/SEMCPT2024 Inscripciones Desde el sitio web del Congreso. Pulse aqu\u00ed para acceder a la plataforma Sitio web de la sociedad www.semcpt.es<\/p>\n","protected":false},"author":1,"featured_media":0,"comment_status":"open","ping_status":"closed","template":"","tags":[],"mec_category":[],"class_list":["post-3595","mec-events","type-mec-events","status-publish","hentry"],"yoast_head":"<!-- This site is optimized with the Yoast SEO plugin v27.5 - https:\/\/yoast.com\/product\/yoast-seo-wordpress\/ -->\n<title>44 CONGRESO SEMCPT - Torres Pardo<\/title>\n<meta name=\"robots\" content=\"index, follow, max-snippet:-1, max-image-preview:large, max-video-preview:-1\" \/>\n<link rel=\"canonical\" href=\"https:\/\/torrespardo.com\/en\/events\/44-congreso-semcpt\/\" \/>\n<meta property=\"og:locale\" content=\"en_US\" \/>\n<meta property=\"og:type\" content=\"article\" \/>\n<meta property=\"og:title\" content=\"44 CONGRESO SEMCPT - Torres Pardo\" \/>\n<meta property=\"og:description\" content=\"Presidente del Congreso Miguel Dom\u00ednguez Mel\u00e9ndez Toda la informaci\u00f3n disponible en el sitio web del Congreso https:\/\/congresos-semcpt.com\/SEMCPT2024 Inscripciones Desde el sitio web del Congreso. Pulse aqu\u00ed para acceder a la plataforma Sitio web de la sociedad www.semcpt.es\" \/>\n<meta property=\"og:url\" content=\"https:\/\/torrespardo.com\/en\/events\/44-congreso-semcpt\/\" \/>\n<meta property=\"og:site_name\" content=\"Torres Pardo\" \/>\n<meta property=\"article:modified_time\" content=\"2024-02-19T09:59:26+00:00\" \/>\n<meta name=\"twitter:card\" content=\"summary_large_image\" \/>\n<meta name=\"twitter:label1\" content=\"Est. reading time\" \/>\n\t<meta name=\"twitter:data1\" content=\"1 minute\" \/>\n<script type=\"application\/ld+json\" class=\"yoast-schema-graph\">{\"@context\":\"https:\\\/\\\/schema.org\",\"@graph\":[{\"@type\":\"WebPage\",\"@id\":\"https:\\\/\\\/torrespardo.com\\\/en\\\/events\\\/44-congreso-semcpt\\\/\",\"url\":\"https:\\\/\\\/torrespardo.com\\\/en\\\/events\\\/44-congreso-semcpt\\\/\",\"name\":\"44 CONGRESO SEMCPT - Torres Pardo\",\"isPartOf\":{\"@id\":\"https:\\\/\\\/torrespardo.com\\\/#website\"},\"datePublished\":\"2023-07-17T11:45:38+00:00\",\"dateModified\":\"2024-02-19T09:59:26+00:00\",\"breadcrumb\":{\"@id\":\"https:\\\/\\\/torrespardo.com\\\/en\\\/events\\\/44-congreso-semcpt\\\/#breadcrumb\"},\"inLanguage\":\"en-US\",\"potentialAction\":[{\"@type\":\"ReadAction\",\"target\":[\"https:\\\/\\\/torrespardo.com\\\/en\\\/events\\\/44-congreso-semcpt\\\/\"]}]},{\"@type\":\"BreadcrumbList\",\"@id\":\"https:\\\/\\\/torrespardo.com\\\/en\\\/events\\\/44-congreso-semcpt\\\/#breadcrumb\",\"itemListElement\":[{\"@type\":\"ListItem\",\"position\":1,\"name\":\"Portada\",\"item\":\"https:\\\/\\\/torrespardo.com\\\/en\\\/\"},{\"@type\":\"ListItem\",\"position\":2,\"name\":\"Eventos\",\"item\":\"https:\\\/\\\/torrespardo.com\\\/events\\\/\"},{\"@type\":\"ListItem\",\"position\":3,\"name\":\"44 CONGRESO SEMCPT\"}]},{\"@type\":\"WebSite\",\"@id\":\"https:\\\/\\\/torrespardo.com\\\/#website\",\"url\":\"https:\\\/\\\/torrespardo.com\\\/\",\"name\":\"Torres Pardo\",\"description\":\"Congress Management\",\"potentialAction\":[{\"@type\":\"SearchAction\",\"target\":{\"@type\":\"EntryPoint\",\"urlTemplate\":\"https:\\\/\\\/torrespardo.com\\\/?s={search_term_string}\"},\"query-input\":{\"@type\":\"PropertyValueSpecification\",\"valueRequired\":true,\"valueName\":\"search_term_string\"}}],\"inLanguage\":\"en-US\"}]}<\/script>\n<!-- \/ Yoast SEO plugin. -->","yoast_head_json":{"title":"44 CONGRESO SEMCPT - Torres Pardo","robots":{"index":"index","follow":"follow","max-snippet":"max-snippet:-1","max-image-preview":"max-image-preview:large","max-video-preview":"max-video-preview:-1"},"canonical":"https:\/\/torrespardo.com\/en\/events\/44-congreso-semcpt\/","og_locale":"en_US","og_type":"article","og_title":"44 CONGRESO SEMCPT - Torres Pardo","og_description":"Presidente del Congreso Miguel Dom\u00ednguez Mel\u00e9ndez Toda la informaci\u00f3n disponible en el sitio web del Congreso https:\/\/congresos-semcpt.com\/SEMCPT2024 Inscripciones Desde el sitio web del Congreso. Pulse aqu\u00ed para acceder a la plataforma Sitio web de la sociedad www.semcpt.es","og_url":"https:\/\/torrespardo.com\/en\/events\/44-congreso-semcpt\/","og_site_name":"Torres Pardo","article_modified_time":"2024-02-19T09:59:26+00:00","twitter_card":"summary_large_image","twitter_misc":{"Est. reading time":"1 minute"},"schema":{"@context":"https:\/\/schema.org","@graph":[{"@type":"WebPage","@id":"https:\/\/torrespardo.com\/en\/events\/44-congreso-semcpt\/","url":"https:\/\/torrespardo.com\/en\/events\/44-congreso-semcpt\/","name":"44 CONGRESO SEMCPT - Torres Pardo","isPartOf":{"@id":"https:\/\/torrespardo.com\/#website"},"datePublished":"2023-07-17T11:45:38+00:00","dateModified":"2024-02-19T09:59:26+00:00","breadcrumb":{"@id":"https:\/\/torrespardo.com\/en\/events\/44-congreso-semcpt\/#breadcrumb"},"inLanguage":"en-US","potentialAction":[{"@type":"ReadAction","target":["https:\/\/torrespardo.com\/en\/events\/44-congreso-semcpt\/"]}]},{"@type":"BreadcrumbList","@id":"https:\/\/torrespardo.com\/en\/events\/44-congreso-semcpt\/#breadcrumb","itemListElement":[{"@type":"ListItem","position":1,"name":"Portada","item":"https:\/\/torrespardo.com\/en\/"},{"@type":"ListItem","position":2,"name":"Eventos","item":"https:\/\/torrespardo.com\/events\/"},{"@type":"ListItem","position":3,"name":"44 CONGRESO SEMCPT"}]},{"@type":"WebSite","@id":"https:\/\/torrespardo.com\/#website","url":"https:\/\/torrespardo.com\/","name":"Torres Pardo","description":"Congress Management","potentialAction":[{"@type":"SearchAction","target":{"@type":"EntryPoint","urlTemplate":"https:\/\/torrespardo.com\/?s={search_term_string}"},"query-input":{"@type":"PropertyValueSpecification","valueRequired":true,"valueName":"search_term_string"}}],"inLanguage":"en-US"}]}},"_links":{"self":[{"href":"https:\/\/torrespardo.com\/en\/wp-json\/wp\/v2\/mec-events\/3595","targetHints":{"allow":["GET"]}}],"collection":[{"href":"https:\/\/torrespardo.com\/en\/wp-json\/wp\/v2\/mec-events"}],"about":[{"href":"https:\/\/torrespardo.com\/en\/wp-json\/wp\/v2\/types\/mec-events"}],"author":[{"embeddable":true,"href":"https:\/\/torrespardo.com\/en\/wp-json\/wp\/v2\/users\/1"}],"replies":[{"embeddable":true,"href":"https:\/\/torrespardo.com\/en\/wp-json\/wp\/v2\/comments?post=3595"}],"wp:attachment":[{"href":"https:\/\/torrespardo.com\/en\/wp-json\/wp\/v2\/media?parent=3595"}],"wp:term":[{"taxonomy":"post_tag","embeddable":true,"href":"https:\/\/torrespardo.com\/en\/wp-json\/wp\/v2\/tags?post=3595"},{"taxonomy":"mec_category","embeddable":true,"href":"https:\/\/torrespardo.com\/en\/wp-json\/wp\/v2\/mec_category?post=3595"}],"curies":[{"name":"wp","href":"https:\/\/api.w.org\/{rel}","templated":true}]}}

<p><strong>Presidente del Congreso</strong><span class="Apple-converted-space"><br />
</span>Miguel Domínguez Meléndez</p>
<p><strong>Toda la información disponible en el sitio web del Congreso</strong><br />
<a href="https://congresos-semcpt.com/SEMCPT2024" target="_blank" rel="noopener">https://congresos-semcpt.com/SEMCPT2024</a></p>
<p><strong>Inscripciones</strong><br />
Desde el sitio web del Congreso. Pulse <a href="https://congresos-semcpt.com/SEMCPT2024/inscripciones/individuales">aquí</a> para acceder a la plataforma</p>
<p><strong>Sitio web de la sociedad</strong><a href="http://http;//www.semcpt.es"><br />
www.semcpt.es</a></p>

<p>Presidente del Congreso Miguel Domínguez Meléndez Toda la información disponible en el sitio web del Congreso https://congresos-semcpt.com/SEMCPT2024 Inscripciones Desde el sitio web del Congreso. Pulse aquí para acceder a la plataforma Sitio web de la sociedad www.semcpt.es</p>

<!-- This site is optimized with the Yoast SEO plugin v27.5 - https://yoast.com/product/yoast-seo-wordpress/ -->
<title>44 CONGRESO SEMCPT - Torres Pardo</title>
<meta name="robots" content="index, follow, max-snippet:-1, max-image-preview:large, max-video-preview:-1" />
<link rel="canonical" href="https://torrespardo.com/en/events/44-congreso-semcpt/" />
<meta property="og:locale" content="en_US" />
<meta property="og:type" content="article" />
<meta property="og:title" content="44 CONGRESO SEMCPT - Torres Pardo" />
<meta property="og:description" content="Presidente del Congreso Miguel Domínguez Meléndez Toda la información disponible en el sitio web del Congreso https://congresos-semcpt.com/SEMCPT2024 Inscripciones Desde el sitio web del Congreso. Pulse aquí para acceder a la plataforma Sitio web de la sociedad www.semcpt.es" />
<meta property="og:url" content="https://torrespardo.com/en/events/44-congreso-semcpt/" />
<meta property="og:site_name" content="Torres Pardo" />
<meta property="article:modified_time" content="2024-02-19T09:59:26+00:00" />
<meta name="twitter:card" content="summary_large_image" />
<meta name="twitter:label1" content="Est. reading time" />
	<meta name="twitter:data1" content="1 minute" />
<script type="application/ld+json" class="yoast-schema-graph">{"@context":"https:\/\/schema.org","@graph":[{"@type":"WebPage","@id":"https:\/\/torrespardo.com\/en\/events\/44-congreso-semcpt\/","url":"https:\/\/torrespardo.com\/en\/events\/44-congreso-semcpt\/","name":"44 CONGRESO SEMCPT - Torres Pardo","isPartOf":{"@id":"https:\/\/torrespardo.com\/#website"},"datePublished":"2023-07-17T11:45:38+00:00","dateModified":"2024-02-19T09:59:26+00:00","breadcrumb":{"@id":"https:\/\/torrespardo.com\/en\/events\/44-congreso-semcpt\/#breadcrumb"},"inLanguage":"en-US","potentialAction":[{"@type":"ReadAction","target":["https:\/\/torrespardo.com\/en\/events\/44-congreso-semcpt\/"]}]},{"@type":"BreadcrumbList","@id":"https:\/\/torrespardo.com\/en\/events\/44-congreso-semcpt\/#breadcrumb","itemListElement":[{"@type":"ListItem","position":1,"name":"Portada","item":"https:\/\/torrespardo.com\/en\/"},{"@type":"ListItem","position":2,"name":"Eventos","item":"https:\/\/torrespardo.com\/events\/"},{"@type":"ListItem","position":3,"name":"44 CONGRESO SEMCPT"}]},{"@type":"WebSite","@id":"https:\/\/torrespardo.com\/#website","url":"https:\/\/torrespardo.com\/","name":"Torres Pardo","description":"Congress Management","potentialAction":[{"@type":"SearchAction","target":{"@type":"EntryPoint","urlTemplate":"https:\/\/torrespardo.com\/?s={search_term_string}"},"query-input":{"@type":"PropertyValueSpecification","valueRequired":true,"valueName":"search_term_string"}}],"inLanguage":"en-US"}]}</script>
<!-- / Yoast SEO plugin. -->

Presidente del Congreso Miguel Domínguez Meléndez Toda la información disponible en el sitio web del Congreso https://congresos-semcpt.com/SEMCPT2024 Inscripciones Desde el sitio web del Congreso. Pulse aquí para acceder a la plataforma Sitio web de la sociedad www.semcpt.es
