{"id":3765,"date":"2023-09-18T08:36:27","date_gmt":"2023-09-18T06:36:27","guid":{"rendered":"https:\/\/torrespardo.com\/events\/26-congreso-secca\/"},"modified":"2024-12-02T11:06:24","modified_gmt":"2024-12-02T10:06:24","slug":"26-congreso-secca","status":"publish","type":"mec-events","link":"https:\/\/torrespardo.com\/en\/events\/26-congreso-secca\/","title":{"rendered":"26 CONGRESO SECCA"},"content":{"rendered":"<p><strong>Secretar\u00eda t\u00e9cnica<\/strong><br \/>\nTorres Pardo<br \/>\nCalle N\u00e0pols 187, 2\u00ba 08013 Barcelona<br \/>\nTel. +34 93 246 35 66<br \/>\nSra. Esther Torres<br \/>\n<a href=\"mailto:e.torres@torrespardo.com\"><span class=\"s1\">e.torres@torrespardo.com<\/span><\/a><\/p>\n<p><img fetchpriority=\"high\" decoding=\"async\" class=\"size-medium wp-image-5088 alignleft\" src=\"https:\/\/torrespardo.com\/wp-content\/uploads\/2023\/09\/Captura-de-pantalla-2024-12-02-a-las-11.05.08-222x300.png\" alt=\"\" width=\"222\" height=\"300\" srcset=\"https:\/\/torrespardo.com\/wp-content\/uploads\/2023\/09\/Captura-de-pantalla-2024-12-02-a-las-11.05.08-222x300.png 222w, https:\/\/torrespardo.com\/wp-content\/uploads\/2023\/09\/Captura-de-pantalla-2024-12-02-a-las-11.05.08-759x1024.png 759w, https:\/\/torrespardo.com\/wp-content\/uploads\/2023\/09\/Captura-de-pantalla-2024-12-02-a-las-11.05.08-768x1036.png 768w, https:\/\/torrespardo.com\/wp-content\/uploads\/2023\/09\/Captura-de-pantalla-2024-12-02-a-las-11.05.08-1138x1536.png 1138w, https:\/\/torrespardo.com\/wp-content\/uploads\/2023\/09\/Captura-de-pantalla-2024-12-02-a-las-11.05.08.png 1168w\" sizes=\"(max-width: 222px) 100vw, 222px\" \/><\/p>\n<p>&nbsp;<\/p>\n","protected":false},"excerpt":{"rendered":"<p>Secretar\u00eda t\u00e9cnica Torres Pardo Calle N\u00e0pols 187, 2\u00ba 08013 Barcelona Tel. +34 93 246 35 66 Sra. Esther Torres e.torres@torrespardo.com &nbsp;<\/p>\n","protected":false},"author":1,"featured_media":0,"comment_status":"open","ping_status":"closed","template":"","tags":[],"mec_category":[],"class_list":["post-3765","mec-events","type-mec-events","status-publish","hentry"],"yoast_head":"<!-- This site is optimized with the Yoast SEO plugin v27.5 - https:\/\/yoast.com\/product\/yoast-seo-wordpress\/ -->\n<title>26 CONGRESO SECCA - Torres Pardo<\/title>\n<meta name=\"robots\" content=\"index, follow, max-snippet:-1, max-image-preview:large, max-video-preview:-1\" \/>\n<link rel=\"canonical\" href=\"https:\/\/torrespardo.com\/en\/events\/26-congreso-secca\/\" \/>\n<meta property=\"og:locale\" content=\"en_US\" \/>\n<meta property=\"og:type\" content=\"article\" \/>\n<meta property=\"og:title\" content=\"26 CONGRESO SECCA - Torres Pardo\" \/>\n<meta property=\"og:description\" content=\"Secretar\u00eda t\u00e9cnica Torres Pardo Calle N\u00e0pols 187, 2\u00ba 08013 Barcelona Tel. +34 93 246 35 66 Sra. Esther Torres e.torres@torrespardo.com &nbsp;\" \/>\n<meta property=\"og:url\" content=\"https:\/\/torrespardo.com\/en\/events\/26-congreso-secca\/\" \/>\n<meta property=\"og:site_name\" content=\"Torres Pardo\" \/>\n<meta property=\"article:modified_time\" content=\"2024-12-02T10:06:24+00:00\" \/>\n<meta property=\"og:image\" content=\"https:\/\/torrespardo.com\/wp-content\/uploads\/2023\/09\/Captura-de-pantalla-2024-12-02-a-las-11.05.08.png\" \/>\n\t<meta property=\"og:image:width\" content=\"1168\" \/>\n\t<meta property=\"og:image:height\" content=\"1576\" \/>\n\t<meta property=\"og:image:type\" content=\"image\/png\" \/>\n<meta name=\"twitter:card\" content=\"summary_large_image\" \/>\n<meta name=\"twitter:label1\" content=\"Est. reading time\" \/>\n\t<meta name=\"twitter:data1\" content=\"1 minute\" \/>\n<script type=\"application\/ld+json\" class=\"yoast-schema-graph\">{\"@context\":\"https:\\\/\\\/schema.org\",\"@graph\":[{\"@type\":\"WebPage\",\"@id\":\"https:\\\/\\\/torrespardo.com\\\/en\\\/events\\\/26-congreso-secca\\\/\",\"url\":\"https:\\\/\\\/torrespardo.com\\\/en\\\/events\\\/26-congreso-secca\\\/\",\"name\":\"26 CONGRESO SECCA - Torres Pardo\",\"isPartOf\":{\"@id\":\"https:\\\/\\\/torrespardo.com\\\/#website\"},\"primaryImageOfPage\":{\"@id\":\"https:\\\/\\\/torrespardo.com\\\/en\\\/events\\\/26-congreso-secca\\\/#primaryimage\"},\"image\":{\"@id\":\"https:\\\/\\\/torrespardo.com\\\/en\\\/events\\\/26-congreso-secca\\\/#primaryimage\"},\"thumbnailUrl\":\"https:\\\/\\\/torrespardo.com\\\/wp-content\\\/uploads\\\/2023\\\/09\\\/Captura-de-pantalla-2024-12-02-a-las-11.05.08-222x300.png\",\"datePublished\":\"2023-09-18T06:36:27+00:00\",\"dateModified\":\"2024-12-02T10:06:24+00:00\",\"breadcrumb\":{\"@id\":\"https:\\\/\\\/torrespardo.com\\\/en\\\/events\\\/26-congreso-secca\\\/#breadcrumb\"},\"inLanguage\":\"en-US\",\"potentialAction\":[{\"@type\":\"ReadAction\",\"target\":[\"https:\\\/\\\/torrespardo.com\\\/en\\\/events\\\/26-congreso-secca\\\/\"]}]},{\"@type\":\"ImageObject\",\"inLanguage\":\"en-US\",\"@id\":\"https:\\\/\\\/torrespardo.com\\\/en\\\/events\\\/26-congreso-secca\\\/#primaryimage\",\"url\":\"https:\\\/\\\/torrespardo.com\\\/wp-content\\\/uploads\\\/2023\\\/09\\\/Captura-de-pantalla-2024-12-02-a-las-11.05.08-222x300.png\",\"contentUrl\":\"https:\\\/\\\/torrespardo.com\\\/wp-content\\\/uploads\\\/2023\\\/09\\\/Captura-de-pantalla-2024-12-02-a-las-11.05.08-222x300.png\"},{\"@type\":\"BreadcrumbList\",\"@id\":\"https:\\\/\\\/torrespardo.com\\\/en\\\/events\\\/26-congreso-secca\\\/#breadcrumb\",\"itemListElement\":[{\"@type\":\"ListItem\",\"position\":1,\"name\":\"Portada\",\"item\":\"https:\\\/\\\/torrespardo.com\\\/en\\\/\"},{\"@type\":\"ListItem\",\"position\":2,\"name\":\"Eventos\",\"item\":\"https:\\\/\\\/torrespardo.com\\\/events\\\/\"},{\"@type\":\"ListItem\",\"position\":3,\"name\":\"26 CONGRESO SECCA\"}]},{\"@type\":\"WebSite\",\"@id\":\"https:\\\/\\\/torrespardo.com\\\/#website\",\"url\":\"https:\\\/\\\/torrespardo.com\\\/\",\"name\":\"Torres Pardo\",\"description\":\"Congress Management\",\"potentialAction\":[{\"@type\":\"SearchAction\",\"target\":{\"@type\":\"EntryPoint\",\"urlTemplate\":\"https:\\\/\\\/torrespardo.com\\\/?s={search_term_string}\"},\"query-input\":{\"@type\":\"PropertyValueSpecification\",\"valueRequired\":true,\"valueName\":\"search_term_string\"}}],\"inLanguage\":\"en-US\"}]}<\/script>\n<!-- \/ Yoast SEO plugin. -->","yoast_head_json":{"title":"26 CONGRESO SECCA - Torres Pardo","robots":{"index":"index","follow":"follow","max-snippet":"max-snippet:-1","max-image-preview":"max-image-preview:large","max-video-preview":"max-video-preview:-1"},"canonical":"https:\/\/torrespardo.com\/en\/events\/26-congreso-secca\/","og_locale":"en_US","og_type":"article","og_title":"26 CONGRESO SECCA - Torres Pardo","og_description":"Secretar\u00eda t\u00e9cnica Torres Pardo Calle N\u00e0pols 187, 2\u00ba 08013 Barcelona Tel. +34 93 246 35 66 Sra. Esther Torres e.torres@torrespardo.com &nbsp;","og_url":"https:\/\/torrespardo.com\/en\/events\/26-congreso-secca\/","og_site_name":"Torres Pardo","article_modified_time":"2024-12-02T10:06:24+00:00","og_image":[{"width":1168,"height":1576,"url":"https:\/\/torrespardo.com\/wp-content\/uploads\/2023\/09\/Captura-de-pantalla-2024-12-02-a-las-11.05.08.png","type":"image\/png"}],"twitter_card":"summary_large_image","twitter_misc":{"Est. reading time":"1 minute"},"schema":{"@context":"https:\/\/schema.org","@graph":[{"@type":"WebPage","@id":"https:\/\/torrespardo.com\/en\/events\/26-congreso-secca\/","url":"https:\/\/torrespardo.com\/en\/events\/26-congreso-secca\/","name":"26 CONGRESO SECCA - Torres Pardo","isPartOf":{"@id":"https:\/\/torrespardo.com\/#website"},"primaryImageOfPage":{"@id":"https:\/\/torrespardo.com\/en\/events\/26-congreso-secca\/#primaryimage"},"image":{"@id":"https:\/\/torrespardo.com\/en\/events\/26-congreso-secca\/#primaryimage"},"thumbnailUrl":"https:\/\/torrespardo.com\/wp-content\/uploads\/2023\/09\/Captura-de-pantalla-2024-12-02-a-las-11.05.08-222x300.png","datePublished":"2023-09-18T06:36:27+00:00","dateModified":"2024-12-02T10:06:24+00:00","breadcrumb":{"@id":"https:\/\/torrespardo.com\/en\/events\/26-congreso-secca\/#breadcrumb"},"inLanguage":"en-US","potentialAction":[{"@type":"ReadAction","target":["https:\/\/torrespardo.com\/en\/events\/26-congreso-secca\/"]}]},{"@type":"ImageObject","inLanguage":"en-US","@id":"https:\/\/torrespardo.com\/en\/events\/26-congreso-secca\/#primaryimage","url":"https:\/\/torrespardo.com\/wp-content\/uploads\/2023\/09\/Captura-de-pantalla-2024-12-02-a-las-11.05.08-222x300.png","contentUrl":"https:\/\/torrespardo.com\/wp-content\/uploads\/2023\/09\/Captura-de-pantalla-2024-12-02-a-las-11.05.08-222x300.png"},{"@type":"BreadcrumbList","@id":"https:\/\/torrespardo.com\/en\/events\/26-congreso-secca\/#breadcrumb","itemListElement":[{"@type":"ListItem","position":1,"name":"Portada","item":"https:\/\/torrespardo.com\/en\/"},{"@type":"ListItem","position":2,"name":"Eventos","item":"https:\/\/torrespardo.com\/events\/"},{"@type":"ListItem","position":3,"name":"26 CONGRESO SECCA"}]},{"@type":"WebSite","@id":"https:\/\/torrespardo.com\/#website","url":"https:\/\/torrespardo.com\/","name":"Torres Pardo","description":"Congress Management","potentialAction":[{"@type":"SearchAction","target":{"@type":"EntryPoint","urlTemplate":"https:\/\/torrespardo.com\/?s={search_term_string}"},"query-input":{"@type":"PropertyValueSpecification","valueRequired":true,"valueName":"search_term_string"}}],"inLanguage":"en-US"}]}},"_links":{"self":[{"href":"https:\/\/torrespardo.com\/en\/wp-json\/wp\/v2\/mec-events\/3765","targetHints":{"allow":["GET"]}}],"collection":[{"href":"https:\/\/torrespardo.com\/en\/wp-json\/wp\/v2\/mec-events"}],"about":[{"href":"https:\/\/torrespardo.com\/en\/wp-json\/wp\/v2\/types\/mec-events"}],"author":[{"embeddable":true,"href":"https:\/\/torrespardo.com\/en\/wp-json\/wp\/v2\/users\/1"}],"replies":[{"embeddable":true,"href":"https:\/\/torrespardo.com\/en\/wp-json\/wp\/v2\/comments?post=3765"}],"wp:attachment":[{"href":"https:\/\/torrespardo.com\/en\/wp-json\/wp\/v2\/media?parent=3765"}],"wp:term":[{"taxonomy":"post_tag","embeddable":true,"href":"https:\/\/torrespardo.com\/en\/wp-json\/wp\/v2\/tags?post=3765"},{"taxonomy":"mec_category","embeddable":true,"href":"https:\/\/torrespardo.com\/en\/wp-json\/wp\/v2\/mec_category?post=3765"}],"curies":[{"name":"wp","href":"https:\/\/api.w.org\/{rel}","templated":true}]}}

<p><strong>Secretaría técnica</strong><br />
Torres Pardo<br />
Calle Nàpols 187, 2º 08013 Barcelona<br />
Tel. +34 93 246 35 66<br />
Sra. Esther Torres<br />
<a href="mailto:e.torres@torrespardo.com"><span class="s1">e.torres@torrespardo.com</span></a></p>
<p><img fetchpriority="high" decoding="async" class="size-medium wp-image-5088 alignleft" src="https://torrespardo.com/wp-content/uploads/2023/09/Captura-de-pantalla-2024-12-02-a-las-11.05.08-222x300.png" alt="" width="222" height="300" srcset="https://torrespardo.com/wp-content/uploads/2023/09/Captura-de-pantalla-2024-12-02-a-las-11.05.08-222x300.png 222w, https://torrespardo.com/wp-content/uploads/2023/09/Captura-de-pantalla-2024-12-02-a-las-11.05.08-759x1024.png 759w, https://torrespardo.com/wp-content/uploads/2023/09/Captura-de-pantalla-2024-12-02-a-las-11.05.08-768x1036.png 768w, https://torrespardo.com/wp-content/uploads/2023/09/Captura-de-pantalla-2024-12-02-a-las-11.05.08-1138x1536.png 1138w, https://torrespardo.com/wp-content/uploads/2023/09/Captura-de-pantalla-2024-12-02-a-las-11.05.08.png 1168w" sizes="(max-width: 222px) 100vw, 222px" /></p>
<p>&nbsp;</p>

<p>Secretaría técnica Torres Pardo Calle Nàpols 187, 2º 08013 Barcelona Tel. +34 93 246 35 66 Sra. Esther Torres e.torres@torrespardo.com &nbsp;</p>

<!-- This site is optimized with the Yoast SEO plugin v27.5 - https://yoast.com/product/yoast-seo-wordpress/ -->
<title>26 CONGRESO SECCA - Torres Pardo</title>
<meta name="robots" content="index, follow, max-snippet:-1, max-image-preview:large, max-video-preview:-1" />
<link rel="canonical" href="https://torrespardo.com/en/events/26-congreso-secca/" />
<meta property="og:locale" content="en_US" />
<meta property="og:type" content="article" />
<meta property="og:title" content="26 CONGRESO SECCA - Torres Pardo" />
<meta property="og:description" content="Secretaría técnica Torres Pardo Calle Nàpols 187, 2º 08013 Barcelona Tel. +34 93 246 35 66 Sra. Esther Torres e.torres@torrespardo.com &nbsp;" />
<meta property="og:url" content="https://torrespardo.com/en/events/26-congreso-secca/" />
<meta property="og:site_name" content="Torres Pardo" />
<meta property="article:modified_time" content="2024-12-02T10:06:24+00:00" />
<meta property="og:image" content="https://torrespardo.com/wp-content/uploads/2023/09/Captura-de-pantalla-2024-12-02-a-las-11.05.08.png" />
	<meta property="og:image:width" content="1168" />
	<meta property="og:image:height" content="1576" />
	<meta property="og:image:type" content="image/png" />
<meta name="twitter:card" content="summary_large_image" />
<meta name="twitter:label1" content="Est. reading time" />
	<meta name="twitter:data1" content="1 minute" />
<script type="application/ld+json" class="yoast-schema-graph">{"@context":"https:\/\/schema.org","@graph":[{"@type":"WebPage","@id":"https:\/\/torrespardo.com\/en\/events\/26-congreso-secca\/","url":"https:\/\/torrespardo.com\/en\/events\/26-congreso-secca\/","name":"26 CONGRESO SECCA - Torres Pardo","isPartOf":{"@id":"https:\/\/torrespardo.com\/#website"},"primaryImageOfPage":{"@id":"https:\/\/torrespardo.com\/en\/events\/26-congreso-secca\/#primaryimage"},"image":{"@id":"https:\/\/torrespardo.com\/en\/events\/26-congreso-secca\/#primaryimage"},"thumbnailUrl":"https:\/\/torrespardo.com\/wp-content\/uploads\/2023\/09\/Captura-de-pantalla-2024-12-02-a-las-11.05.08-222x300.png","datePublished":"2023-09-18T06:36:27+00:00","dateModified":"2024-12-02T10:06:24+00:00","breadcrumb":{"@id":"https:\/\/torrespardo.com\/en\/events\/26-congreso-secca\/#breadcrumb"},"inLanguage":"en-US","potentialAction":[{"@type":"ReadAction","target":["https:\/\/torrespardo.com\/en\/events\/26-congreso-secca\/"]}]},{"@type":"ImageObject","inLanguage":"en-US","@id":"https:\/\/torrespardo.com\/en\/events\/26-congreso-secca\/#primaryimage","url":"https:\/\/torrespardo.com\/wp-content\/uploads\/2023\/09\/Captura-de-pantalla-2024-12-02-a-las-11.05.08-222x300.png","contentUrl":"https:\/\/torrespardo.com\/wp-content\/uploads\/2023\/09\/Captura-de-pantalla-2024-12-02-a-las-11.05.08-222x300.png"},{"@type":"BreadcrumbList","@id":"https:\/\/torrespardo.com\/en\/events\/26-congreso-secca\/#breadcrumb","itemListElement":[{"@type":"ListItem","position":1,"name":"Portada","item":"https:\/\/torrespardo.com\/en\/"},{"@type":"ListItem","position":2,"name":"Eventos","item":"https:\/\/torrespardo.com\/events\/"},{"@type":"ListItem","position":3,"name":"26 CONGRESO SECCA"}]},{"@type":"WebSite","@id":"https:\/\/torrespardo.com\/#website","url":"https:\/\/torrespardo.com\/","name":"Torres Pardo","description":"Congress Management","potentialAction":[{"@type":"SearchAction","target":{"@type":"EntryPoint","urlTemplate":"https:\/\/torrespardo.com\/?s={search_term_string}"},"query-input":{"@type":"PropertyValueSpecification","valueRequired":true,"valueName":"search_term_string"}}],"inLanguage":"en-US"}]}</script>
<!-- / Yoast SEO plugin. -->

Secretaría técnica Torres Pardo Calle Nàpols 187, 2º 08013 Barcelona Tel. +34 93 246 35 66 Sra. Esther Torres e.torres@torrespardo.com &nbsp;
