{"id":4671,"date":"2024-09-03T13:16:10","date_gmt":"2024-09-03T11:16:10","guid":{"rendered":"https:\/\/torrespardo.com\/events\/8th-meeting-bkam-barcelona-knee-associated-meeting\/"},"modified":"2024-12-09T11:58:03","modified_gmt":"2024-12-09T10:58:03","slug":"8th-meeting-bkam-barcelona-knee-associated-meeting","status":"publish","type":"mec-events","link":"https:\/\/torrespardo.com\/en\/events\/8th-meeting-bkam-barcelona-knee-associated-meeting\/","title":{"rendered":"8th meeting BKAM &#8211; Barcelona Knee Associated Meeting"},"content":{"rendered":"<p class=\"p2\"><strong>THE MOST IMPORTANT KNEE EVENT IN BARCELONA!<\/strong><\/p>\n<p class=\"p1\"><strong>ORGANIZA<br \/>\n<\/strong><\/p>\n<p class=\"p1\"><strong>Francisco Macul\u00e9<\/strong><br \/>\nHospital Cl\u00ednic<\/p>\n<p class=\"p1\"><strong>Joan Carles Monllau<\/strong><br \/>\nParc de Salut Mar<\/p>\n<p class=\"p1\"><strong>Jos\u00e9 A. Hern\u00e1ndez Hermoso<\/strong><br \/>\nHospital Germans Trias i Pujol<\/p>\n<p class=\"p1\"><strong>Joan Minguell<\/strong><br \/>\nHospital Vall d\u2019Hebron<\/p>\n<p class=\"p1\"><strong>Pedro Hinarejos<\/strong><br \/>\nParc de Salut Mar<\/p>\n<p class=\"p1\"><strong>Juan Ram\u00f3n Amillo<\/strong><br \/>\nHospital de Viladecans<\/p>\n<p>All the information at <a href=\"http:\/\/www.bkam.info\">www.bkam.info<\/a><\/p>\n<p class=\"p1\"><strong>\u00a0<\/strong><\/p>\n","protected":false},"excerpt":{"rendered":"<p>THE MOST IMPORTANT KNEE EVENT IN BARCELONA! ORGANIZA Francisco Macul\u00e9 Hospital Cl\u00ednic Joan Carles Monllau Parc de Salut Mar Jos\u00e9 A. Hern\u00e1ndez Hermoso Hospital Germans Trias i Pujol Joan Minguell Hospital Vall d\u2019Hebron Pedro Hinarejos Parc de Salut Mar Juan Ram\u00f3n Amillo Hospital de Viladecans All the information at www.bkam.info \u00a0<\/p>\n","protected":false},"author":1,"featured_media":0,"comment_status":"open","ping_status":"closed","template":"","tags":[],"mec_category":[],"class_list":["post-4671","mec-events","type-mec-events","status-publish","hentry"],"yoast_head":"<!-- This site is optimized with the Yoast SEO plugin v27.5 - https:\/\/yoast.com\/product\/yoast-seo-wordpress\/ -->\n<title>8th meeting BKAM - Barcelona Knee Associated Meeting - Torres Pardo<\/title>\n<meta name=\"robots\" content=\"index, follow, max-snippet:-1, max-image-preview:large, max-video-preview:-1\" \/>\n<link rel=\"canonical\" href=\"https:\/\/torrespardo.com\/en\/events\/8th-meeting-bkam-barcelona-knee-associated-meeting\/\" \/>\n<meta property=\"og:locale\" content=\"en_US\" \/>\n<meta property=\"og:type\" content=\"article\" \/>\n<meta property=\"og:title\" content=\"8th meeting BKAM - Barcelona Knee Associated Meeting - Torres Pardo\" \/>\n<meta property=\"og:description\" content=\"THE MOST IMPORTANT KNEE EVENT IN BARCELONA! ORGANIZA Francisco Macul\u00e9 Hospital Cl\u00ednic Joan Carles Monllau Parc de Salut Mar Jos\u00e9 A. Hern\u00e1ndez Hermoso Hospital Germans Trias i Pujol Joan Minguell Hospital Vall d\u2019Hebron Pedro Hinarejos Parc de Salut Mar Juan Ram\u00f3n Amillo Hospital de Viladecans All the information at www.bkam.info \u00a0\" \/>\n<meta property=\"og:url\" content=\"https:\/\/torrespardo.com\/en\/events\/8th-meeting-bkam-barcelona-knee-associated-meeting\/\" \/>\n<meta property=\"og:site_name\" content=\"Torres Pardo\" \/>\n<meta property=\"article:modified_time\" content=\"2024-12-09T10:58:03+00:00\" \/>\n<meta name=\"twitter:card\" content=\"summary_large_image\" \/>\n<meta name=\"twitter:label1\" content=\"Est. reading time\" \/>\n\t<meta name=\"twitter:data1\" content=\"1 minute\" \/>\n<script type=\"application\/ld+json\" class=\"yoast-schema-graph\">{\"@context\":\"https:\\\/\\\/schema.org\",\"@graph\":[{\"@type\":\"WebPage\",\"@id\":\"https:\\\/\\\/torrespardo.com\\\/en\\\/events\\\/8th-meeting-bkam-barcelona-knee-associated-meeting\\\/\",\"url\":\"https:\\\/\\\/torrespardo.com\\\/en\\\/events\\\/8th-meeting-bkam-barcelona-knee-associated-meeting\\\/\",\"name\":\"8th meeting BKAM - Barcelona Knee Associated Meeting - Torres Pardo\",\"isPartOf\":{\"@id\":\"https:\\\/\\\/torrespardo.com\\\/#website\"},\"datePublished\":\"2024-09-03T11:16:10+00:00\",\"dateModified\":\"2024-12-09T10:58:03+00:00\",\"breadcrumb\":{\"@id\":\"https:\\\/\\\/torrespardo.com\\\/en\\\/events\\\/8th-meeting-bkam-barcelona-knee-associated-meeting\\\/#breadcrumb\"},\"inLanguage\":\"en-US\",\"potentialAction\":[{\"@type\":\"ReadAction\",\"target\":[\"https:\\\/\\\/torrespardo.com\\\/en\\\/events\\\/8th-meeting-bkam-barcelona-knee-associated-meeting\\\/\"]}]},{\"@type\":\"BreadcrumbList\",\"@id\":\"https:\\\/\\\/torrespardo.com\\\/en\\\/events\\\/8th-meeting-bkam-barcelona-knee-associated-meeting\\\/#breadcrumb\",\"itemListElement\":[{\"@type\":\"ListItem\",\"position\":1,\"name\":\"Portada\",\"item\":\"https:\\\/\\\/torrespardo.com\\\/en\\\/\"},{\"@type\":\"ListItem\",\"position\":2,\"name\":\"Eventos\",\"item\":\"https:\\\/\\\/torrespardo.com\\\/events\\\/\"},{\"@type\":\"ListItem\",\"position\":3,\"name\":\"8th meeting BKAM &#8211; Barcelona Knee Associated Meeting\"}]},{\"@type\":\"WebSite\",\"@id\":\"https:\\\/\\\/torrespardo.com\\\/#website\",\"url\":\"https:\\\/\\\/torrespardo.com\\\/\",\"name\":\"Torres Pardo\",\"description\":\"Congress Management\",\"potentialAction\":[{\"@type\":\"SearchAction\",\"target\":{\"@type\":\"EntryPoint\",\"urlTemplate\":\"https:\\\/\\\/torrespardo.com\\\/?s={search_term_string}\"},\"query-input\":{\"@type\":\"PropertyValueSpecification\",\"valueRequired\":true,\"valueName\":\"search_term_string\"}}],\"inLanguage\":\"en-US\"}]}<\/script>\n<!-- \/ Yoast SEO plugin. -->","yoast_head_json":{"title":"8th meeting BKAM - Barcelona Knee Associated Meeting - Torres Pardo","robots":{"index":"index","follow":"follow","max-snippet":"max-snippet:-1","max-image-preview":"max-image-preview:large","max-video-preview":"max-video-preview:-1"},"canonical":"https:\/\/torrespardo.com\/en\/events\/8th-meeting-bkam-barcelona-knee-associated-meeting\/","og_locale":"en_US","og_type":"article","og_title":"8th meeting BKAM - Barcelona Knee Associated Meeting - Torres Pardo","og_description":"THE MOST IMPORTANT KNEE EVENT IN BARCELONA! ORGANIZA Francisco Macul\u00e9 Hospital Cl\u00ednic Joan Carles Monllau Parc de Salut Mar Jos\u00e9 A. Hern\u00e1ndez Hermoso Hospital Germans Trias i Pujol Joan Minguell Hospital Vall d\u2019Hebron Pedro Hinarejos Parc de Salut Mar Juan Ram\u00f3n Amillo Hospital de Viladecans All the information at www.bkam.info \u00a0","og_url":"https:\/\/torrespardo.com\/en\/events\/8th-meeting-bkam-barcelona-knee-associated-meeting\/","og_site_name":"Torres Pardo","article_modified_time":"2024-12-09T10:58:03+00:00","twitter_card":"summary_large_image","twitter_misc":{"Est. reading time":"1 minute"},"schema":{"@context":"https:\/\/schema.org","@graph":[{"@type":"WebPage","@id":"https:\/\/torrespardo.com\/en\/events\/8th-meeting-bkam-barcelona-knee-associated-meeting\/","url":"https:\/\/torrespardo.com\/en\/events\/8th-meeting-bkam-barcelona-knee-associated-meeting\/","name":"8th meeting BKAM - Barcelona Knee Associated Meeting - Torres Pardo","isPartOf":{"@id":"https:\/\/torrespardo.com\/#website"},"datePublished":"2024-09-03T11:16:10+00:00","dateModified":"2024-12-09T10:58:03+00:00","breadcrumb":{"@id":"https:\/\/torrespardo.com\/en\/events\/8th-meeting-bkam-barcelona-knee-associated-meeting\/#breadcrumb"},"inLanguage":"en-US","potentialAction":[{"@type":"ReadAction","target":["https:\/\/torrespardo.com\/en\/events\/8th-meeting-bkam-barcelona-knee-associated-meeting\/"]}]},{"@type":"BreadcrumbList","@id":"https:\/\/torrespardo.com\/en\/events\/8th-meeting-bkam-barcelona-knee-associated-meeting\/#breadcrumb","itemListElement":[{"@type":"ListItem","position":1,"name":"Portada","item":"https:\/\/torrespardo.com\/en\/"},{"@type":"ListItem","position":2,"name":"Eventos","item":"https:\/\/torrespardo.com\/events\/"},{"@type":"ListItem","position":3,"name":"8th meeting BKAM &#8211; Barcelona Knee Associated Meeting"}]},{"@type":"WebSite","@id":"https:\/\/torrespardo.com\/#website","url":"https:\/\/torrespardo.com\/","name":"Torres Pardo","description":"Congress Management","potentialAction":[{"@type":"SearchAction","target":{"@type":"EntryPoint","urlTemplate":"https:\/\/torrespardo.com\/?s={search_term_string}"},"query-input":{"@type":"PropertyValueSpecification","valueRequired":true,"valueName":"search_term_string"}}],"inLanguage":"en-US"}]}},"_links":{"self":[{"href":"https:\/\/torrespardo.com\/en\/wp-json\/wp\/v2\/mec-events\/4671","targetHints":{"allow":["GET"]}}],"collection":[{"href":"https:\/\/torrespardo.com\/en\/wp-json\/wp\/v2\/mec-events"}],"about":[{"href":"https:\/\/torrespardo.com\/en\/wp-json\/wp\/v2\/types\/mec-events"}],"author":[{"embeddable":true,"href":"https:\/\/torrespardo.com\/en\/wp-json\/wp\/v2\/users\/1"}],"replies":[{"embeddable":true,"href":"https:\/\/torrespardo.com\/en\/wp-json\/wp\/v2\/comments?post=4671"}],"wp:attachment":[{"href":"https:\/\/torrespardo.com\/en\/wp-json\/wp\/v2\/media?parent=4671"}],"wp:term":[{"taxonomy":"post_tag","embeddable":true,"href":"https:\/\/torrespardo.com\/en\/wp-json\/wp\/v2\/tags?post=4671"},{"taxonomy":"mec_category","embeddable":true,"href":"https:\/\/torrespardo.com\/en\/wp-json\/wp\/v2\/mec_category?post=4671"}],"curies":[{"name":"wp","href":"https:\/\/api.w.org\/{rel}","templated":true}]}}

<p class="p2"><strong>THE MOST IMPORTANT KNEE EVENT IN BARCELONA!</strong></p>
<p class="p1"><strong>ORGANIZA<br />
</strong></p>
<p class="p1"><strong>Francisco Maculé</strong><br />
Hospital Clínic</p>
<p class="p1"><strong>Joan Carles Monllau</strong><br />
Parc de Salut Mar</p>
<p class="p1"><strong>José A. Hernández Hermoso</strong><br />
Hospital Germans Trias i Pujol</p>
<p class="p1"><strong>Joan Minguell</strong><br />
Hospital Vall d’Hebron</p>
<p class="p1"><strong>Pedro Hinarejos</strong><br />
Parc de Salut Mar</p>
<p class="p1"><strong>Juan Ramón Amillo</strong><br />
Hospital de Viladecans</p>
<p>All the information at <a href="http://www.bkam.info">www.bkam.info</a></p>
<p class="p1"><strong> </strong></p>

<p>THE MOST IMPORTANT KNEE EVENT IN BARCELONA! ORGANIZA Francisco Maculé Hospital Clínic Joan Carles Monllau Parc de Salut Mar José A. Hernández Hermoso Hospital Germans Trias i Pujol Joan Minguell Hospital Vall d’Hebron Pedro Hinarejos Parc de Salut Mar Juan Ramón Amillo Hospital de Viladecans All the information at www.bkam.info  </p>

<!-- This site is optimized with the Yoast SEO plugin v27.5 - https://yoast.com/product/yoast-seo-wordpress/ -->
<title>8th meeting BKAM - Barcelona Knee Associated Meeting - Torres Pardo</title>
<meta name="robots" content="index, follow, max-snippet:-1, max-image-preview:large, max-video-preview:-1" />
<link rel="canonical" href="https://torrespardo.com/en/events/8th-meeting-bkam-barcelona-knee-associated-meeting/" />
<meta property="og:locale" content="en_US" />
<meta property="og:type" content="article" />
<meta property="og:title" content="8th meeting BKAM - Barcelona Knee Associated Meeting - Torres Pardo" />
<meta property="og:description" content="THE MOST IMPORTANT KNEE EVENT IN BARCELONA! ORGANIZA Francisco Maculé Hospital Clínic Joan Carles Monllau Parc de Salut Mar José A. Hernández Hermoso Hospital Germans Trias i Pujol Joan Minguell Hospital Vall d’Hebron Pedro Hinarejos Parc de Salut Mar Juan Ramón Amillo Hospital de Viladecans All the information at www.bkam.info  " />
<meta property="og:url" content="https://torrespardo.com/en/events/8th-meeting-bkam-barcelona-knee-associated-meeting/" />
<meta property="og:site_name" content="Torres Pardo" />
<meta property="article:modified_time" content="2024-12-09T10:58:03+00:00" />
<meta name="twitter:card" content="summary_large_image" />
<meta name="twitter:label1" content="Est. reading time" />
	<meta name="twitter:data1" content="1 minute" />
<script type="application/ld+json" class="yoast-schema-graph">{"@context":"https:\/\/schema.org","@graph":[{"@type":"WebPage","@id":"https:\/\/torrespardo.com\/en\/events\/8th-meeting-bkam-barcelona-knee-associated-meeting\/","url":"https:\/\/torrespardo.com\/en\/events\/8th-meeting-bkam-barcelona-knee-associated-meeting\/","name":"8th meeting BKAM - Barcelona Knee Associated Meeting - Torres Pardo","isPartOf":{"@id":"https:\/\/torrespardo.com\/#website"},"datePublished":"2024-09-03T11:16:10+00:00","dateModified":"2024-12-09T10:58:03+00:00","breadcrumb":{"@id":"https:\/\/torrespardo.com\/en\/events\/8th-meeting-bkam-barcelona-knee-associated-meeting\/#breadcrumb"},"inLanguage":"en-US","potentialAction":[{"@type":"ReadAction","target":["https:\/\/torrespardo.com\/en\/events\/8th-meeting-bkam-barcelona-knee-associated-meeting\/"]}]},{"@type":"BreadcrumbList","@id":"https:\/\/torrespardo.com\/en\/events\/8th-meeting-bkam-barcelona-knee-associated-meeting\/#breadcrumb","itemListElement":[{"@type":"ListItem","position":1,"name":"Portada","item":"https:\/\/torrespardo.com\/en\/"},{"@type":"ListItem","position":2,"name":"Eventos","item":"https:\/\/torrespardo.com\/events\/"},{"@type":"ListItem","position":3,"name":"8th meeting BKAM &#8211; Barcelona Knee Associated Meeting"}]},{"@type":"WebSite","@id":"https:\/\/torrespardo.com\/#website","url":"https:\/\/torrespardo.com\/","name":"Torres Pardo","description":"Congress Management","potentialAction":[{"@type":"SearchAction","target":{"@type":"EntryPoint","urlTemplate":"https:\/\/torrespardo.com\/?s={search_term_string}"},"query-input":{"@type":"PropertyValueSpecification","valueRequired":true,"valueName":"search_term_string"}}],"inLanguage":"en-US"}]}</script>
<!-- / Yoast SEO plugin. -->

THE MOST IMPORTANT KNEE EVENT IN BARCELONA! ORGANIZA Francisco Maculé Hospital Clínic Joan Carles Monllau Parc de Salut Mar José A. Hernández Hermoso Hospital Germans Trias i Pujol Joan Minguell Hospital Vall d’Hebron Pedro Hinarejos Parc de Salut Mar Juan Ramón Amillo Hospital de Viladecans All the information at www.bkam.info
