{"id":5366,"date":"2025-03-12T10:26:15","date_gmt":"2025-03-12T09:26:15","guid":{"rendered":"https:\/\/torrespardo.com\/events\/54-curso-de-enfermedades-de-los-pies-a-viladot\/"},"modified":"2025-04-22T10:27:01","modified_gmt":"2025-04-22T08:27:01","slug":"54-curso-de-enfermedades-de-los-pies-a-viladot","status":"publish","type":"mec-events","link":"https:\/\/torrespardo.com\/en\/events\/54-curso-de-enfermedades-de-los-pies-a-viladot\/","title":{"rendered":"54 Curso de enfermedades de los pies \u201cA. VILADOT\u201d"},"content":{"rendered":"<p><strong>54 Curso de enfermedades de los pies \u201cA. VILADOT\u201d \/\u00a052 Jornadas de actualizaci\u00f3n<\/strong><\/p>\n<p class=\"p2\"><strong>Organizaci\u00f3n cient\u00edfica<\/strong><br \/>\nDr. F. \u00c1lvarez<br \/>\nDr. A. Dalmau<br \/>\nDr. X. Mart\u00edn<br \/>\nDr. E. Rabat<\/p>\n<p class=\"p2\"><strong>Director em\u00e9rito<br \/>\n<\/strong>Dr. A. Viladot Voegeli<\/p>\n<p><a href=\"https:\/\/torrespardo.com\/wp-content\/uploads\/2025\/04\/programa_54_curso_enfermedades_pie-1.pdf\">Ver programa<\/a><\/p>\n","protected":false},"excerpt":{"rendered":"<p>54 Curso de enfermedades de los pies \u201cA. VILADOT\u201d \/\u00a052 Jornadas de actualizaci\u00f3n Organizaci\u00f3n cient\u00edfica Dr. F. \u00c1lvarez Dr. A. Dalmau Dr. X. Mart\u00edn Dr. E. Rabat Director em\u00e9rito Dr. A. Viladot Voegeli Ver programa<\/p>\n","protected":false},"author":1,"featured_media":0,"comment_status":"closed","ping_status":"closed","template":"","tags":[],"mec_category":[],"class_list":["post-5366","mec-events","type-mec-events","status-publish","hentry"],"yoast_head":"<!-- This site is optimized with the Yoast SEO plugin v27.5 - https:\/\/yoast.com\/product\/yoast-seo-wordpress\/ -->\n<title>54 Curso de enfermedades de los pies \u201cA. VILADOT\u201d - Torres Pardo<\/title>\n<meta name=\"robots\" content=\"index, follow, max-snippet:-1, max-image-preview:large, max-video-preview:-1\" \/>\n<link rel=\"canonical\" href=\"https:\/\/torrespardo.com\/en\/events\/54-curso-de-enfermedades-de-los-pies-a-viladot\/\" \/>\n<meta property=\"og:locale\" content=\"en_US\" \/>\n<meta property=\"og:type\" content=\"article\" \/>\n<meta property=\"og:title\" content=\"54 Curso de enfermedades de los pies \u201cA. VILADOT\u201d - Torres Pardo\" \/>\n<meta property=\"og:description\" content=\"54 Curso de enfermedades de los pies \u201cA. VILADOT\u201d \/\u00a052 Jornadas de actualizaci\u00f3n Organizaci\u00f3n cient\u00edfica Dr. F. \u00c1lvarez Dr. A. Dalmau Dr. X. Mart\u00edn Dr. E. Rabat Director em\u00e9rito Dr. A. Viladot Voegeli Ver programa\" \/>\n<meta property=\"og:url\" content=\"https:\/\/torrespardo.com\/en\/events\/54-curso-de-enfermedades-de-los-pies-a-viladot\/\" \/>\n<meta property=\"og:site_name\" content=\"Torres Pardo\" \/>\n<meta property=\"article:modified_time\" content=\"2025-04-22T08:27:01+00:00\" \/>\n<meta name=\"twitter:card\" content=\"summary_large_image\" \/>\n<meta name=\"twitter:label1\" content=\"Est. reading time\" \/>\n\t<meta name=\"twitter:data1\" content=\"1 minute\" \/>\n<script type=\"application\/ld+json\" class=\"yoast-schema-graph\">{\"@context\":\"https:\\\/\\\/schema.org\",\"@graph\":[{\"@type\":\"WebPage\",\"@id\":\"https:\\\/\\\/torrespardo.com\\\/en\\\/events\\\/54-curso-de-enfermedades-de-los-pies-a-viladot\\\/\",\"url\":\"https:\\\/\\\/torrespardo.com\\\/en\\\/events\\\/54-curso-de-enfermedades-de-los-pies-a-viladot\\\/\",\"name\":\"54 Curso de enfermedades de los pies \u201cA. VILADOT\u201d - Torres Pardo\",\"isPartOf\":{\"@id\":\"https:\\\/\\\/torrespardo.com\\\/#website\"},\"datePublished\":\"2025-03-12T09:26:15+00:00\",\"dateModified\":\"2025-04-22T08:27:01+00:00\",\"breadcrumb\":{\"@id\":\"https:\\\/\\\/torrespardo.com\\\/en\\\/events\\\/54-curso-de-enfermedades-de-los-pies-a-viladot\\\/#breadcrumb\"},\"inLanguage\":\"en-US\",\"potentialAction\":[{\"@type\":\"ReadAction\",\"target\":[\"https:\\\/\\\/torrespardo.com\\\/en\\\/events\\\/54-curso-de-enfermedades-de-los-pies-a-viladot\\\/\"]}]},{\"@type\":\"BreadcrumbList\",\"@id\":\"https:\\\/\\\/torrespardo.com\\\/en\\\/events\\\/54-curso-de-enfermedades-de-los-pies-a-viladot\\\/#breadcrumb\",\"itemListElement\":[{\"@type\":\"ListItem\",\"position\":1,\"name\":\"Portada\",\"item\":\"https:\\\/\\\/torrespardo.com\\\/en\\\/\"},{\"@type\":\"ListItem\",\"position\":2,\"name\":\"Eventos\",\"item\":\"https:\\\/\\\/torrespardo.com\\\/events\\\/\"},{\"@type\":\"ListItem\",\"position\":3,\"name\":\"54 Curso de enfermedades de los pies \u201cA. VILADOT\u201d\"}]},{\"@type\":\"WebSite\",\"@id\":\"https:\\\/\\\/torrespardo.com\\\/#website\",\"url\":\"https:\\\/\\\/torrespardo.com\\\/\",\"name\":\"Torres Pardo\",\"description\":\"Congress Management\",\"potentialAction\":[{\"@type\":\"SearchAction\",\"target\":{\"@type\":\"EntryPoint\",\"urlTemplate\":\"https:\\\/\\\/torrespardo.com\\\/?s={search_term_string}\"},\"query-input\":{\"@type\":\"PropertyValueSpecification\",\"valueRequired\":true,\"valueName\":\"search_term_string\"}}],\"inLanguage\":\"en-US\"}]}<\/script>\n<!-- \/ Yoast SEO plugin. -->","yoast_head_json":{"title":"54 Curso de enfermedades de los pies \u201cA. VILADOT\u201d - Torres Pardo","robots":{"index":"index","follow":"follow","max-snippet":"max-snippet:-1","max-image-preview":"max-image-preview:large","max-video-preview":"max-video-preview:-1"},"canonical":"https:\/\/torrespardo.com\/en\/events\/54-curso-de-enfermedades-de-los-pies-a-viladot\/","og_locale":"en_US","og_type":"article","og_title":"54 Curso de enfermedades de los pies \u201cA. VILADOT\u201d - Torres Pardo","og_description":"54 Curso de enfermedades de los pies \u201cA. VILADOT\u201d \/\u00a052 Jornadas de actualizaci\u00f3n Organizaci\u00f3n cient\u00edfica Dr. F. \u00c1lvarez Dr. A. Dalmau Dr. X. Mart\u00edn Dr. E. Rabat Director em\u00e9rito Dr. A. Viladot Voegeli Ver programa","og_url":"https:\/\/torrespardo.com\/en\/events\/54-curso-de-enfermedades-de-los-pies-a-viladot\/","og_site_name":"Torres Pardo","article_modified_time":"2025-04-22T08:27:01+00:00","twitter_card":"summary_large_image","twitter_misc":{"Est. reading time":"1 minute"},"schema":{"@context":"https:\/\/schema.org","@graph":[{"@type":"WebPage","@id":"https:\/\/torrespardo.com\/en\/events\/54-curso-de-enfermedades-de-los-pies-a-viladot\/","url":"https:\/\/torrespardo.com\/en\/events\/54-curso-de-enfermedades-de-los-pies-a-viladot\/","name":"54 Curso de enfermedades de los pies \u201cA. VILADOT\u201d - Torres Pardo","isPartOf":{"@id":"https:\/\/torrespardo.com\/#website"},"datePublished":"2025-03-12T09:26:15+00:00","dateModified":"2025-04-22T08:27:01+00:00","breadcrumb":{"@id":"https:\/\/torrespardo.com\/en\/events\/54-curso-de-enfermedades-de-los-pies-a-viladot\/#breadcrumb"},"inLanguage":"en-US","potentialAction":[{"@type":"ReadAction","target":["https:\/\/torrespardo.com\/en\/events\/54-curso-de-enfermedades-de-los-pies-a-viladot\/"]}]},{"@type":"BreadcrumbList","@id":"https:\/\/torrespardo.com\/en\/events\/54-curso-de-enfermedades-de-los-pies-a-viladot\/#breadcrumb","itemListElement":[{"@type":"ListItem","position":1,"name":"Portada","item":"https:\/\/torrespardo.com\/en\/"},{"@type":"ListItem","position":2,"name":"Eventos","item":"https:\/\/torrespardo.com\/events\/"},{"@type":"ListItem","position":3,"name":"54 Curso de enfermedades de los pies \u201cA. VILADOT\u201d"}]},{"@type":"WebSite","@id":"https:\/\/torrespardo.com\/#website","url":"https:\/\/torrespardo.com\/","name":"Torres Pardo","description":"Congress Management","potentialAction":[{"@type":"SearchAction","target":{"@type":"EntryPoint","urlTemplate":"https:\/\/torrespardo.com\/?s={search_term_string}"},"query-input":{"@type":"PropertyValueSpecification","valueRequired":true,"valueName":"search_term_string"}}],"inLanguage":"en-US"}]}},"_links":{"self":[{"href":"https:\/\/torrespardo.com\/en\/wp-json\/wp\/v2\/mec-events\/5366","targetHints":{"allow":["GET"]}}],"collection":[{"href":"https:\/\/torrespardo.com\/en\/wp-json\/wp\/v2\/mec-events"}],"about":[{"href":"https:\/\/torrespardo.com\/en\/wp-json\/wp\/v2\/types\/mec-events"}],"author":[{"embeddable":true,"href":"https:\/\/torrespardo.com\/en\/wp-json\/wp\/v2\/users\/1"}],"replies":[{"embeddable":true,"href":"https:\/\/torrespardo.com\/en\/wp-json\/wp\/v2\/comments?post=5366"}],"wp:attachment":[{"href":"https:\/\/torrespardo.com\/en\/wp-json\/wp\/v2\/media?parent=5366"}],"wp:term":[{"taxonomy":"post_tag","embeddable":true,"href":"https:\/\/torrespardo.com\/en\/wp-json\/wp\/v2\/tags?post=5366"},{"taxonomy":"mec_category","embeddable":true,"href":"https:\/\/torrespardo.com\/en\/wp-json\/wp\/v2\/mec_category?post=5366"}],"curies":[{"name":"wp","href":"https:\/\/api.w.org\/{rel}","templated":true}]}}

<p><strong>54 Curso de enfermedades de los pies “A. VILADOT” / 52 Jornadas de actualización</strong></p>
<p class="p2"><strong>Organización científica</strong><br />
Dr. F. Álvarez<br />
Dr. A. Dalmau<br />
Dr. X. Martín<br />
Dr. E. Rabat</p>
<p class="p2"><strong>Director emérito<br />
</strong>Dr. A. Viladot Voegeli</p>
<p><a href="https://torrespardo.com/wp-content/uploads/2025/04/programa_54_curso_enfermedades_pie-1.pdf">Ver programa</a></p>

<p>54 Curso de enfermedades de los pies “A. VILADOT” / 52 Jornadas de actualización Organización científica Dr. F. Álvarez Dr. A. Dalmau Dr. X. Martín Dr. E. Rabat Director emérito Dr. A. Viladot Voegeli Ver programa</p>

<!-- This site is optimized with the Yoast SEO plugin v27.5 - https://yoast.com/product/yoast-seo-wordpress/ -->
<title>54 Curso de enfermedades de los pies “A. VILADOT” - Torres Pardo</title>
<meta name="robots" content="index, follow, max-snippet:-1, max-image-preview:large, max-video-preview:-1" />
<link rel="canonical" href="https://torrespardo.com/en/events/54-curso-de-enfermedades-de-los-pies-a-viladot/" />
<meta property="og:locale" content="en_US" />
<meta property="og:type" content="article" />
<meta property="og:title" content="54 Curso de enfermedades de los pies “A. VILADOT” - Torres Pardo" />
<meta property="og:description" content="54 Curso de enfermedades de los pies “A. VILADOT” / 52 Jornadas de actualización Organización científica Dr. F. Álvarez Dr. A. Dalmau Dr. X. Martín Dr. E. Rabat Director emérito Dr. A. Viladot Voegeli Ver programa" />
<meta property="og:url" content="https://torrespardo.com/en/events/54-curso-de-enfermedades-de-los-pies-a-viladot/" />
<meta property="og:site_name" content="Torres Pardo" />
<meta property="article:modified_time" content="2025-04-22T08:27:01+00:00" />
<meta name="twitter:card" content="summary_large_image" />
<meta name="twitter:label1" content="Est. reading time" />
	<meta name="twitter:data1" content="1 minute" />
<script type="application/ld+json" class="yoast-schema-graph">{"@context":"https:\/\/schema.org","@graph":[{"@type":"WebPage","@id":"https:\/\/torrespardo.com\/en\/events\/54-curso-de-enfermedades-de-los-pies-a-viladot\/","url":"https:\/\/torrespardo.com\/en\/events\/54-curso-de-enfermedades-de-los-pies-a-viladot\/","name":"54 Curso de enfermedades de los pies “A. VILADOT” - Torres Pardo","isPartOf":{"@id":"https:\/\/torrespardo.com\/#website"},"datePublished":"2025-03-12T09:26:15+00:00","dateModified":"2025-04-22T08:27:01+00:00","breadcrumb":{"@id":"https:\/\/torrespardo.com\/en\/events\/54-curso-de-enfermedades-de-los-pies-a-viladot\/#breadcrumb"},"inLanguage":"en-US","potentialAction":[{"@type":"ReadAction","target":["https:\/\/torrespardo.com\/en\/events\/54-curso-de-enfermedades-de-los-pies-a-viladot\/"]}]},{"@type":"BreadcrumbList","@id":"https:\/\/torrespardo.com\/en\/events\/54-curso-de-enfermedades-de-los-pies-a-viladot\/#breadcrumb","itemListElement":[{"@type":"ListItem","position":1,"name":"Portada","item":"https:\/\/torrespardo.com\/en\/"},{"@type":"ListItem","position":2,"name":"Eventos","item":"https:\/\/torrespardo.com\/events\/"},{"@type":"ListItem","position":3,"name":"54 Curso de enfermedades de los pies “A. VILADOT”"}]},{"@type":"WebSite","@id":"https:\/\/torrespardo.com\/#website","url":"https:\/\/torrespardo.com\/","name":"Torres Pardo","description":"Congress Management","potentialAction":[{"@type":"SearchAction","target":{"@type":"EntryPoint","urlTemplate":"https:\/\/torrespardo.com\/?s={search_term_string}"},"query-input":{"@type":"PropertyValueSpecification","valueRequired":true,"valueName":"search_term_string"}}],"inLanguage":"en-US"}]}</script>
<!-- / Yoast SEO plugin. -->

54 Curso de enfermedades de los pies “A. VILADOT” / 52 Jornadas de actualización Organización científica Dr. F. Álvarez Dr. A. Dalmau Dr. X. Martín Dr. E. Rabat Director emérito Dr. A. Viladot Voegeli Ver programa
