{"id":5703,"date":"2025-06-19T13:22:10","date_gmt":"2025-06-19T11:22:10","guid":{"rendered":"https:\/\/torrespardo.com\/?post_type=mec-events&#038;p=5703"},"modified":"2026-03-12T12:32:09","modified_gmt":"2026-03-12T11:32:09","slug":"26-congreso-secca-983","status":"publish","type":"mec-events","link":"https:\/\/torrespardo.com\/en\/events\/26-congreso-secca-983\/","title":{"rendered":"27 CONGRESO SECCA &#8211; 1 Curso de Enfermer\u00eda de Cirug\u00eda de Cadera"},"content":{"rendered":"<p class=\"p1\"><span class=\"s1\"><b>Presidentes del Congreso<br \/>\n<\/b><\/span>Fernando Marqu\u00e9s<br \/>\nJenaro Fern\u00e1ndez-Valencia<\/p>\n<p class=\"p1\"><span class=\"s1\"><b>Sitio web<br \/>\n<\/b><b><\/b><\/span><a href=\"http:\/\/www.secca.es\" target=\"_blank\" rel=\"noopener\"><span class=\"s2\">www.secca.es<\/span><\/a><\/p>\n<p><strong>Sitio web del Congreso: <\/strong><a href=\"http:\/\/www.congresos-secca.com\">www.congresos-secca.com<\/a><\/p>\n<p>&nbsp;<\/p>\n","protected":false},"excerpt":{"rendered":"<p>Presidentes del Congreso Fernando Marqu\u00e9s Jenaro Fern\u00e1ndez-Valencia Sitio web www.secca.es Sitio web del Congreso: www.congresos-secca.com &nbsp;<\/p>\n","protected":false},"author":1,"featured_media":0,"comment_status":"open","ping_status":"closed","template":"","tags":[],"mec_category":[],"class_list":["post-5703","mec-events","type-mec-events","status-publish","hentry"],"yoast_head":"<!-- This site is optimized with the Yoast SEO plugin v27.5 - https:\/\/yoast.com\/product\/yoast-seo-wordpress\/ -->\n<title>27 CONGRESO SECCA - 1 Curso de Enfermer\u00eda de Cirug\u00eda de Cadera - Torres Pardo<\/title>\n<meta name=\"robots\" content=\"index, follow, max-snippet:-1, max-image-preview:large, max-video-preview:-1\" \/>\n<link rel=\"canonical\" href=\"https:\/\/torrespardo.com\/en\/events\/26-congreso-secca-983\/\" \/>\n<meta property=\"og:locale\" content=\"en_US\" \/>\n<meta property=\"og:type\" content=\"article\" \/>\n<meta property=\"og:title\" content=\"27 CONGRESO SECCA - 1 Curso de Enfermer\u00eda de Cirug\u00eda de Cadera - Torres Pardo\" \/>\n<meta property=\"og:description\" content=\"Presidentes del Congreso Fernando Marqu\u00e9s Jenaro Fern\u00e1ndez-Valencia Sitio web www.secca.es Sitio web del Congreso: www.congresos-secca.com &nbsp;\" \/>\n<meta property=\"og:url\" content=\"https:\/\/torrespardo.com\/en\/events\/26-congreso-secca-983\/\" \/>\n<meta property=\"og:site_name\" content=\"Torres Pardo\" \/>\n<meta property=\"article:modified_time\" content=\"2026-03-12T11:32:09+00:00\" \/>\n<meta name=\"twitter:card\" content=\"summary_large_image\" \/>\n<meta name=\"twitter:label1\" content=\"Est. reading time\" \/>\n\t<meta name=\"twitter:data1\" content=\"1 minute\" \/>\n<script type=\"application\/ld+json\" class=\"yoast-schema-graph\">{\"@context\":\"https:\\\/\\\/schema.org\",\"@graph\":[{\"@type\":\"WebPage\",\"@id\":\"https:\\\/\\\/torrespardo.com\\\/en\\\/events\\\/26-congreso-secca-983\\\/\",\"url\":\"https:\\\/\\\/torrespardo.com\\\/en\\\/events\\\/26-congreso-secca-983\\\/\",\"name\":\"27 CONGRESO SECCA - 1 Curso de Enfermer\u00eda de Cirug\u00eda de Cadera - Torres Pardo\",\"isPartOf\":{\"@id\":\"https:\\\/\\\/torrespardo.com\\\/#website\"},\"datePublished\":\"2025-06-19T11:22:10+00:00\",\"dateModified\":\"2026-03-12T11:32:09+00:00\",\"breadcrumb\":{\"@id\":\"https:\\\/\\\/torrespardo.com\\\/en\\\/events\\\/26-congreso-secca-983\\\/#breadcrumb\"},\"inLanguage\":\"en-US\",\"potentialAction\":[{\"@type\":\"ReadAction\",\"target\":[\"https:\\\/\\\/torrespardo.com\\\/en\\\/events\\\/26-congreso-secca-983\\\/\"]}]},{\"@type\":\"BreadcrumbList\",\"@id\":\"https:\\\/\\\/torrespardo.com\\\/en\\\/events\\\/26-congreso-secca-983\\\/#breadcrumb\",\"itemListElement\":[{\"@type\":\"ListItem\",\"position\":1,\"name\":\"Portada\",\"item\":\"https:\\\/\\\/torrespardo.com\\\/en\\\/\"},{\"@type\":\"ListItem\",\"position\":2,\"name\":\"Eventos\",\"item\":\"https:\\\/\\\/torrespardo.com\\\/events\\\/\"},{\"@type\":\"ListItem\",\"position\":3,\"name\":\"27 CONGRESO SECCA &#8211; 1 Curso de Enfermer\u00eda de Cirug\u00eda de Cadera\"}]},{\"@type\":\"WebSite\",\"@id\":\"https:\\\/\\\/torrespardo.com\\\/#website\",\"url\":\"https:\\\/\\\/torrespardo.com\\\/\",\"name\":\"Torres Pardo\",\"description\":\"Congress Management\",\"potentialAction\":[{\"@type\":\"SearchAction\",\"target\":{\"@type\":\"EntryPoint\",\"urlTemplate\":\"https:\\\/\\\/torrespardo.com\\\/?s={search_term_string}\"},\"query-input\":{\"@type\":\"PropertyValueSpecification\",\"valueRequired\":true,\"valueName\":\"search_term_string\"}}],\"inLanguage\":\"en-US\"}]}<\/script>\n<!-- \/ Yoast SEO plugin. -->","yoast_head_json":{"title":"27 CONGRESO SECCA - 1 Curso de Enfermer\u00eda de Cirug\u00eda de Cadera - Torres Pardo","robots":{"index":"index","follow":"follow","max-snippet":"max-snippet:-1","max-image-preview":"max-image-preview:large","max-video-preview":"max-video-preview:-1"},"canonical":"https:\/\/torrespardo.com\/en\/events\/26-congreso-secca-983\/","og_locale":"en_US","og_type":"article","og_title":"27 CONGRESO SECCA - 1 Curso de Enfermer\u00eda de Cirug\u00eda de Cadera - Torres Pardo","og_description":"Presidentes del Congreso Fernando Marqu\u00e9s Jenaro Fern\u00e1ndez-Valencia Sitio web www.secca.es Sitio web del Congreso: www.congresos-secca.com &nbsp;","og_url":"https:\/\/torrespardo.com\/en\/events\/26-congreso-secca-983\/","og_site_name":"Torres Pardo","article_modified_time":"2026-03-12T11:32:09+00:00","twitter_card":"summary_large_image","twitter_misc":{"Est. reading time":"1 minute"},"schema":{"@context":"https:\/\/schema.org","@graph":[{"@type":"WebPage","@id":"https:\/\/torrespardo.com\/en\/events\/26-congreso-secca-983\/","url":"https:\/\/torrespardo.com\/en\/events\/26-congreso-secca-983\/","name":"27 CONGRESO SECCA - 1 Curso de Enfermer\u00eda de Cirug\u00eda de Cadera - Torres Pardo","isPartOf":{"@id":"https:\/\/torrespardo.com\/#website"},"datePublished":"2025-06-19T11:22:10+00:00","dateModified":"2026-03-12T11:32:09+00:00","breadcrumb":{"@id":"https:\/\/torrespardo.com\/en\/events\/26-congreso-secca-983\/#breadcrumb"},"inLanguage":"en-US","potentialAction":[{"@type":"ReadAction","target":["https:\/\/torrespardo.com\/en\/events\/26-congreso-secca-983\/"]}]},{"@type":"BreadcrumbList","@id":"https:\/\/torrespardo.com\/en\/events\/26-congreso-secca-983\/#breadcrumb","itemListElement":[{"@type":"ListItem","position":1,"name":"Portada","item":"https:\/\/torrespardo.com\/en\/"},{"@type":"ListItem","position":2,"name":"Eventos","item":"https:\/\/torrespardo.com\/events\/"},{"@type":"ListItem","position":3,"name":"27 CONGRESO SECCA &#8211; 1 Curso de Enfermer\u00eda de Cirug\u00eda de Cadera"}]},{"@type":"WebSite","@id":"https:\/\/torrespardo.com\/#website","url":"https:\/\/torrespardo.com\/","name":"Torres Pardo","description":"Congress Management","potentialAction":[{"@type":"SearchAction","target":{"@type":"EntryPoint","urlTemplate":"https:\/\/torrespardo.com\/?s={search_term_string}"},"query-input":{"@type":"PropertyValueSpecification","valueRequired":true,"valueName":"search_term_string"}}],"inLanguage":"en-US"}]}},"_links":{"self":[{"href":"https:\/\/torrespardo.com\/en\/wp-json\/wp\/v2\/mec-events\/5703","targetHints":{"allow":["GET"]}}],"collection":[{"href":"https:\/\/torrespardo.com\/en\/wp-json\/wp\/v2\/mec-events"}],"about":[{"href":"https:\/\/torrespardo.com\/en\/wp-json\/wp\/v2\/types\/mec-events"}],"author":[{"embeddable":true,"href":"https:\/\/torrespardo.com\/en\/wp-json\/wp\/v2\/users\/1"}],"replies":[{"embeddable":true,"href":"https:\/\/torrespardo.com\/en\/wp-json\/wp\/v2\/comments?post=5703"}],"wp:attachment":[{"href":"https:\/\/torrespardo.com\/en\/wp-json\/wp\/v2\/media?parent=5703"}],"wp:term":[{"taxonomy":"post_tag","embeddable":true,"href":"https:\/\/torrespardo.com\/en\/wp-json\/wp\/v2\/tags?post=5703"},{"taxonomy":"mec_category","embeddable":true,"href":"https:\/\/torrespardo.com\/en\/wp-json\/wp\/v2\/mec_category?post=5703"}],"curies":[{"name":"wp","href":"https:\/\/api.w.org\/{rel}","templated":true}]}}

27 CONGRESO SECCA &#8211; 1 Curso de Enfermería de Cirugía de Cadera

<p class="p1"><span class="s1"><b>Presidentes del Congreso<br />
</b></span>Fernando Marqués<br />
Jenaro Fernández-Valencia</p>
<p class="p1"><span class="s1"><b>Sitio web<br />
</b><b></b></span><a href="http://www.secca.es" target="_blank" rel="noopener"><span class="s2">www.secca.es</span></a></p>
<p><strong>Sitio web del Congreso: </strong><a href="http://www.congresos-secca.com">www.congresos-secca.com</a></p>
<p>&nbsp;</p>

<p>Presidentes del Congreso Fernando Marqués Jenaro Fernández-Valencia Sitio web www.secca.es Sitio web del Congreso: www.congresos-secca.com &nbsp;</p>

<!-- This site is optimized with the Yoast SEO plugin v27.5 - https://yoast.com/product/yoast-seo-wordpress/ -->
<title>27 CONGRESO SECCA - 1 Curso de Enfermería de Cirugía de Cadera - Torres Pardo</title>
<meta name="robots" content="index, follow, max-snippet:-1, max-image-preview:large, max-video-preview:-1" />
<link rel="canonical" href="https://torrespardo.com/en/events/26-congreso-secca-983/" />
<meta property="og:locale" content="en_US" />
<meta property="og:type" content="article" />
<meta property="og:title" content="27 CONGRESO SECCA - 1 Curso de Enfermería de Cirugía de Cadera - Torres Pardo" />
<meta property="og:description" content="Presidentes del Congreso Fernando Marqués Jenaro Fernández-Valencia Sitio web www.secca.es Sitio web del Congreso: www.congresos-secca.com &nbsp;" />
<meta property="og:url" content="https://torrespardo.com/en/events/26-congreso-secca-983/" />
<meta property="og:site_name" content="Torres Pardo" />
<meta property="article:modified_time" content="2026-03-12T11:32:09+00:00" />
<meta name="twitter:card" content="summary_large_image" />
<meta name="twitter:label1" content="Est. reading time" />
	<meta name="twitter:data1" content="1 minute" />
<script type="application/ld+json" class="yoast-schema-graph">{"@context":"https:\/\/schema.org","@graph":[{"@type":"WebPage","@id":"https:\/\/torrespardo.com\/en\/events\/26-congreso-secca-983\/","url":"https:\/\/torrespardo.com\/en\/events\/26-congreso-secca-983\/","name":"27 CONGRESO SECCA - 1 Curso de Enfermería de Cirugía de Cadera - Torres Pardo","isPartOf":{"@id":"https:\/\/torrespardo.com\/#website"},"datePublished":"2025-06-19T11:22:10+00:00","dateModified":"2026-03-12T11:32:09+00:00","breadcrumb":{"@id":"https:\/\/torrespardo.com\/en\/events\/26-congreso-secca-983\/#breadcrumb"},"inLanguage":"en-US","potentialAction":[{"@type":"ReadAction","target":["https:\/\/torrespardo.com\/en\/events\/26-congreso-secca-983\/"]}]},{"@type":"BreadcrumbList","@id":"https:\/\/torrespardo.com\/en\/events\/26-congreso-secca-983\/#breadcrumb","itemListElement":[{"@type":"ListItem","position":1,"name":"Portada","item":"https:\/\/torrespardo.com\/en\/"},{"@type":"ListItem","position":2,"name":"Eventos","item":"https:\/\/torrespardo.com\/events\/"},{"@type":"ListItem","position":3,"name":"27 CONGRESO SECCA &#8211; 1 Curso de Enfermería de Cirugía de Cadera"}]},{"@type":"WebSite","@id":"https:\/\/torrespardo.com\/#website","url":"https:\/\/torrespardo.com\/","name":"Torres Pardo","description":"Congress Management","potentialAction":[{"@type":"SearchAction","target":{"@type":"EntryPoint","urlTemplate":"https:\/\/torrespardo.com\/?s={search_term_string}"},"query-input":{"@type":"PropertyValueSpecification","valueRequired":true,"valueName":"search_term_string"}}],"inLanguage":"en-US"}]}</script>
<!-- / Yoast SEO plugin. -->

27 CONGRESO SECCA - 1 Curso de Enfermería de Cirugía de Cadera - Torres Pardo

Presidentes del Congreso Fernando Marqués Jenaro Fernández-Valencia Sitio web www.secca.es Sitio web del Congreso: www.congresos-secca.com &nbsp;
