{"id":6187,"date":"2025-12-29T12:38:42","date_gmt":"2025-12-29T11:38:42","guid":{"rendered":"https:\/\/torrespardo.com\/events\/lxvii-jornada-de-serveis-de-cirurgia-ortopedica-i-traumatologia-hospitals-comarcals-de-catalunya\/"},"modified":"2025-12-29T12:38:42","modified_gmt":"2025-12-29T11:38:42","slug":"lxvii-jornada-de-serveis-de-cirurgia-ortopedica-i-traumatologia-hospitals-comarcals-de-catalunya","status":"publish","type":"mec-events","link":"https:\/\/torrespardo.com\/en\/events\/lxvii-jornada-de-serveis-de-cirurgia-ortopedica-i-traumatologia-hospitals-comarcals-de-catalunya\/","title":{"rendered":"LXVII JORNADA DE SERVEIS DE CIRURGIA ORTOP\u00c8DICA I TRAUMATOLOGIA | HOSPITALS COMARCALS DE CATALUNYA"},"content":{"rendered":"<p>Tota la informaci\u00f3 disponible en breu&#8230;<\/p>\n<p><strong>Secretaria t\u00e8cnica<\/strong><br \/>\n<span class=\"s1\">Carrer N\u00e0pols 187 &#8211; 2on \u2022 Barcelona<br \/>\n<\/span><span class=\"s1\">Tel. 93 246 35 66<br \/>\n<\/span><span class=\"s1\">e.torres@torrespardo.com<\/span><\/p>\n<p>&nbsp;<\/p>\n","protected":false},"excerpt":{"rendered":"<p>Tota la informaci\u00f3 disponible en breu&#8230; Secretaria t\u00e8cnica Carrer N\u00e0pols 187 &#8211; 2on \u2022 Barcelona Tel. 93 246 35 66 e.torres@torrespardo.com &nbsp;<\/p>\n","protected":false},"author":1,"featured_media":0,"comment_status":"closed","ping_status":"closed","template":"","tags":[],"mec_category":[],"class_list":["post-6187","mec-events","type-mec-events","status-publish","hentry"],"yoast_head":"<!-- This site is optimized with the Yoast SEO plugin v27.5 - https:\/\/yoast.com\/product\/yoast-seo-wordpress\/ -->\n<title>LXVII JORNADA DE SERVEIS DE CIRURGIA ORTOP\u00c8DICA I TRAUMATOLOGIA | HOSPITALS COMARCALS DE CATALUNYA - Torres Pardo<\/title>\n<meta name=\"robots\" content=\"index, follow, max-snippet:-1, max-image-preview:large, max-video-preview:-1\" \/>\n<link rel=\"canonical\" href=\"https:\/\/torrespardo.com\/events\/lxvii-jornada-de-serveis-de-cirurgia-ortopedica-i-traumatologia-hospitals-comarcals-de-catalunya\/\" \/>\n<meta property=\"og:locale\" content=\"en_US\" \/>\n<meta property=\"og:type\" content=\"article\" \/>\n<meta property=\"og:title\" content=\"LXVII JORNADA DE SERVEIS DE CIRURGIA ORTOP\u00c8DICA I TRAUMATOLOGIA | HOSPITALS COMARCALS DE CATALUNYA - Torres Pardo\" \/>\n<meta property=\"og:description\" content=\"Tota la informaci\u00f3 disponible en breu&#8230; Secretaria t\u00e8cnica Carrer N\u00e0pols 187 &#8211; 2on \u2022 Barcelona Tel. 93 246 35 66 e.torres@torrespardo.com &nbsp;\" \/>\n<meta property=\"og:url\" content=\"https:\/\/torrespardo.com\/events\/lxvii-jornada-de-serveis-de-cirurgia-ortopedica-i-traumatologia-hospitals-comarcals-de-catalunya\/\" \/>\n<meta property=\"og:site_name\" content=\"Torres Pardo\" \/>\n<meta name=\"twitter:card\" content=\"summary_large_image\" \/>\n<script type=\"application\/ld+json\" class=\"yoast-schema-graph\">{\"@context\":\"https:\\\/\\\/schema.org\",\"@graph\":[{\"@type\":\"WebPage\",\"@id\":\"https:\\\/\\\/torrespardo.com\\\/events\\\/lxvii-jornada-de-serveis-de-cirurgia-ortopedica-i-traumatologia-hospitals-comarcals-de-catalunya\\\/\",\"url\":\"https:\\\/\\\/torrespardo.com\\\/events\\\/lxvii-jornada-de-serveis-de-cirurgia-ortopedica-i-traumatologia-hospitals-comarcals-de-catalunya\\\/\",\"name\":\"LXVII JORNADA DE SERVEIS DE CIRURGIA ORTOP\u00c8DICA I TRAUMATOLOGIA | HOSPITALS COMARCALS DE CATALUNYA - Torres Pardo\",\"isPartOf\":{\"@id\":\"https:\\\/\\\/torrespardo.com\\\/#website\"},\"datePublished\":\"2025-12-29T11:38:42+00:00\",\"breadcrumb\":{\"@id\":\"https:\\\/\\\/torrespardo.com\\\/events\\\/lxvii-jornada-de-serveis-de-cirurgia-ortopedica-i-traumatologia-hospitals-comarcals-de-catalunya\\\/#breadcrumb\"},\"inLanguage\":\"en-US\",\"potentialAction\":[{\"@type\":\"ReadAction\",\"target\":[\"https:\\\/\\\/torrespardo.com\\\/events\\\/lxvii-jornada-de-serveis-de-cirurgia-ortopedica-i-traumatologia-hospitals-comarcals-de-catalunya\\\/\"]}]},{\"@type\":\"BreadcrumbList\",\"@id\":\"https:\\\/\\\/torrespardo.com\\\/events\\\/lxvii-jornada-de-serveis-de-cirurgia-ortopedica-i-traumatologia-hospitals-comarcals-de-catalunya\\\/#breadcrumb\",\"itemListElement\":[{\"@type\":\"ListItem\",\"position\":1,\"name\":\"Portada\",\"item\":\"https:\\\/\\\/torrespardo.com\\\/en\\\/\"},{\"@type\":\"ListItem\",\"position\":2,\"name\":\"Eventos\",\"item\":\"https:\\\/\\\/torrespardo.com\\\/events\\\/\"},{\"@type\":\"ListItem\",\"position\":3,\"name\":\"LXVII JORNADA DE SERVEIS DE CIRURGIA ORTOP\u00c8DICA I TRAUMATOLOGIA | HOSPITALS COMARCALS DE CATALUNYA\"}]},{\"@type\":\"WebSite\",\"@id\":\"https:\\\/\\\/torrespardo.com\\\/#website\",\"url\":\"https:\\\/\\\/torrespardo.com\\\/\",\"name\":\"Torres Pardo\",\"description\":\"Congress Management\",\"potentialAction\":[{\"@type\":\"SearchAction\",\"target\":{\"@type\":\"EntryPoint\",\"urlTemplate\":\"https:\\\/\\\/torrespardo.com\\\/?s={search_term_string}\"},\"query-input\":{\"@type\":\"PropertyValueSpecification\",\"valueRequired\":true,\"valueName\":\"search_term_string\"}}],\"inLanguage\":\"en-US\"}]}<\/script>\n<!-- \/ Yoast SEO plugin. -->","yoast_head_json":{"title":"LXVII JORNADA DE SERVEIS DE CIRURGIA ORTOP\u00c8DICA I TRAUMATOLOGIA | HOSPITALS COMARCALS DE CATALUNYA - Torres Pardo","robots":{"index":"index","follow":"follow","max-snippet":"max-snippet:-1","max-image-preview":"max-image-preview:large","max-video-preview":"max-video-preview:-1"},"canonical":"https:\/\/torrespardo.com\/events\/lxvii-jornada-de-serveis-de-cirurgia-ortopedica-i-traumatologia-hospitals-comarcals-de-catalunya\/","og_locale":"en_US","og_type":"article","og_title":"LXVII JORNADA DE SERVEIS DE CIRURGIA ORTOP\u00c8DICA I TRAUMATOLOGIA | HOSPITALS COMARCALS DE CATALUNYA - Torres Pardo","og_description":"Tota la informaci\u00f3 disponible en breu&#8230; Secretaria t\u00e8cnica Carrer N\u00e0pols 187 &#8211; 2on \u2022 Barcelona Tel. 93 246 35 66 e.torres@torrespardo.com &nbsp;","og_url":"https:\/\/torrespardo.com\/events\/lxvii-jornada-de-serveis-de-cirurgia-ortopedica-i-traumatologia-hospitals-comarcals-de-catalunya\/","og_site_name":"Torres Pardo","twitter_card":"summary_large_image","schema":{"@context":"https:\/\/schema.org","@graph":[{"@type":"WebPage","@id":"https:\/\/torrespardo.com\/events\/lxvii-jornada-de-serveis-de-cirurgia-ortopedica-i-traumatologia-hospitals-comarcals-de-catalunya\/","url":"https:\/\/torrespardo.com\/events\/lxvii-jornada-de-serveis-de-cirurgia-ortopedica-i-traumatologia-hospitals-comarcals-de-catalunya\/","name":"LXVII JORNADA DE SERVEIS DE CIRURGIA ORTOP\u00c8DICA I TRAUMATOLOGIA | HOSPITALS COMARCALS DE CATALUNYA - Torres Pardo","isPartOf":{"@id":"https:\/\/torrespardo.com\/#website"},"datePublished":"2025-12-29T11:38:42+00:00","breadcrumb":{"@id":"https:\/\/torrespardo.com\/events\/lxvii-jornada-de-serveis-de-cirurgia-ortopedica-i-traumatologia-hospitals-comarcals-de-catalunya\/#breadcrumb"},"inLanguage":"en-US","potentialAction":[{"@type":"ReadAction","target":["https:\/\/torrespardo.com\/events\/lxvii-jornada-de-serveis-de-cirurgia-ortopedica-i-traumatologia-hospitals-comarcals-de-catalunya\/"]}]},{"@type":"BreadcrumbList","@id":"https:\/\/torrespardo.com\/events\/lxvii-jornada-de-serveis-de-cirurgia-ortopedica-i-traumatologia-hospitals-comarcals-de-catalunya\/#breadcrumb","itemListElement":[{"@type":"ListItem","position":1,"name":"Portada","item":"https:\/\/torrespardo.com\/en\/"},{"@type":"ListItem","position":2,"name":"Eventos","item":"https:\/\/torrespardo.com\/events\/"},{"@type":"ListItem","position":3,"name":"LXVII JORNADA DE SERVEIS DE CIRURGIA ORTOP\u00c8DICA I TRAUMATOLOGIA | HOSPITALS COMARCALS DE CATALUNYA"}]},{"@type":"WebSite","@id":"https:\/\/torrespardo.com\/#website","url":"https:\/\/torrespardo.com\/","name":"Torres Pardo","description":"Congress Management","potentialAction":[{"@type":"SearchAction","target":{"@type":"EntryPoint","urlTemplate":"https:\/\/torrespardo.com\/?s={search_term_string}"},"query-input":{"@type":"PropertyValueSpecification","valueRequired":true,"valueName":"search_term_string"}}],"inLanguage":"en-US"}]}},"_links":{"self":[{"href":"https:\/\/torrespardo.com\/en\/wp-json\/wp\/v2\/mec-events\/6187","targetHints":{"allow":["GET"]}}],"collection":[{"href":"https:\/\/torrespardo.com\/en\/wp-json\/wp\/v2\/mec-events"}],"about":[{"href":"https:\/\/torrespardo.com\/en\/wp-json\/wp\/v2\/types\/mec-events"}],"author":[{"embeddable":true,"href":"https:\/\/torrespardo.com\/en\/wp-json\/wp\/v2\/users\/1"}],"replies":[{"embeddable":true,"href":"https:\/\/torrespardo.com\/en\/wp-json\/wp\/v2\/comments?post=6187"}],"wp:attachment":[{"href":"https:\/\/torrespardo.com\/en\/wp-json\/wp\/v2\/media?parent=6187"}],"wp:term":[{"taxonomy":"post_tag","embeddable":true,"href":"https:\/\/torrespardo.com\/en\/wp-json\/wp\/v2\/tags?post=6187"},{"taxonomy":"mec_category","embeddable":true,"href":"https:\/\/torrespardo.com\/en\/wp-json\/wp\/v2\/mec_category?post=6187"}],"curies":[{"name":"wp","href":"https:\/\/api.w.org\/{rel}","templated":true}]}}

LXVII JORNADA DE SERVEIS DE CIRURGIA ORTOPÈDICA I TRAUMATOLOGIA | HOSPITALS COMARCALS DE CATALUNYA

<p>Tota la informació disponible en breu&#8230;</p>
<p><strong>Secretaria tècnica</strong><br />
<span class="s1">Carrer Nàpols 187 &#8211; 2on • Barcelona<br />
</span><span class="s1">Tel. 93 246 35 66<br />
</span><span class="s1">e.torres@torrespardo.com</span></p>
<p>&nbsp;</p>

<p>Tota la informació disponible en breu&#8230; Secretaria tècnica Carrer Nàpols 187 &#8211; 2on • Barcelona Tel. 93 246 35 66 e.torres@torrespardo.com &nbsp;</p>

<!-- This site is optimized with the Yoast SEO plugin v27.5 - https://yoast.com/product/yoast-seo-wordpress/ -->
<title>LXVII JORNADA DE SERVEIS DE CIRURGIA ORTOPÈDICA I TRAUMATOLOGIA | HOSPITALS COMARCALS DE CATALUNYA - Torres Pardo</title>
<meta name="robots" content="index, follow, max-snippet:-1, max-image-preview:large, max-video-preview:-1" />
<link rel="canonical" href="https://torrespardo.com/events/lxvii-jornada-de-serveis-de-cirurgia-ortopedica-i-traumatologia-hospitals-comarcals-de-catalunya/" />
<meta property="og:locale" content="en_US" />
<meta property="og:type" content="article" />
<meta property="og:title" content="LXVII JORNADA DE SERVEIS DE CIRURGIA ORTOPÈDICA I TRAUMATOLOGIA | HOSPITALS COMARCALS DE CATALUNYA - Torres Pardo" />
<meta property="og:description" content="Tota la informació disponible en breu&#8230; Secretaria tècnica Carrer Nàpols 187 &#8211; 2on • Barcelona Tel. 93 246 35 66 e.torres@torrespardo.com &nbsp;" />
<meta property="og:url" content="https://torrespardo.com/events/lxvii-jornada-de-serveis-de-cirurgia-ortopedica-i-traumatologia-hospitals-comarcals-de-catalunya/" />
<meta property="og:site_name" content="Torres Pardo" />
<meta name="twitter:card" content="summary_large_image" />
<script type="application/ld+json" class="yoast-schema-graph">{"@context":"https:\/\/schema.org","@graph":[{"@type":"WebPage","@id":"https:\/\/torrespardo.com\/events\/lxvii-jornada-de-serveis-de-cirurgia-ortopedica-i-traumatologia-hospitals-comarcals-de-catalunya\/","url":"https:\/\/torrespardo.com\/events\/lxvii-jornada-de-serveis-de-cirurgia-ortopedica-i-traumatologia-hospitals-comarcals-de-catalunya\/","name":"LXVII JORNADA DE SERVEIS DE CIRURGIA ORTOPÈDICA I TRAUMATOLOGIA | HOSPITALS COMARCALS DE CATALUNYA - Torres Pardo","isPartOf":{"@id":"https:\/\/torrespardo.com\/#website"},"datePublished":"2025-12-29T11:38:42+00:00","breadcrumb":{"@id":"https:\/\/torrespardo.com\/events\/lxvii-jornada-de-serveis-de-cirurgia-ortopedica-i-traumatologia-hospitals-comarcals-de-catalunya\/#breadcrumb"},"inLanguage":"en-US","potentialAction":[{"@type":"ReadAction","target":["https:\/\/torrespardo.com\/events\/lxvii-jornada-de-serveis-de-cirurgia-ortopedica-i-traumatologia-hospitals-comarcals-de-catalunya\/"]}]},{"@type":"BreadcrumbList","@id":"https:\/\/torrespardo.com\/events\/lxvii-jornada-de-serveis-de-cirurgia-ortopedica-i-traumatologia-hospitals-comarcals-de-catalunya\/#breadcrumb","itemListElement":[{"@type":"ListItem","position":1,"name":"Portada","item":"https:\/\/torrespardo.com\/en\/"},{"@type":"ListItem","position":2,"name":"Eventos","item":"https:\/\/torrespardo.com\/events\/"},{"@type":"ListItem","position":3,"name":"LXVII JORNADA DE SERVEIS DE CIRURGIA ORTOPÈDICA I TRAUMATOLOGIA | HOSPITALS COMARCALS DE CATALUNYA"}]},{"@type":"WebSite","@id":"https:\/\/torrespardo.com\/#website","url":"https:\/\/torrespardo.com\/","name":"Torres Pardo","description":"Congress Management","potentialAction":[{"@type":"SearchAction","target":{"@type":"EntryPoint","urlTemplate":"https:\/\/torrespardo.com\/?s={search_term_string}"},"query-input":{"@type":"PropertyValueSpecification","valueRequired":true,"valueName":"search_term_string"}}],"inLanguage":"en-US"}]}</script>
<!-- / Yoast SEO plugin. -->

LXVII JORNADA DE SERVEIS DE CIRURGIA ORTOPÈDICA I TRAUMATOLOGIA | HOSPITALS COMARCALS DE CATALUNYA - Torres Pardo

Tota la informació disponible en breu&#8230; Secretaria tècnica Carrer Nàpols 187 &#8211; 2on • Barcelona Tel. 93 246 35 66 e.torres@torrespardo.com &nbsp;
