{"id":6199,"date":"2025-09-19T12:56:33","date_gmt":"2025-09-19T10:56:33","guid":{"rendered":"https:\/\/torrespardo.com\/events\/38e-congres-sccot-9e-congres-siccot\/"},"modified":"2025-09-19T12:56:33","modified_gmt":"2025-09-19T10:56:33","slug":"38e-congres-sccot-9e-congres-siccot","status":"publish","type":"mec-events","link":"https:\/\/torrespardo.com\/en\/events\/38e-congres-sccot-9e-congres-siccot\/","title":{"rendered":"38\u00e8 Congr\u00e9s SCCOT | 9\u00e8 Congr\u00e9s SICCOT"},"content":{"rendered":"<p><strong>Presidents del Comit\u00e8 Organitzador<br \/>\n<\/strong>Jordi Colomina Morales, Jaime Mar\u00edn Nasarre<\/p>\n<p class=\"has-neve-link-color-color has-text-color\"><strong>Dates<\/strong><br \/>\n14 i 15 de maig de 2026<\/p>\n<p class=\"has-neve-link-color-color has-text-color\"><strong>Seu<\/strong><br \/>\n<strong>La Llotja<br \/>\n<\/strong>Avinguda de Tortosa, 6, 25005 Lleida<a href=\"https:\/\/www.lallotjadelleida.com\/\"> (Lloc web)<\/a><\/p>\n<p><a href=\"https:\/\/congres-sccot.com\/\">Accedeixi al Lloc web del Congr\u00e9s<\/a><\/p>\n<p>&nbsp;<\/p>\n","protected":false},"excerpt":{"rendered":"<p>Presidents del Comit\u00e8 Organitzador Jordi Colomina Morales, Jaime Mar\u00edn Nasarre Dates 14 i 15 de maig de 2026 Seu La Llotja Avinguda de Tortosa, 6, 25005 Lleida (Lloc web) Accedeixi al Lloc web del Congr\u00e9s &nbsp;<\/p>\n","protected":false},"author":1,"featured_media":0,"comment_status":"closed","ping_status":"closed","template":"","tags":[],"mec_category":[],"class_list":["post-6199","mec-events","type-mec-events","status-publish","hentry"],"yoast_head":"<!-- This site is optimized with the Yoast SEO plugin v27.5 - https:\/\/yoast.com\/product\/yoast-seo-wordpress\/ -->\n<title>38\u00e8 Congr\u00e9s SCCOT | 9\u00e8 Congr\u00e9s SICCOT - Torres Pardo<\/title>\n<meta name=\"robots\" content=\"index, follow, max-snippet:-1, max-image-preview:large, max-video-preview:-1\" \/>\n<link rel=\"canonical\" href=\"https:\/\/torrespardo.com\/events\/38e-congres-sccot-9e-congres-siccot\/\" \/>\n<meta property=\"og:locale\" content=\"en_US\" \/>\n<meta property=\"og:type\" content=\"article\" \/>\n<meta property=\"og:title\" content=\"38\u00e8 Congr\u00e9s SCCOT | 9\u00e8 Congr\u00e9s SICCOT - Torres Pardo\" \/>\n<meta property=\"og:description\" content=\"Presidents del Comit\u00e8 Organitzador Jordi Colomina Morales, Jaime Mar\u00edn Nasarre Dates 14 i 15 de maig de 2026 Seu La Llotja Avinguda de Tortosa, 6, 25005 Lleida (Lloc web) Accedeixi al Lloc web del Congr\u00e9s &nbsp;\" \/>\n<meta property=\"og:url\" content=\"https:\/\/torrespardo.com\/events\/38e-congres-sccot-9e-congres-siccot\/\" \/>\n<meta property=\"og:site_name\" content=\"Torres Pardo\" \/>\n<meta name=\"twitter:card\" content=\"summary_large_image\" \/>\n<script type=\"application\/ld+json\" class=\"yoast-schema-graph\">{\"@context\":\"https:\\\/\\\/schema.org\",\"@graph\":[{\"@type\":\"WebPage\",\"@id\":\"https:\\\/\\\/torrespardo.com\\\/events\\\/38e-congres-sccot-9e-congres-siccot\\\/\",\"url\":\"https:\\\/\\\/torrespardo.com\\\/events\\\/38e-congres-sccot-9e-congres-siccot\\\/\",\"name\":\"38\u00e8 Congr\u00e9s SCCOT | 9\u00e8 Congr\u00e9s SICCOT - Torres Pardo\",\"isPartOf\":{\"@id\":\"https:\\\/\\\/torrespardo.com\\\/#website\"},\"datePublished\":\"2025-09-19T10:56:33+00:00\",\"breadcrumb\":{\"@id\":\"https:\\\/\\\/torrespardo.com\\\/events\\\/38e-congres-sccot-9e-congres-siccot\\\/#breadcrumb\"},\"inLanguage\":\"en-US\",\"potentialAction\":[{\"@type\":\"ReadAction\",\"target\":[\"https:\\\/\\\/torrespardo.com\\\/events\\\/38e-congres-sccot-9e-congres-siccot\\\/\"]}]},{\"@type\":\"BreadcrumbList\",\"@id\":\"https:\\\/\\\/torrespardo.com\\\/events\\\/38e-congres-sccot-9e-congres-siccot\\\/#breadcrumb\",\"itemListElement\":[{\"@type\":\"ListItem\",\"position\":1,\"name\":\"Portada\",\"item\":\"https:\\\/\\\/torrespardo.com\\\/en\\\/\"},{\"@type\":\"ListItem\",\"position\":2,\"name\":\"Eventos\",\"item\":\"https:\\\/\\\/torrespardo.com\\\/events\\\/\"},{\"@type\":\"ListItem\",\"position\":3,\"name\":\"38\u00e8 Congr\u00e9s SCCOT | 9\u00e8 Congr\u00e9s SICCOT\"}]},{\"@type\":\"WebSite\",\"@id\":\"https:\\\/\\\/torrespardo.com\\\/#website\",\"url\":\"https:\\\/\\\/torrespardo.com\\\/\",\"name\":\"Torres Pardo\",\"description\":\"Congress Management\",\"potentialAction\":[{\"@type\":\"SearchAction\",\"target\":{\"@type\":\"EntryPoint\",\"urlTemplate\":\"https:\\\/\\\/torrespardo.com\\\/?s={search_term_string}\"},\"query-input\":{\"@type\":\"PropertyValueSpecification\",\"valueRequired\":true,\"valueName\":\"search_term_string\"}}],\"inLanguage\":\"en-US\"}]}<\/script>\n<!-- \/ Yoast SEO plugin. -->","yoast_head_json":{"title":"38\u00e8 Congr\u00e9s SCCOT | 9\u00e8 Congr\u00e9s SICCOT - Torres Pardo","robots":{"index":"index","follow":"follow","max-snippet":"max-snippet:-1","max-image-preview":"max-image-preview:large","max-video-preview":"max-video-preview:-1"},"canonical":"https:\/\/torrespardo.com\/events\/38e-congres-sccot-9e-congres-siccot\/","og_locale":"en_US","og_type":"article","og_title":"38\u00e8 Congr\u00e9s SCCOT | 9\u00e8 Congr\u00e9s SICCOT - Torres Pardo","og_description":"Presidents del Comit\u00e8 Organitzador Jordi Colomina Morales, Jaime Mar\u00edn Nasarre Dates 14 i 15 de maig de 2026 Seu La Llotja Avinguda de Tortosa, 6, 25005 Lleida (Lloc web) Accedeixi al Lloc web del Congr\u00e9s &nbsp;","og_url":"https:\/\/torrespardo.com\/events\/38e-congres-sccot-9e-congres-siccot\/","og_site_name":"Torres Pardo","twitter_card":"summary_large_image","schema":{"@context":"https:\/\/schema.org","@graph":[{"@type":"WebPage","@id":"https:\/\/torrespardo.com\/events\/38e-congres-sccot-9e-congres-siccot\/","url":"https:\/\/torrespardo.com\/events\/38e-congres-sccot-9e-congres-siccot\/","name":"38\u00e8 Congr\u00e9s SCCOT | 9\u00e8 Congr\u00e9s SICCOT - Torres Pardo","isPartOf":{"@id":"https:\/\/torrespardo.com\/#website"},"datePublished":"2025-09-19T10:56:33+00:00","breadcrumb":{"@id":"https:\/\/torrespardo.com\/events\/38e-congres-sccot-9e-congres-siccot\/#breadcrumb"},"inLanguage":"en-US","potentialAction":[{"@type":"ReadAction","target":["https:\/\/torrespardo.com\/events\/38e-congres-sccot-9e-congres-siccot\/"]}]},{"@type":"BreadcrumbList","@id":"https:\/\/torrespardo.com\/events\/38e-congres-sccot-9e-congres-siccot\/#breadcrumb","itemListElement":[{"@type":"ListItem","position":1,"name":"Portada","item":"https:\/\/torrespardo.com\/en\/"},{"@type":"ListItem","position":2,"name":"Eventos","item":"https:\/\/torrespardo.com\/events\/"},{"@type":"ListItem","position":3,"name":"38\u00e8 Congr\u00e9s SCCOT | 9\u00e8 Congr\u00e9s SICCOT"}]},{"@type":"WebSite","@id":"https:\/\/torrespardo.com\/#website","url":"https:\/\/torrespardo.com\/","name":"Torres Pardo","description":"Congress Management","potentialAction":[{"@type":"SearchAction","target":{"@type":"EntryPoint","urlTemplate":"https:\/\/torrespardo.com\/?s={search_term_string}"},"query-input":{"@type":"PropertyValueSpecification","valueRequired":true,"valueName":"search_term_string"}}],"inLanguage":"en-US"}]}},"_links":{"self":[{"href":"https:\/\/torrespardo.com\/en\/wp-json\/wp\/v2\/mec-events\/6199","targetHints":{"allow":["GET"]}}],"collection":[{"href":"https:\/\/torrespardo.com\/en\/wp-json\/wp\/v2\/mec-events"}],"about":[{"href":"https:\/\/torrespardo.com\/en\/wp-json\/wp\/v2\/types\/mec-events"}],"author":[{"embeddable":true,"href":"https:\/\/torrespardo.com\/en\/wp-json\/wp\/v2\/users\/1"}],"replies":[{"embeddable":true,"href":"https:\/\/torrespardo.com\/en\/wp-json\/wp\/v2\/comments?post=6199"}],"wp:attachment":[{"href":"https:\/\/torrespardo.com\/en\/wp-json\/wp\/v2\/media?parent=6199"}],"wp:term":[{"taxonomy":"post_tag","embeddable":true,"href":"https:\/\/torrespardo.com\/en\/wp-json\/wp\/v2\/tags?post=6199"},{"taxonomy":"mec_category","embeddable":true,"href":"https:\/\/torrespardo.com\/en\/wp-json\/wp\/v2\/mec_category?post=6199"}],"curies":[{"name":"wp","href":"https:\/\/api.w.org\/{rel}","templated":true}]}}

38è Congrés SCCOT | 9è Congrés SICCOT

<p><strong>Presidents del Comitè Organitzador<br />
</strong>Jordi Colomina Morales, Jaime Marín Nasarre</p>
<p class="has-neve-link-color-color has-text-color"><strong>Dates</strong><br />
14 i 15 de maig de 2026</p>
<p class="has-neve-link-color-color has-text-color"><strong>Seu</strong><br />
<strong>La Llotja<br />
</strong>Avinguda de Tortosa, 6, 25005 Lleida<a href="https://www.lallotjadelleida.com/"> (Lloc web)</a></p>
<p><a href="https://congres-sccot.com/">Accedeixi al Lloc web del Congrés</a></p>
<p>&nbsp;</p>

<p>Presidents del Comitè Organitzador Jordi Colomina Morales, Jaime Marín Nasarre Dates 14 i 15 de maig de 2026 Seu La Llotja Avinguda de Tortosa, 6, 25005 Lleida (Lloc web) Accedeixi al Lloc web del Congrés &nbsp;</p>

<!-- This site is optimized with the Yoast SEO plugin v27.5 - https://yoast.com/product/yoast-seo-wordpress/ -->
<title>38è Congrés SCCOT | 9è Congrés SICCOT - Torres Pardo</title>
<meta name="robots" content="index, follow, max-snippet:-1, max-image-preview:large, max-video-preview:-1" />
<link rel="canonical" href="https://torrespardo.com/events/38e-congres-sccot-9e-congres-siccot/" />
<meta property="og:locale" content="en_US" />
<meta property="og:type" content="article" />
<meta property="og:title" content="38è Congrés SCCOT | 9è Congrés SICCOT - Torres Pardo" />
<meta property="og:description" content="Presidents del Comitè Organitzador Jordi Colomina Morales, Jaime Marín Nasarre Dates 14 i 15 de maig de 2026 Seu La Llotja Avinguda de Tortosa, 6, 25005 Lleida (Lloc web) Accedeixi al Lloc web del Congrés &nbsp;" />
<meta property="og:url" content="https://torrespardo.com/events/38e-congres-sccot-9e-congres-siccot/" />
<meta property="og:site_name" content="Torres Pardo" />
<meta name="twitter:card" content="summary_large_image" />
<script type="application/ld+json" class="yoast-schema-graph">{"@context":"https:\/\/schema.org","@graph":[{"@type":"WebPage","@id":"https:\/\/torrespardo.com\/events\/38e-congres-sccot-9e-congres-siccot\/","url":"https:\/\/torrespardo.com\/events\/38e-congres-sccot-9e-congres-siccot\/","name":"38è Congrés SCCOT | 9è Congrés SICCOT - Torres Pardo","isPartOf":{"@id":"https:\/\/torrespardo.com\/#website"},"datePublished":"2025-09-19T10:56:33+00:00","breadcrumb":{"@id":"https:\/\/torrespardo.com\/events\/38e-congres-sccot-9e-congres-siccot\/#breadcrumb"},"inLanguage":"en-US","potentialAction":[{"@type":"ReadAction","target":["https:\/\/torrespardo.com\/events\/38e-congres-sccot-9e-congres-siccot\/"]}]},{"@type":"BreadcrumbList","@id":"https:\/\/torrespardo.com\/events\/38e-congres-sccot-9e-congres-siccot\/#breadcrumb","itemListElement":[{"@type":"ListItem","position":1,"name":"Portada","item":"https:\/\/torrespardo.com\/en\/"},{"@type":"ListItem","position":2,"name":"Eventos","item":"https:\/\/torrespardo.com\/events\/"},{"@type":"ListItem","position":3,"name":"38è Congrés SCCOT | 9è Congrés SICCOT"}]},{"@type":"WebSite","@id":"https:\/\/torrespardo.com\/#website","url":"https:\/\/torrespardo.com\/","name":"Torres Pardo","description":"Congress Management","potentialAction":[{"@type":"SearchAction","target":{"@type":"EntryPoint","urlTemplate":"https:\/\/torrespardo.com\/?s={search_term_string}"},"query-input":{"@type":"PropertyValueSpecification","valueRequired":true,"valueName":"search_term_string"}}],"inLanguage":"en-US"}]}</script>
<!-- / Yoast SEO plugin. -->

38è Congrés SCCOT | 9è Congrés SICCOT - Torres Pardo

Presidents del Comitè Organitzador Jordi Colomina Morales, Jaime Marín Nasarre Dates 14 i 15 de maig de 2026 Seu La Llotja Avinguda de Tortosa, 6, 25005 Lleida (Lloc web) Accedeixi al Lloc web del Congrés &nbsp;
